CRAN Package Check Results for Package clv

Last updated on 2020-06-01 21:50:30 CEST.

Flavor Version Tinstall Tcheck Ttotal Status Flags
r-devel-linux-x86_64-debian-clang 0.3-2.2 6.10 32.22 38.32 OK
r-devel-linux-x86_64-debian-gcc 0.3-2.2 4.99 24.80 29.79 OK
r-devel-linux-x86_64-fedora-clang 0.3-2.2 55.61 NOTE
r-devel-linux-x86_64-fedora-gcc 0.3-2.2 44.99 NOTE
r-devel-windows-ix86+x86_64 0.3-2.2 24.00 79.00 103.00 OK
r-patched-linux-x86_64 0.3-2.2 5.62 31.84 37.46 OK
r-patched-solaris-x86 0.3-2.2 67.80 OK
r-release-linux-x86_64 0.3-2.2 5.63 31.54 37.17 OK
r-release-osx-x86_64 0.3-2.2 OK
r-release-windows-ix86+x86_64 0.3-2.2 19.00 75.00 94.00 OK
r-oldrel-osx-x86_64 0.3-2.2 OK
r-oldrel-windows-ix86+x86_64 0.3-2.2 26.00 54.00 80.00 OK

Check Details

Version: 0.3-2.2
Check: compiled code
Result: NOTE
    File ‘clv/libs/clv.so’:
     Found no calls to: ‘R_registerRoutines’, ‘R_useDynamicSymbols’
    
    It is good practice to register native routines and to disable symbol
    search.
    
    See ‘Writing portable packages’ in the ‘Writing R Extensions’ manual.
Flavors: r-devel-linux-x86_64-fedora-clang, r-devel-linux-x86_64-fedora-gcc