CRAN Package Check Results for Package clv

Last updated on 2023-12-09 21:54:12 CET.

Flavor Version Tinstall Tcheck Ttotal Status Flags
r-devel-linux-x86_64-debian-clang 0.3-2.4 7.70 38.34 46.04 OK
r-devel-linux-x86_64-debian-gcc 0.3-2.4 5.91 29.20 35.11 OK
r-devel-linux-x86_64-fedora-clang 0.3-2.4 56.30 NOTE
r-devel-linux-x86_64-fedora-gcc 0.3-2.4 54.26 NOTE
r-devel-windows-x86_64 0.3-2.4 10.00 55.00 65.00 OK
r-patched-linux-x86_64 0.3-2.4 9.38 37.88 47.26 OK
r-release-linux-x86_64 0.3-2.4 8.03 37.94 45.97 OK
r-release-macos-arm64 0.3-2.4 26.00 OK
r-release-macos-x86_64 0.3-2.4 51.00 OK
r-release-windows-x86_64 0.3-2.4 14.00 58.00 72.00 OK
r-oldrel-macos-arm64 0.3-2.4 25.00 OK
r-oldrel-macos-x86_64 0.3-2.4 31.00 OK
r-oldrel-windows-x86_64 0.3-2.4 17.00 60.00 77.00 OK

Check Details

Version: 0.3-2.4
Check: compiled code
Result: NOTE File ‘clv/libs/clv.so’: Found no calls to: ‘R_registerRoutines’, ‘R_useDynamicSymbols’ It is good practice to register native routines and to disable symbol search. See ‘Writing portable packages’ in the ‘Writing R Extensions’ manual. Flavors: r-devel-linux-x86_64-fedora-clang, r-devel-linux-x86_64-fedora-gcc