CRAN Package Check Results for Package clv

Last updated on 2019-10-18 07:49:19 CEST.

Flavor Version Tinstall Tcheck Ttotal Status Flags
r-devel-linux-x86_64-debian-clang 0.3-2.1 6.19 29.14 35.33 WARN
r-devel-linux-x86_64-debian-gcc 0.3-2.1 4.60 23.33 27.93 WARN
r-devel-linux-x86_64-fedora-clang 0.3-2.1 43.79 WARN
r-devel-linux-x86_64-fedora-gcc 0.3-2.1 42.00 WARN
r-devel-windows-ix86+x86_64 0.3-2.1 28.00 51.00 79.00 WARN
r-patched-linux-x86_64 0.3-2.1 4.57 28.91 33.48 OK
r-patched-solaris-x86 0.3-2.1 64.10 OK
r-release-linux-x86_64 0.3-2.1 5.07 28.83 33.90 OK
r-release-windows-ix86+x86_64 0.3-2.1 17.00 86.00 103.00 OK
r-release-osx-x86_64 0.3-2.1 OK
r-oldrel-windows-ix86+x86_64 0.3-2.1 14.00 46.00 60.00 OK
r-oldrel-osx-x86_64 0.3-2.1 OK

Check Details

Version: 0.3-2.1
Check: whether package can be installed
Result: WARN
    Found the following significant warnings:
     VCLDefines.c:265:2: warning: expression result unused [-Wunused-value]
Flavors: r-devel-linux-x86_64-debian-clang, r-devel-linux-x86_64-fedora-clang

Version: 0.3-2.1
Check: whether package can be installed
Result: WARN
    Found the following significant warnings:
     VCLDefines.c:265:2: warning: statement with no effect [-Wunused-value]
Flavors: r-devel-linux-x86_64-debian-gcc, r-devel-linux-x86_64-fedora-gcc, r-devel-windows-ix86+x86_64

Version: 0.3-2.1
Check: compiled code
Result: NOTE
    File ‘clv/libs/clv.so’:
     Found no calls to: ‘R_registerRoutines’, ‘R_useDynamicSymbols’
    
    It is good practice to register native routines and to disable symbol
    search.
    
    See ‘Writing portable packages’ in the ‘Writing R Extensions’ manual.
Flavors: r-devel-linux-x86_64-fedora-clang, r-devel-linux-x86_64-fedora-gcc