CRAN Package Check Results for Package clv

Last updated on 2022-11-30 20:55:10 CET.

Flavor Version Tinstall Tcheck Ttotal Status Flags
r-devel-linux-x86_64-debian-clang 0.3-2.2 6.72 38.83 45.55 WARN
r-devel-linux-x86_64-debian-gcc 0.3-2.2 5.99 29.75 35.74 WARN
r-devel-linux-x86_64-fedora-clang 0.3-2.2 70.54 WARN
r-devel-linux-x86_64-fedora-gcc 0.3-2.2 72.44 WARN
r-devel-windows-x86_64 0.3-2.2 33.00 70.00 103.00 OK
r-patched-linux-x86_64 0.3-2.2 6.99 36.44 43.43 OK
r-release-linux-x86_64 0.3-2.2 6.71 36.77 43.48 OK
r-release-macos-arm64 0.3-2.2 21.00 OK
r-release-macos-x86_64 0.3-2.2 29.00 OK
r-release-windows-x86_64 0.3-2.2 20.00 76.00 96.00 OK
r-oldrel-macos-arm64 0.3-2.2 24.00 OK
r-oldrel-macos-x86_64 0.3-2.2 37.00 OK
r-oldrel-windows-ix86+x86_64 0.3-2.2 20.00 72.00 92.00 OK

Check Details

Version: 0.3-2.2
Check: whether package can be installed
Result: WARN
    Found the following significant warnings:
     optimal_assignment.c:47:21: warning: a function declaration without a prototype is deprecated in all versions of C [-Wstrict-prototypes]
Flavors: r-devel-linux-x86_64-debian-clang, r-devel-linux-x86_64-fedora-clang

Version: 0.3-2.2
Check: whether package can be installed
Result: WARN
    Found the following significant warnings:
     optimal_assignment.c:47:5: warning: function declaration isn’t a prototype [-Wstrict-prototypes]
Flavors: r-devel-linux-x86_64-debian-gcc, r-devel-linux-x86_64-fedora-gcc

Version: 0.3-2.2
Check: compiled code
Result: NOTE
    File ‘clv/libs/clv.so’:
     Found no calls to: ‘R_registerRoutines’, ‘R_useDynamicSymbols’
    
    It is good practice to register native routines and to disable symbol
    search.
    
    See ‘Writing portable packages’ in the ‘Writing R Extensions’ manual.
Flavors: r-devel-linux-x86_64-fedora-clang, r-devel-linux-x86_64-fedora-gcc