CRAN Package Check Results for Package cmce

Last updated on 2024-04-12 11:53:05 CEST.

Flavor Version Tinstall Tcheck Ttotal Status Flags
r-devel-linux-x86_64-debian-clang 0.1.0 3.36 36.51 39.87 NOTE
r-devel-linux-x86_64-debian-gcc 0.1.0 2.87 26.68 29.55 NOTE
r-devel-linux-x86_64-fedora-clang 0.1.0 48.90 NOTE
r-devel-linux-x86_64-fedora-gcc 0.1.0 54.02 NOTE
r-devel-windows-x86_64 0.1.0 3.00 46.00 49.00 NOTE
r-patched-linux-x86_64 0.1.0 2.47 33.31 35.78 NOTE
r-release-linux-x86_64 0.1.0 2.76 34.83 37.59 NOTE
r-release-macos-arm64 0.1.0 16.00 NOTE
r-release-macos-x86_64 0.1.0 27.00 NOTE
r-release-windows-x86_64 0.1.0 3.00 51.00 54.00 NOTE
r-oldrel-macos-arm64 0.1.0 17.00 NOTE
r-oldrel-windows-x86_64 0.1.0 7.00 57.00 64.00 NOTE

Check Details

Version: 0.1.0
Check: Rd files
Result: NOTE checkRd: (-1) gp.realize.Rd:20: Lost braces; missing escapes or markup? 20 | The list \code{l.v} is created by \code{makedistlist()} from a {n x p} design matrix on which to generate the unconditional GP realization. The correlation parameters take on values in \code{(0,1)} and use the Gaussian correlation model, calculated as \code{rho^d(xi,xj)^2}. This helper function is used to create the demonstration data used in the example for \code{calibrate()}. | ^ Flavors: r-devel-linux-x86_64-debian-clang, r-devel-linux-x86_64-debian-gcc, r-devel-linux-x86_64-fedora-clang, r-devel-linux-x86_64-fedora-gcc, r-devel-windows-x86_64, r-patched-linux-x86_64

Version: 0.1.0
Check: LazyData
Result: NOTE 'LazyData' is specified without a 'data' directory Flavors: r-devel-linux-x86_64-debian-clang, r-devel-linux-x86_64-debian-gcc, r-devel-linux-x86_64-fedora-clang, r-devel-linux-x86_64-fedora-gcc, r-devel-windows-x86_64, r-patched-linux-x86_64, r-release-linux-x86_64, r-release-macos-arm64, r-release-macos-x86_64, r-release-windows-x86_64, r-oldrel-macos-arm64, r-oldrel-windows-x86_64