CRAN Package Check Results for Package cmenet

Last updated on 2019-09-20 19:46:59 CEST.

Flavor Version Tinstall Tcheck Ttotal Status Flags
r-devel-linux-x86_64-debian-clang 0.1.1 34.99 53.87 88.86 OK
r-devel-linux-x86_64-debian-gcc 0.1.1 28.80 43.34 72.14 OK
r-devel-linux-x86_64-fedora-clang 0.1.1 122.02 NOTE
r-devel-linux-x86_64-fedora-gcc 0.1.1 116.23 NOTE
r-devel-windows-ix86+x86_64 0.1.1 100.00 122.00 222.00 OK
r-patched-linux-x86_64 0.1.1 29.04 52.61 81.65 OK
r-patched-solaris-x86 0.1.1 150.40 NOTE
r-release-linux-x86_64 0.1.1 32.65 54.17 86.82 OK
r-release-windows-ix86+x86_64 0.1.1 68.00 92.00 160.00 OK
r-release-osx-x86_64 0.1.1 NOTE
r-oldrel-windows-ix86+x86_64 0.1.1 70.00 91.00 161.00 OK
r-oldrel-osx-x86_64 0.1.1 NOTE

Check Details

Version: 0.1.1
Check: dependencies in R code
Result: NOTE
    Namespace in Imports field not imported from: ‘MASS’
     All declared Imports should be used.
Flavors: r-devel-linux-x86_64-fedora-clang, r-devel-linux-x86_64-fedora-gcc, r-patched-solaris-x86, r-release-osx-x86_64, r-oldrel-osx-x86_64