CRAN Package Check Results for Package cmenet

Last updated on 2020-02-24 14:47:59 CET.

Flavor Version Tinstall Tcheck Ttotal Status Flags
r-devel-linux-x86_64-debian-clang 0.1.1 39.60 60.82 100.42 OK
r-devel-linux-x86_64-debian-gcc 0.1.1 26.10 46.94 73.04 OK
r-devel-linux-x86_64-fedora-clang 0.1.1 129.40 NOTE
r-devel-linux-x86_64-fedora-gcc 0.1.1 130.18 NOTE
r-devel-windows-ix86+x86_64 0.1.1 75.00 93.00 168.00 OK
r-devel-windows-ix86+x86_64-gcc8 0.1.1 109.00 129.00 238.00 OK
r-patched-linux-x86_64 0.1.1 OK
r-patched-solaris-x86 0.1.1 151.10 NOTE
r-release-linux-x86_64 0.1.1 33.11 52.89 86.00 OK
r-release-windows-ix86+x86_64 0.1.1 76.00 90.00 166.00 OK
r-release-osx-x86_64 0.1.1 NOTE
r-oldrel-windows-ix86+x86_64 0.1.1 80.00 93.00 173.00 OK
r-oldrel-osx-x86_64 0.1.1 NOTE

Check Details

Version: 0.1.1
Check: dependencies in R code
Result: NOTE
    Namespace in Imports field not imported from: ‘MASS’
     All declared Imports should be used.
Flavors: r-devel-linux-x86_64-fedora-clang, r-devel-linux-x86_64-fedora-gcc, r-patched-solaris-x86, r-release-osx-x86_64, r-oldrel-osx-x86_64