CRAN Package Check Results for Package cmhc

Last updated on 2022-12-10 05:57:22 CET.

Flavor Version Tinstall Tcheck Ttotal Status Flags
r-devel-linux-x86_64-debian-clang 0.2.3 6.69 88.19 94.88 OK
r-devel-linux-x86_64-debian-gcc 0.2.3 4.66 67.24 71.90 OK
r-devel-linux-x86_64-fedora-clang 0.2.3 130.01 NOTE
r-devel-linux-x86_64-fedora-gcc 0.2.3 132.33 NOTE
r-devel-windows-x86_64 0.2.3 26.00 129.00 155.00 OK
r-patched-linux-x86_64 0.2.3 5.90 83.78 89.68 OK
r-release-linux-x86_64 0.2.3 6.85 83.27 90.12 OK
r-release-macos-arm64 0.2.3 61.00 NOTE
r-release-macos-x86_64 0.2.3 65.00 NOTE
r-release-windows-x86_64 0.2.3 19.00 137.00 156.00 OK
r-oldrel-macos-arm64 0.2.3 64.00 NOTE
r-oldrel-macos-x86_64 0.2.3 77.00 NOTE
r-oldrel-windows-ix86+x86_64 0.2.3 16.00 117.00 133.00 OK

Check Details

Version: 0.2.3
Check: data for non-ASCII characters
Result: NOTE
     Note: found 4622 marked UTF-8 strings
Flavors: r-devel-linux-x86_64-fedora-clang, r-devel-linux-x86_64-fedora-gcc, r-release-macos-arm64, r-release-macos-x86_64, r-oldrel-macos-arm64, r-oldrel-macos-x86_64