CRAN Package Check Results for Package cmprsk

Last updated on 2021-05-16 07:48:38 CEST.

Flavor Version Tinstall Tcheck Ttotal Status Flags
r-devel-linux-x86_64-debian-clang 2.2-10 10.82 63.91 74.73 OK
r-devel-linux-x86_64-debian-gcc 2.2-10 7.27 50.04 57.31 OK
r-devel-linux-x86_64-fedora-clang 2.2-10 96.77 NOTE
r-devel-linux-x86_64-fedora-gcc 2.2-10 87.61 NOTE
r-devel-windows-ix86+x86_64 2.2-10 25.00 77.00 102.00 OK
r-devel-windows-x86_64-gcc10-UCRT 2.2-10 OK
r-patched-linux-x86_64 2.2-10 8.33 61.87 70.20 OK
r-patched-solaris-x86 2.2-10 130.80 OK
r-release-linux-x86_64 2.2-10 8.75 59.93 68.68 OK
r-release-macos-x86_64 2.2-10 OK
r-release-windows-ix86+x86_64 2.2-10 24.00 108.00 132.00 OK
r-oldrel-macos-x86_64 2.2-10 OK
r-oldrel-windows-ix86+x86_64 2.2-10 18.00 97.00 115.00 OK

Check Details

Version: 2.2-10
Check: compiled code
Result: NOTE
    File ‘cmprsk/libs/cmprsk.so’:
     Found no calls to: ‘R_registerRoutines’, ‘R_useDynamicSymbols’
    
    It is good practice to register native routines and to disable symbol
    search.
    
    See ‘Writing portable packages’ in the ‘Writing R Extensions’ manual.
Flavors: r-devel-linux-x86_64-fedora-clang, r-devel-linux-x86_64-fedora-gcc