CRAN Package Check Results for Package cmprsk

Last updated on 2024-02-28 05:59:03 CET.

Flavor Version Tinstall Tcheck Ttotal Status Flags
r-devel-linux-x86_64-debian-clang 2.2-11 12.65 72.20 84.85 NOTE
r-devel-linux-x86_64-debian-gcc 2.2-11 8.00 53.89 61.89 NOTE
r-devel-linux-x86_64-fedora-clang 2.2-11 98.73 NOTE
r-devel-linux-x86_64-fedora-gcc 2.2-11 96.76 NOTE
r-devel-windows-x86_64 2.2-11 11.00 72.00 83.00 NOTE
r-patched-linux-x86_64 2.2-11 12.26 70.63 82.89 NOTE
r-release-linux-x86_64 2.2-11 8.24 70.43 78.67 NOTE
r-release-macos-arm64 2.2-11 43.00 NOTE
r-release-macos-x86_64 2.2-11 55.00 NOTE
r-release-windows-x86_64 2.2-11 13.00 78.00 91.00 NOTE
r-oldrel-macos-arm64 2.2-11 40.00 OK
r-oldrel-windows-x86_64 2.2-11 15.00 85.00 100.00 OK

Check Details

Version: 2.2-11
Check: Rd files
Result: NOTE checkRd: (-1) plot.predict.crr.Rd:18: Escaped LaTeX specials: \# checkRd: (-1) plot.predict.crr.Rd:22: Escaped LaTeX specials: \# Flavors: r-devel-linux-x86_64-debian-clang, r-devel-linux-x86_64-debian-gcc, r-devel-linux-x86_64-fedora-clang, r-devel-linux-x86_64-fedora-gcc, r-devel-windows-x86_64, r-patched-linux-x86_64, r-release-linux-x86_64, r-release-macos-arm64, r-release-macos-x86_64, r-release-windows-x86_64

Version: 2.2-11
Check: compiled code
Result: NOTE File ‘cmprsk/libs/cmprsk.so’: Found no calls to: ‘R_registerRoutines’, ‘R_useDynamicSymbols’ It is good practice to register native routines and to disable symbol search. See ‘Writing portable packages’ in the ‘Writing R Extensions’ manual. Flavors: r-devel-linux-x86_64-fedora-clang, r-devel-linux-x86_64-fedora-gcc