CRAN Package Check Results for Package cmprskQR

Last updated on 2018-01-19 18:46:49 CET.

Flavor Version Tinstall Tcheck Ttotal Status Flags
r-devel-linux-x86_64-debian-clang 0.9.1 3.39 49.94 53.33 NOTE
r-devel-linux-x86_64-debian-gcc 0.9.1 3.44 39.27 42.71 NOTE
r-devel-linux-x86_64-fedora-clang 0.9.1 71.62 NOTE
r-devel-linux-x86_64-fedora-gcc 0.9.1 69.80 NOTE
r-devel-windows-ix86+x86_64 0.9.1 9.00 82.00 91.00 OK
r-patched-linux-x86_64 0.9.1 3.94 53.78 57.72 NOTE
r-patched-solaris-x86 0.9.1 127.90 OK
r-release-linux-x86_64 0.9.1 3.97 53.73 57.70 NOTE
r-release-windows-ix86+x86_64 0.9.1 9.00 107.00 116.00 OK
r-release-osx-x86_64 0.9.1 OK
r-oldrel-windows-ix86+x86_64 0.9.1 13.00 94.00 107.00 OK
r-oldrel-osx-x86_64 0.9.1 OK

Check Details

Version: 0.9.1
Check: compiled code
Result: NOTE
    File ‘cmprskQR/libs/cmprskQR.so’:
     Found no calls to: ‘R_registerRoutines’, ‘R_useDynamicSymbols’
    
    It is good practice to register native routines and to disable symbol
    search.
    
    See ‘Writing portable packages’ in the ‘Writing R Extensions’ manual.
Flavors: r-devel-linux-x86_64-debian-clang, r-devel-linux-x86_64-debian-gcc, r-devel-linux-x86_64-fedora-clang, r-devel-linux-x86_64-fedora-gcc, r-patched-linux-x86_64, r-release-linux-x86_64