Last updated on 2022-08-08 00:54:05 CEST.
Flavor | Version | Tinstall | Tcheck | Ttotal | Status | Flags |
---|---|---|---|---|---|---|
r-devel-linux-x86_64-debian-clang | 0.9.2 | 11.67 | 78.24 | 89.91 | NOTE | |
r-devel-linux-x86_64-debian-gcc | 0.9.2 | 7.19 | 60.11 | 67.30 | NOTE | |
r-devel-linux-x86_64-fedora-clang | 0.9.2 | 113.17 | NOTE | |||
r-devel-linux-x86_64-fedora-gcc | 0.9.2 | 112.95 | NOTE | |||
r-devel-windows-x86_64 | 0.9.2 | 16.00 | 73.00 | 89.00 | NOTE | |
r-patched-linux-x86_64 | 0.9.2 | 10.59 | 74.90 | 85.49 | OK | |
r-release-linux-x86_64 | 0.9.2 | 8.85 | 76.29 | 85.14 | OK | |
r-release-macos-arm64 | 0.9.2 | 55.00 | OK | |||
r-release-macos-x86_64 | 0.9.2 | 46.00 | OK | |||
r-release-windows-x86_64 | 0.9.2 | 16.00 | 97.00 | 113.00 | OK | |
r-oldrel-macos-arm64 | 0.9.2 | 43.00 | OK | |||
r-oldrel-macos-x86_64 | 0.9.2 | 52.00 | OK | |||
r-oldrel-windows-ix86+x86_64 | 0.9.2 | 22.00 | 117.00 | 139.00 | OK |
Version: 0.9.2
Check: Rd files
Result: NOTE
checkRd: (-1) plot.predict.crrQR.Rd:18: Escaped LaTeX specials: \#
checkRd: (-1) plot.predict.crrQR.Rd:22: Escaped LaTeX specials: \#
Flavors: r-devel-linux-x86_64-debian-clang, r-devel-linux-x86_64-debian-gcc, r-devel-linux-x86_64-fedora-clang, r-devel-linux-x86_64-fedora-gcc, r-devel-windows-x86_64