CRAN Package Check Results for Package cmprskQR

Last updated on 2018-07-21 02:47:26 CEST.

Flavor Version Tinstall Tcheck Ttotal Status Flags
r-devel-linux-x86_64-debian-clang 0.9.1 5.58 62.81 68.39 NOTE
r-devel-linux-x86_64-debian-gcc 0.9.1 5.34 50.61 55.95 NOTE
r-devel-linux-x86_64-fedora-clang 0.9.1 79.22 NOTE
r-devel-linux-x86_64-fedora-gcc 0.9.1 76.91 NOTE
r-devel-windows-ix86+x86_64 0.9.1 12.00 81.00 93.00 OK
r-patched-linux-x86_64 0.9.1 NOTE
r-patched-solaris-x86 0.9.1 113.00 OK
r-release-linux-x86_64 0.9.1 4.13 53.38 57.51 NOTE
r-release-windows-ix86+x86_64 0.9.1 14.00 115.00 129.00 OK
r-release-osx-x86_64 0.9.1 OK
r-oldrel-windows-ix86+x86_64 0.9.1 11.00 105.00 116.00 OK
r-oldrel-osx-x86_64 0.9.1 OK

Check Details

Version: 0.9.1
Check: compiled code
Result: NOTE
    File ‘cmprskQR/libs/cmprskQR.so’:
     Found no calls to: ‘R_registerRoutines’, ‘R_useDynamicSymbols’
    
    It is good practice to register native routines and to disable symbol
    search.
    
    See ‘Writing portable packages’ in the ‘Writing R Extensions’ manual.
Flavors: r-devel-linux-x86_64-debian-clang, r-devel-linux-x86_64-debian-gcc, r-devel-linux-x86_64-fedora-clang, r-devel-linux-x86_64-fedora-gcc, r-patched-linux-x86_64, r-release-linux-x86_64