CRAN Package Check Results for Package cmprskQR

Last updated on 2018-10-20 01:46:19 CEST.

Flavor Version Tinstall Tcheck Ttotal Status Flags
r-devel-linux-x86_64-debian-clang 0.9.1 6.98 64.83 71.81 OK
r-devel-linux-x86_64-debian-gcc 0.9.1 5.58 53.98 59.56 OK
r-devel-linux-x86_64-fedora-clang 0.9.1 82.56 NOTE
r-devel-linux-x86_64-fedora-gcc 0.9.1 80.08 NOTE
r-devel-windows-ix86+x86_64 0.9.1 16.00 121.00 137.00 OK
r-patched-linux-x86_64 0.9.1 5.14 53.07 58.21 OK
r-patched-solaris-x86 0.9.1 110.80 OK
r-release-linux-x86_64 0.9.1 4.65 52.47 57.12 OK
r-release-windows-ix86+x86_64 0.9.1 14.00 112.00 126.00 OK
r-release-osx-x86_64 0.9.1 OK
r-oldrel-windows-ix86+x86_64 0.9.1 10.00 111.00 121.00 OK
r-oldrel-osx-x86_64 0.9.1 OK

Check Details

Version: 0.9.1
Check: compiled code
Result: NOTE
    File ‘cmprskQR/libs/cmprskQR.so’:
     Found no calls to: ‘R_registerRoutines’, ‘R_useDynamicSymbols’
    
    It is good practice to register native routines and to disable symbol
    search.
    
    See ‘Writing portable packages’ in the ‘Writing R Extensions’ manual.
Flavors: r-devel-linux-x86_64-fedora-clang, r-devel-linux-x86_64-fedora-gcc