Last updated on 2025-01-20 17:48:19 CET.
Flavor | Version | Tinstall | Tcheck | Ttotal | Status | Flags |
---|---|---|---|---|---|---|
r-devel-linux-x86_64-debian-clang | 0.5.2 | 26.28 | 88.73 | 115.01 | NOTE | |
r-devel-linux-x86_64-debian-gcc | 0.5.2 | 21.35 | 63.04 | 84.39 | NOTE | |
r-devel-linux-x86_64-fedora-clang | 0.5.2 | 199.20 | OK | |||
r-devel-linux-x86_64-fedora-gcc | 0.5.2 | 192.91 | OK | |||
r-devel-windows-x86_64 | 0.5.2 | 33.00 | 113.00 | 146.00 | NOTE | |
r-patched-linux-x86_64 | 0.5.2 | 35.58 | 82.38 | 117.96 | OK | |
r-release-linux-x86_64 | 0.5.2 | 26.17 | 82.42 | 108.59 | OK | |
r-release-macos-arm64 | 0.5.2 | 53.00 | OK | |||
r-release-macos-x86_64 | 0.5.2 | 72.00 | OK | |||
r-release-windows-x86_64 | 0.5.2 | 32.00 | 107.00 | 139.00 | OK | |
r-oldrel-macos-arm64 | 0.5.2 | 59.00 | OK | |||
r-oldrel-macos-x86_64 | 0.5.2 | 97.00 | OK | |||
r-oldrel-windows-x86_64 | 0.5.2 | 39.00 | 137.00 | 176.00 | OK |
Version: 0.5.2
Check: Rd cross-references
Result: NOTE
Found the following Rd file(s) with Rd \link{} targets missing package
anchors:
cnaOpt.Rd: configTable, rreduce, condTbl, cna
conCovOpt.Rd: configTable, cna
conCovOpt_utils.Rd: rreduce, condTbl
ereduce.Rd: full.ct
findOutcomes.Rd: configTable, cna, selectCases, full.ct
Please provide package anchors for all Rd \link{} targets not in the
package itself and the base packages.
Flavors: r-devel-linux-x86_64-debian-clang, r-devel-linux-x86_64-debian-gcc, r-devel-windows-x86_64