CRAN Package Check Results for Package cnum

Last updated on 2022-12-08 20:49:11 CET.

Flavor Version Tinstall Tcheck Ttotal Status Flags
r-devel-linux-x86_64-debian-clang 0.1.3 49.63 35.61 85.24 NOTE
r-devel-linux-x86_64-debian-gcc 0.1.3 40.58 28.68 69.26 NOTE
r-devel-linux-x86_64-fedora-clang 0.1.3 120.87 NOTE
r-devel-linux-x86_64-fedora-gcc 0.1.3 120.05 NOTE
r-devel-windows-x86_64 0.1.3 42.00 85.00 127.00 NOTE
r-patched-linux-x86_64 0.1.3 40.27 35.80 76.07 NOTE
r-release-linux-x86_64 0.1.3 45.64 36.15 81.79 NOTE
r-release-macos-arm64 0.1.3 28.00 NOTE
r-release-macos-x86_64 0.1.3 38.00 NOTE
r-release-windows-x86_64 0.1.3 43.00 92.00 135.00 NOTE
r-oldrel-macos-arm64 0.1.3 33.00 NOTE
r-oldrel-macos-x86_64 0.1.3 61.00 NOTE
r-oldrel-windows-ix86+x86_64 0.1.3 108.00 86.00 194.00 NOTE

Check Details

Version: 0.1.3
Check: LazyData
Result: NOTE
     'LazyData' is specified without a 'data' directory
Flavors: r-devel-linux-x86_64-debian-clang, r-devel-linux-x86_64-debian-gcc, r-devel-linux-x86_64-fedora-clang, r-devel-linux-x86_64-fedora-gcc, r-devel-windows-x86_64, r-patched-linux-x86_64, r-release-linux-x86_64, r-release-macos-arm64, r-release-macos-x86_64, r-release-windows-x86_64, r-oldrel-macos-arm64, r-oldrel-macos-x86_64, r-oldrel-windows-ix86+x86_64