CRAN Package Check Results for Package coRanking

Last updated on 2018-05-24 02:48:14 CEST.

Flavor Version Tinstall Tcheck Ttotal Status Flags
r-devel-linux-x86_64-debian-clang 0.1.3 3.17 33.54 36.71 NOTE
r-devel-linux-x86_64-debian-gcc 0.1.3 2.27 30.59 32.86 NOTE
r-devel-linux-x86_64-fedora-clang 0.1.3 52.24 NOTE
r-devel-linux-x86_64-fedora-gcc 0.1.3 48.46 NOTE
r-devel-windows-ix86+x86_64 0.1.3 11.00 77.00 88.00 OK
r-patched-linux-x86_64 0.1.3 3.06 37.44 40.50 NOTE
r-patched-solaris-x86 0.1.3 79.00 NOTE
r-release-linux-x86_64 0.1.3 2.78 37.35 40.13 NOTE
r-release-windows-ix86+x86_64 0.1.3 14.00 77.00 91.00 OK
r-release-osx-x86_64 0.1.3 NOTE
r-oldrel-windows-ix86+x86_64 0.1.3 17.00 77.00 94.00 OK
r-oldrel-osx-x86_64 0.1.3 NOTE

Check Details

Version: 0.1.3
Check: compiled code
Result: NOTE
    File ‘coRanking/libs/coRanking.so’:
     Found no calls to: ‘R_registerRoutines’, ‘R_useDynamicSymbols’
    
    It is good practice to register native routines and to disable symbol
    search.
    
    See ‘Writing portable packages’ in the ‘Writing R Extensions’ manual.
Flavors: r-devel-linux-x86_64-debian-clang, r-devel-linux-x86_64-debian-gcc, r-devel-linux-x86_64-fedora-clang, r-devel-linux-x86_64-fedora-gcc, r-patched-linux-x86_64, r-release-linux-x86_64

Version: 0.1.3
Check: dependencies in R code
Result: NOTE
    Namespaces in Imports field not imported from:
     ‘Rtsne’ ‘scatterplot3d’
     All declared Imports should be used.
Flavors: r-devel-linux-x86_64-fedora-clang, r-devel-linux-x86_64-fedora-gcc, r-patched-solaris-x86, r-release-osx-x86_64, r-oldrel-osx-x86_64