CRAN Package Check Results for Package coRanking

Last updated on 2018-02-24 09:51:22 CET.

Flavor Version Tinstall Tcheck Ttotal Status Flags
r-devel-linux-x86_64-debian-clang 0.1.3 3.20 39.25 42.45 NOTE
r-devel-linux-x86_64-debian-gcc 0.1.3 2.18 29.58 31.76 NOTE
r-devel-linux-x86_64-fedora-clang 0.1.3 51.25 NOTE
r-devel-linux-x86_64-fedora-gcc 0.1.3 47.72 NOTE
r-devel-windows-ix86+x86_64 0.1.3 15.00 75.00 90.00 OK
r-patched-linux-x86_64 0.1.3 2.03 37.85 39.88 NOTE
r-patched-solaris-x86 0.1.3 70.40 NOTE
r-release-linux-x86_64 0.1.3 2.45 38.00 40.45 NOTE
r-release-windows-ix86+x86_64 0.1.3 10.00 74.00 84.00 OK
r-release-osx-x86_64 0.1.3 NOTE
r-oldrel-windows-ix86+x86_64 0.1.3 11.00 56.00 67.00 OK
r-oldrel-osx-x86_64 0.1.3 NOTE

Check Details

Version: 0.1.3
Check: compiled code
Result: NOTE
    File ‘coRanking/libs/coRanking.so’:
     Found no calls to: ‘R_registerRoutines’, ‘R_useDynamicSymbols’
    
    It is good practice to register native routines and to disable symbol
    search.
    
    See ‘Writing portable packages’ in the ‘Writing R Extensions’ manual.
Flavors: r-devel-linux-x86_64-debian-clang, r-devel-linux-x86_64-debian-gcc, r-devel-linux-x86_64-fedora-clang, r-devel-linux-x86_64-fedora-gcc, r-patched-linux-x86_64, r-release-linux-x86_64

Version: 0.1.3
Check: dependencies in R code
Result: NOTE
    Namespaces in Imports field not imported from:
     ‘Rtsne’ ‘scatterplot3d’
     All declared Imports should be used.
Flavors: r-devel-linux-x86_64-fedora-clang, r-devel-linux-x86_64-fedora-gcc, r-patched-solaris-x86, r-release-osx-x86_64, r-oldrel-osx-x86_64