CRAN Package Check Results for Package coala

Last updated on 2018-05-20 20:47:41 CEST.

Flavor Version Tinstall Tcheck Ttotal Status Flags
r-devel-linux-x86_64-debian-clang 0.5.2 121.95 87.91 209.86 WARN
r-devel-linux-x86_64-debian-gcc 0.5.2 102.19 71.90 174.09 WARN
r-devel-linux-x86_64-fedora-clang 0.5.2 278.33 WARN
r-devel-linux-x86_64-fedora-gcc 0.5.2 274.50 WARN
r-devel-windows-ix86+x86_64 0.5.2 292.00 135.00 427.00 OK
r-patched-linux-x86_64 0.5.2 129.89 89.22 219.11 WARN
r-patched-solaris-x86 0.5.2 301.70 WARN
r-release-linux-x86_64 0.5.2 134.28 85.72 220.00 WARN
r-release-windows-ix86+x86_64 0.5.2 200.00 144.00 344.00 OK
r-release-osx-x86_64 0.5.2 OK
r-oldrel-windows-ix86+x86_64 0.5.2 197.00 140.00 337.00 OK
r-oldrel-osx-x86_64 0.5.2 OK

Check Details

Version: 0.5.2
Check: package dependencies
Result: NOTE
    Package suggested but not available for checking: ‘PopGenome’
Flavors: r-devel-linux-x86_64-debian-clang, r-devel-linux-x86_64-debian-gcc, r-devel-linux-x86_64-fedora-clang, r-devel-linux-x86_64-fedora-gcc, r-patched-linux-x86_64, r-patched-solaris-x86, r-release-linux-x86_64

Version: 0.5.2
Check: re-building of vignette outputs
Result: WARN
    Error in re-building vignettes:
     ...
    Quitting from lines 30-36 (coala-data-import.Rmd)
    Error: processing vignette ‘coala-data-import.Rmd’ failed with diagnostics:
    there is no package called 'PopGenome'
    Execution halted
Flavors: r-devel-linux-x86_64-debian-clang, r-devel-linux-x86_64-debian-gcc, r-devel-linux-x86_64-fedora-clang, r-devel-linux-x86_64-fedora-gcc, r-patched-linux-x86_64, r-release-linux-x86_64

Version: 0.5.2
Check: installed package size
Result: NOTE
     installed size is 5.7Mb
     sub-directories of 1Mb or more:
     R 1.0Mb
     libs 4.1Mb
Flavors: r-devel-linux-x86_64-fedora-clang, r-devel-linux-x86_64-fedora-gcc

Version: 0.5.2
Check: re-building of vignette outputs
Result: WARN
    Error in re-building vignettes:
     ...
    Warning in engine$weave(file, quiet = quiet, encoding = enc) :
     Pandoc (>= 1.12.3) and/or pandoc-citeproc not available. Falling back to R Markdown v1.
    Warning in engine$weave(file, quiet = quiet, encoding = enc) :
     Pandoc (>= 1.12.3) and/or pandoc-citeproc not available. Falling back to R Markdown v1.
    Quitting from lines 30-36 (coala-data-import.Rmd)
    Error: processing vignette 'coala-data-import.Rmd' failed with diagnostics:
    there is no package called 'PopGenome'
    Execution halted
Flavor: r-patched-solaris-x86