CRAN Package Check Results for Package coala

Last updated on 2018-11-18 21:47:17 CET.

Flavor Version Tinstall Tcheck Ttotal Status Flags
r-devel-linux-x86_64-debian-clang 0.5.2 139.88 98.99 238.87 OK
r-devel-linux-x86_64-debian-gcc 0.5.2 122.87 79.20 202.07 OK
r-devel-linux-x86_64-fedora-clang 0.5.2 320.18 NOTE
r-devel-linux-x86_64-fedora-gcc 0.5.2 316.40 OK
r-devel-windows-ix86+x86_64 0.5.2 296.00 142.00 438.00 OK
r-patched-linux-x86_64 0.5.2 152.28 97.25 249.53 OK
r-patched-solaris-x86 0.5.2 349.90 OK
r-release-linux-x86_64 0.5.2 151.60 96.54 248.14 OK
r-release-windows-ix86+x86_64 0.5.2 303.00 184.00 487.00 OK
r-release-osx-x86_64 0.5.2 OK
r-oldrel-windows-ix86+x86_64 0.5.2 271.00 174.00 445.00 OK
r-oldrel-osx-x86_64 0.5.2 OK

Check Details

Version: 0.5.2
Check: installed package size
Result: NOTE
     installed size is 6.1Mb
     sub-directories of 1Mb or more:
     R 1.3Mb
     libs 4.3Mb
Flavor: r-devel-linux-x86_64-fedora-clang