CRAN Package Check Results for Package coala

Last updated on 2018-02-19 08:46:53 CET.

Flavor Version Tinstall Tcheck Ttotal Status Flags
r-devel-linux-x86_64-debian-clang 0.5.2 108.77 74.21 182.98 OK
r-devel-linux-x86_64-debian-gcc 0.5.2 97.55 64.60 162.15 OK
r-devel-linux-x86_64-fedora-clang 0.5.2 267.67 NOTE
r-devel-linux-x86_64-fedora-gcc 0.5.2 261.22 NOTE
r-devel-windows-ix86+x86_64 0.5.2 205.00 126.00 331.00 OK
r-patched-linux-x86_64 0.5.2 98.90 92.55 191.45 OK
r-patched-solaris-x86 0.5.2 239.20 OK
r-release-linux-x86_64 0.5.2 102.81 89.17 191.98 OK
r-release-windows-ix86+x86_64 0.5.2 251.00 172.00 423.00 OK
r-release-osx-x86_64 0.5.2 OK
r-oldrel-windows-ix86+x86_64 0.5.2 185.00 162.00 347.00 OK
r-oldrel-osx-x86_64 0.5.2 OK

Check Details

Version: 0.5.2
Check: installed package size
Result: NOTE
     installed size is 5.6Mb
     sub-directories of 1Mb or more:
     R 1.0Mb
     libs 4.1Mb
Flavors: r-devel-linux-x86_64-fedora-clang, r-devel-linux-x86_64-fedora-gcc