CRAN Package Check Results for Package coala

Last updated on 2019-02-21 01:50:37 CET.

Flavor Version Tinstall Tcheck Ttotal Status Flags
r-devel-linux-x86_64-debian-clang 0.5.2 132.05 106.80 238.85 OK
r-devel-linux-x86_64-debian-gcc 0.5.2 111.13 83.39 194.52 OK
r-devel-linux-x86_64-fedora-clang 0.5.2 344.34 NOTE
r-devel-linux-x86_64-fedora-gcc 0.5.2 330.11 OK
r-devel-windows-ix86+x86_64 0.5.2 298.00 204.00 502.00 OK
r-patched-linux-x86_64 0.5.2 OK
r-patched-solaris-x86 0.5.2 350.60 OK
r-release-linux-x86_64 0.5.2 OK
r-release-windows-ix86+x86_64 0.5.2 216.00 195.00 411.00 OK
r-release-osx-x86_64 0.5.2 OK
r-oldrel-windows-ix86+x86_64 0.5.2 222.00 163.00 385.00 OK
r-oldrel-osx-x86_64 0.5.2 OK

Check Details

Version: 0.5.2
Check: installed package size
Result: NOTE
     installed size is 5.9Mb
     sub-directories of 1Mb or more:
     R 1.4Mb
     libs 4.0Mb
Flavor: r-devel-linux-x86_64-fedora-clang