CRAN Package Check Results for Package coala

Last updated on 2024-02-25 18:51:20 CET.

Flavor Version Tinstall Tcheck Ttotal Status Flags
r-devel-linux-x86_64-debian-clang 0.7.1 186.08 122.07 308.15 NOTE
r-devel-linux-x86_64-debian-gcc 0.7.1 138.75 91.84 230.59 NOTE
r-devel-linux-x86_64-fedora-clang 0.7.1 439.24 NOTE
r-devel-linux-x86_64-fedora-gcc 0.7.1 453.82 NOTE
r-devel-windows-x86_64 0.7.1 139.00 139.00 278.00 NOTE
r-patched-linux-x86_64 0.7.1 176.99 135.64 312.63 NOTE
r-release-linux-x86_64 0.7.1 179.84 134.92 314.76 NOTE
r-release-macos-arm64 0.7.1 129.00 NOTE
r-release-macos-x86_64 0.7.1 199.00 NOTE
r-release-windows-x86_64 0.7.1 182.00 173.00 355.00 NOTE
r-oldrel-macos-arm64 0.7.1 106.00 NOTE
r-oldrel-windows-x86_64 0.7.1 175.00 159.00 334.00 NOTE

Check Details

Version: 0.7.1
Check: package dependencies
Result: NOTE Package suggested but not available for checking: ‘PopGenome’ Flavors: r-devel-linux-x86_64-debian-clang, r-devel-linux-x86_64-debian-gcc, r-devel-linux-x86_64-fedora-clang, r-devel-linux-x86_64-fedora-gcc, r-devel-windows-x86_64, r-patched-linux-x86_64, r-release-linux-x86_64, r-release-macos-arm64, r-release-macos-x86_64, r-release-windows-x86_64, r-oldrel-windows-x86_64

Version: 0.7.1
Check: Rd \usage sections
Result: NOTE Documented arguments not in \usage in Rd file 'feat_sample.Rd': ‘locus_group’ Functions with \usage entries need to have the appropriate \alias entries, and all their arguments documented. The \usage entries must correspond to syntactically valid R code. See chapter ‘Writing R documentation files’ in the ‘Writing R Extensions’ manual. Flavors: r-devel-linux-x86_64-debian-clang, r-devel-linux-x86_64-debian-gcc, r-devel-linux-x86_64-fedora-clang, r-devel-linux-x86_64-fedora-gcc, r-devel-windows-x86_64

Version: 0.7.1
Check: installed package size
Result: NOTE installed size is 6.5Mb sub-directories of 1Mb or more: R 2.0Mb libs 3.8Mb Flavors: r-release-macos-arm64, r-release-macos-x86_64, r-oldrel-macos-arm64