CRAN Package Check Results for Package coala

Last updated on 2018-08-20 01:46:18 CEST.

Flavor Version Tinstall Tcheck Ttotal Status Flags
r-devel-linux-x86_64-debian-clang 0.5.2 117.66 100.35 218.01 OK
r-devel-linux-x86_64-debian-gcc 0.5.2 115.54 80.72 196.26 OK
r-devel-linux-x86_64-fedora-clang 0.5.2 295.21 NOTE
r-devel-linux-x86_64-fedora-gcc 0.5.2 310.07 OK
r-devel-windows-ix86+x86_64 0.5.2 286.00 179.00 465.00 OK
r-patched-linux-x86_64 0.5.2 145.39 97.84 243.23 OK
r-patched-solaris-x86 0.5.2 321.70 OK
r-release-linux-x86_64 0.5.2 144.47 98.41 242.88 OK
r-release-windows-ix86+x86_64 0.5.2 292.00 184.00 476.00 OK
r-release-osx-x86_64 0.5.2 OK
r-oldrel-windows-ix86+x86_64 0.5.2 189.00 136.00 325.00 OK
r-oldrel-osx-x86_64 0.5.2 OK

Check Details

Version: 0.5.2
Check: installed package size
Result: NOTE
     installed size is 5.8Mb
     sub-directories of 1Mb or more:
     R 1.0Mb
     libs 4.2Mb
Flavor: r-devel-linux-x86_64-fedora-clang