Last updated on 2023-12-05 11:52:35 CET.
Flavor | Version | Tinstall | Tcheck | Ttotal | Status | Flags |
---|---|---|---|---|---|---|
r-devel-linux-x86_64-debian-clang | 1.3-5 | 10.34 | 158.43 | 168.77 | NOTE | |
r-devel-linux-x86_64-debian-gcc | 1.3-5 | 10.55 | 118.51 | 129.06 | NOTE | |
r-devel-linux-x86_64-fedora-clang | 1.3-5 | 212.47 | NOTE | |||
r-devel-linux-x86_64-fedora-gcc | 1.3-5 | 203.52 | NOTE | |||
r-devel-windows-x86_64 | 1.3-5 | 14.00 | 132.00 | 146.00 | NOTE | |
r-patched-linux-x86_64 | 1.3-5 | 12.77 | 152.09 | 164.86 | NOTE | |
r-release-linux-x86_64 | 1.3-5 | 12.78 | 151.06 | 163.84 | NOTE | |
r-release-macos-arm64 | 1.3-5 | 67.00 | NOTE | |||
r-release-macos-x86_64 | 1.3-5 | 117.00 | NOTE | |||
r-release-windows-x86_64 | 1.3-5 | 17.00 | 168.00 | 185.00 | NOTE | |
r-oldrel-macos-arm64 | 1.3-5 | 59.00 | OK | |||
r-oldrel-macos-x86_64 | 1.3-5 | 88.00 | OK | |||
r-oldrel-windows-x86_64 | 1.3-5 | 17.00 | 166.00 | 183.00 | OK |
Version: 1.3-5
Check: Rd files
Result: NOTE
checkRd: (-1) drqssbc.Rd:83: Escaped LaTeX specials: \&
checkRd: (-1) qbsks.Rd:81: Escaped LaTeX specials: \&
Flavors: r-devel-linux-x86_64-debian-clang, r-devel-linux-x86_64-debian-gcc, r-devel-linux-x86_64-fedora-clang, r-devel-linux-x86_64-fedora-gcc, r-devel-windows-x86_64, r-patched-linux-x86_64, r-release-linux-x86_64, r-release-macos-arm64, r-release-macos-x86_64, r-release-windows-x86_64