CRAN Package Check Results for Package cocktailApp

Last updated on 2022-12-01 15:54:28 CET.

Flavor Version Tinstall Tcheck Ttotal Status Flags
r-devel-linux-x86_64-debian-clang 0.2.2 9.81 123.40 133.21 OK
r-devel-linux-x86_64-debian-gcc 0.2.2 7.32 91.95 99.27 OK
r-devel-linux-x86_64-fedora-clang 0.2.2 181.87 NOTE
r-devel-linux-x86_64-fedora-gcc 0.2.2 185.22 NOTE
r-devel-windows-x86_64 0.2.2 38.00 153.00 191.00 OK
r-patched-linux-x86_64 0.2.2 8.24 117.26 125.50 OK
r-release-linux-x86_64 0.2.2 8.92 116.26 125.18 OK
r-release-macos-arm64 0.2.2 46.00 NOTE
r-release-macos-x86_64 0.2.2 93.00 NOTE
r-release-windows-x86_64 0.2.2 17.00 149.00 166.00 OK
r-oldrel-macos-arm64 0.2.2 56.00 NOTE
r-oldrel-macos-x86_64 0.2.2 87.00 NOTE
r-oldrel-windows-ix86+x86_64 0.2.2 22.00 149.00 171.00 OK

Check Details

Version: 0.2.2
Check: data for non-ASCII characters
Result: NOTE
     Note: found 14729 marked UTF-8 strings
Flavors: r-devel-linux-x86_64-fedora-clang, r-devel-linux-x86_64-fedora-gcc, r-release-macos-arm64, r-release-macos-x86_64, r-oldrel-macos-arm64, r-oldrel-macos-x86_64