CRAN Package Check Results for Package codeCollection

Last updated on 2022-09-25 22:53:51 CEST.

Flavor Version Tinstall Tcheck Ttotal Status Flags
r-devel-linux-x86_64-debian-clang 0.1.2 2.73 27.55 30.28 OK
r-devel-linux-x86_64-debian-gcc 0.1.2 2.87 21.86 24.73 OK
r-devel-linux-x86_64-fedora-clang 0.1.2 49.16 NOTE
r-devel-linux-x86_64-fedora-gcc 0.1.2 48.29 NOTE
r-devel-windows-x86_64 0.1.2 17.00 56.00 73.00 OK
r-patched-linux-x86_64 0.1.2 3.65 26.98 30.63 OK
r-release-linux-x86_64 0.1.2 3.00 26.31 29.31 OK
r-release-macos-arm64 0.1.2 20.00 NOTE
r-release-macos-x86_64 0.1.2 32.00 NOTE
r-release-windows-x86_64 0.1.2 24.00 52.00 76.00 OK
r-oldrel-macos-arm64 0.1.2 25.00 NOTE
r-oldrel-macos-x86_64 0.1.2 31.00 NOTE
r-oldrel-windows-ix86+x86_64 0.1.2 8.00 52.00 60.00 OK

Check Details

Version: 0.1.2
Check: data for non-ASCII characters
Result: NOTE
     Note: found 30244 marked UTF-8 strings
Flavors: r-devel-linux-x86_64-fedora-clang, r-devel-linux-x86_64-fedora-gcc, r-release-macos-arm64, r-release-macos-x86_64, r-oldrel-macos-arm64, r-oldrel-macos-x86_64