CRAN Package Check Results for Package codemetar

Last updated on 2019-02-21 07:48:30 CET.

Flavor Version Tinstall Tcheck Ttotal Status Flags
r-devel-linux-x86_64-debian-clang 0.1.6 3.47 56.99 60.46 OK
r-devel-linux-x86_64-debian-gcc 0.1.6 3.29 43.69 46.98 OK
r-devel-linux-x86_64-fedora-clang 0.1.6 71.88 NOTE
r-devel-linux-x86_64-fedora-gcc 0.1.6 67.23 NOTE
r-devel-windows-ix86+x86_64 0.1.6 16.00 169.00 185.00 OK
r-patched-linux-x86_64 0.1.6 OK
r-patched-solaris-x86 0.1.6 114.70 ERROR
r-release-linux-x86_64 0.1.6 OK
r-release-windows-ix86+x86_64 0.1.6 8.00 161.00 169.00 OK
r-release-osx-x86_64 0.1.6 NOTE
r-oldrel-windows-ix86+x86_64 0.1.6 8.00 171.00 179.00 OK
r-oldrel-osx-x86_64 0.1.6 NOTE

Check Details

Version: 0.1.6
Check: dependencies in R code
Result: NOTE
    Namespace in Imports field not imported from: ‘memoise’
     All declared Imports should be used.
Flavors: r-devel-linux-x86_64-fedora-clang, r-devel-linux-x86_64-fedora-gcc, r-patched-solaris-x86, r-release-osx-x86_64, r-oldrel-osx-x86_64

Version: 0.1.6
Check: tests
Result: ERROR
     Running ‘testthat.R’ [15s/467s]
    Running the tests in ‘tests/testthat.R’ failed.
    Complete output:
     > library(testthat)
     > library(codemetar)
     >
     > test_check("codemetar")
     ── 1. Error: We can parse plain Authors: & Maintainers: entries (@test-codemeta_
     Timeout was reached: Operation timed out after 10000 milliseconds with 0 out of 0 bytes received
     1: codemeta_description(f) at testthat/test-codemeta_description.R:26
     2: parse_sys_reqs(descr$get("Package"), descr$get("SystemRequirements"))
     3: get_sys_links(pkg, description = sys_reqs)
     4: jsonlite::fromJSON(sprintf("https://sysreqs.r-hub.io/map/%s", curl::curl_escape(description)),
     simplifyVector = FALSE)
     5: parse_and_simplify(txt = txt, simplifyVector = simplifyVector, simplifyDataFrame = simplifyDataFrame,
     simplifyMatrix = simplifyMatrix, flatten = flatten, ...)
     6: parseJSON(txt, bigint_as_char)
     7: parse_con(txt, bigint_as_char)
     8: open(con, "rb")
     9: open.connection(con, "rb")
    
     ══ testthat results ═══════════════════════════════════════════════════════════
     OK: 72 SKIPPED: 10 FAILED: 1
     1. Error: We can parse plain Authors: & Maintainers: entries (@test-codemeta_description.R#26)
    
     Error: testthat unit tests failed
     Execution halted
Flavor: r-patched-solaris-x86