CRAN Package Check Results for Package codemetar

Last updated on 2018-05-25 16:48:14 CEST.

Flavor Version Tinstall Tcheck Ttotal Status Flags
r-devel-linux-x86_64-debian-clang 0.1.6 2.60 62.97 65.57 OK
r-devel-linux-x86_64-debian-gcc 0.1.6 2.12 49.74 51.86 OK
r-devel-linux-x86_64-fedora-clang 0.1.6 71.30 NOTE
r-devel-linux-x86_64-fedora-gcc 0.1.6 69.54 NOTE
r-devel-windows-ix86+x86_64 0.1.6 8.00 144.00 152.00 OK
r-patched-linux-x86_64 0.1.6 3.63 58.50 62.13 OK
r-patched-solaris-x86 0.1.6 92.70 ERROR
r-release-linux-x86_64 0.1.6 3.42 58.90 62.32 OK
r-release-windows-ix86+x86_64 0.1.6 10.00 168.00 178.00 OK
r-release-osx-x86_64 0.1.6 NOTE
r-oldrel-windows-ix86+x86_64 0.1.6 10.00 167.00 177.00 OK
r-oldrel-osx-x86_64 0.1.5 OK

Check Details

Version: 0.1.6
Check: dependencies in R code
Result: NOTE
    Namespace in Imports field not imported from: ‘memoise’
     All declared Imports should be used.
Flavors: r-devel-linux-x86_64-fedora-clang, r-devel-linux-x86_64-fedora-gcc, r-patched-solaris-x86, r-release-osx-x86_64

Version: 0.1.6
Check: tests
Result: ERROR
     Running ‘testthat.R’ [12s/489s]
    Running the tests in ‘tests/testthat.R’ failed.
    Complete output:
     > library(testthat)
     > library(codemetar)
     >
     > test_check("codemetar")
     ── 1. Error: we can validate this file (@test-codemeta_validate.R#4) ──────────
     Timeout was reached: Resolving timed out after 10000 milliseconds
     1: write_codemeta("codemetar", "codemeta_test.json") at testthat/test-codemeta_validate.R:4
     2: create_codemeta(pkg = pkg, root = root)
     3: codemeta_description(file.path(root, "DESCRIPTION"), id = id, cm)
     4: parse_sys_reqs(descr$get("Package"), descr$get("SystemRequirements"))
     5: get_sys_links(pkg, description = sys_reqs)
     6: jsonlite::fromJSON(sprintf("https://sysreqs.r-hub.io/pkg/%s", pkg), simplifyVector = FALSE)
     7: fromJSON_string(txt = txt, simplifyVector = simplifyVector, simplifyDataFrame = simplifyDataFrame,
     simplifyMatrix = simplifyMatrix, flatten = flatten, ...)
     8: parseJSON(txt, bigint_as_char)
     9: parse_con(txt, bigint_as_char)
     10: open(con, "rb")
     11: open.connection(con, "rb")
    
     ── 2. Error: we can write codemeta given a codemeta object (@test-write_codemeta
     Timeout was reached: Operation timed out after 10007 milliseconds with 0 out of 0 bytes received
     1: expect_is(create_codemeta("codemetar", codemeta), "list") at testthat/test-write_codemeta.R:60
     2: quasi_label(enquo(object), label)
     3: eval_bare(get_expr(quo), get_env(quo))
     4: create_codemeta("codemetar", codemeta)
     5: codemeta_description(file.path(root, "DESCRIPTION"), id = id, cm)
     6: parse_sys_reqs(descr$get("Package"), descr$get("SystemRequirements"))
     7: get_sys_links(pkg, description = sys_reqs)
     8: jsonlite::fromJSON(sprintf("https://sysreqs.r-hub.io/map/%s", curl::curl_escape(description)),
     simplifyVector = FALSE)
     9: fromJSON_string(txt = txt, simplifyVector = simplifyVector, simplifyDataFrame = simplifyDataFrame,
     simplifyMatrix = simplifyMatrix, flatten = flatten, ...)
     10: parseJSON(txt, bigint_as_char)
     11: parse_con(txt, bigint_as_char)
     12: open(con, "rb")
     13: open.connection(con, "rb")
    
     ══ testthat results ═══════════════════════════════════════════════════════════
     OK: 78 SKIPPED: 10 FAILED: 2
     1. Error: we can validate this file (@test-codemeta_validate.R#4)
     2. Error: we can write codemeta given a codemeta object (@test-write_codemeta.R#60)
    
     Error: testthat unit tests failed
     Execution halted
Flavor: r-patched-solaris-x86