CRAN Package Check Results for Package codemetar

Last updated on 2018-08-19 02:47:41 CEST.

Flavor Version Tinstall Tcheck Ttotal Status Flags
r-devel-linux-x86_64-debian-clang 0.1.6 3.06 60.75 63.81 OK
r-devel-linux-x86_64-debian-gcc 0.1.6 2.75 48.07 50.82 OK
r-devel-linux-x86_64-fedora-clang 0.1.6 69.56 NOTE
r-devel-linux-x86_64-fedora-gcc 0.1.6 67.15 NOTE
r-devel-windows-ix86+x86_64 0.1.6 9.00 151.00 160.00 OK
r-patched-linux-x86_64 0.1.6 2.06 56.19 58.25 OK
r-patched-solaris-x86 0.1.6 81.40 ERROR
r-release-linux-x86_64 0.1.6 3.23 56.28 59.51 OK
r-release-windows-ix86+x86_64 0.1.6 10.00 158.00 168.00 OK
r-release-osx-x86_64 0.1.6 NOTE
r-oldrel-windows-ix86+x86_64 0.1.6 7.00 158.00 165.00 OK
r-oldrel-osx-x86_64 0.1.6 NOTE

Check Details

Version: 0.1.6
Check: dependencies in R code
Result: NOTE
    Namespace in Imports field not imported from: ‘memoise’
     All declared Imports should be used.
Flavors: r-devel-linux-x86_64-fedora-clang, r-devel-linux-x86_64-fedora-gcc, r-patched-solaris-x86, r-release-osx-x86_64, r-oldrel-osx-x86_64

Version: 0.1.6
Check: tests
Result: ERROR
     Running ‘testthat.R’ [12s/487s]
    Running the tests in ‘tests/testthat.R’ failed.
    Complete output:
     > library(testthat)
     > library(codemetar)
     >
     > test_check("codemetar")
     ── 1. Error: We can parse plain Authors: & Maintainers: entries (@test-codemeta_
     Timeout was reached: Operation timed out after 10009 milliseconds with 0 out of 0 bytes received
     1: codemeta_description(f) at testthat/test-codemeta_description.R:35
     2: parse_sys_reqs(descr$get("Package"), descr$get("SystemRequirements"))
     3: get_sys_links(pkg, description = sys_reqs)
     4: jsonlite::fromJSON(sprintf("https://sysreqs.r-hub.io/map/%s", curl::curl_escape(description)),
     simplifyVector = FALSE)
     5: fromJSON_string(txt = txt, simplifyVector = simplifyVector, simplifyDataFrame = simplifyDataFrame,
     simplifyMatrix = simplifyMatrix, flatten = flatten, ...)
     6: parseJSON(txt, bigint_as_char)
     7: parse_con(txt, bigint_as_char)
     8: open(con, "rb")
     9: open.connection(con, "rb")
    
     ── 2. Error: Sys requirements (@test-parse_depends.R#48) ──────────────────────
     Timeout was reached: Resolving timed out after 10000 milliseconds
     1: codemeta_description(f) at testthat/test-parse_depends.R:48
     2: parse_sys_reqs(descr$get("Package"), descr$get("SystemRequirements"))
     3: get_sys_links(pkg, description = sys_reqs)
     4: jsonlite::fromJSON(sprintf("https://sysreqs.r-hub.io/map/%s", curl::curl_escape(description)),
     simplifyVector = FALSE)
     5: fromJSON_string(txt = txt, simplifyVector = simplifyVector, simplifyDataFrame = simplifyDataFrame,
     simplifyMatrix = simplifyMatrix, flatten = flatten, ...)
     6: parseJSON(txt, bigint_as_char)
     7: parse_con(txt, bigint_as_char)
     8: open(con, "rb")
     9: open.connection(con, "rb")
    
     ══ testthat results ═══════════════════════════════════════════════════════════
     OK: 75 SKIPPED: 10 FAILED: 2
     1. Error: We can parse plain Authors: & Maintainers: entries (@test-codemeta_description.R#35)
     2. Error: Sys requirements (@test-parse_depends.R#48)
    
     Error: testthat unit tests failed
     Execution halted
Flavor: r-patched-solaris-x86