CRAN Package Check Results for Package codemetar

Last updated on 2018-11-21 08:48:32 CET.

Flavor Version Tinstall Tcheck Ttotal Status Flags
r-devel-linux-x86_64-debian-clang 0.1.6 3.16 57.20 60.36 OK
r-devel-linux-x86_64-debian-gcc 0.1.6 2.54 46.12 48.66 OK
r-devel-linux-x86_64-fedora-clang 0.1.6 65.11 NOTE
r-devel-linux-x86_64-fedora-gcc 0.1.6 62.99 NOTE
r-devel-windows-ix86+x86_64 0.1.6 12.00 173.00 185.00 OK
r-patched-linux-x86_64 0.1.6 3.32 54.93 58.25 OK
r-patched-solaris-x86 0.1.6 96.40 ERROR
r-release-linux-x86_64 0.1.6 3.42 54.63 58.05 OK
r-release-windows-ix86+x86_64 0.1.6 6.00 158.00 164.00 OK
r-release-osx-x86_64 0.1.6 NOTE
r-oldrel-windows-ix86+x86_64 0.1.6 8.00 166.00 174.00 OK
r-oldrel-osx-x86_64 0.1.6 NOTE

Check Details

Version: 0.1.6
Check: dependencies in R code
Result: NOTE
    Namespace in Imports field not imported from: ‘memoise’
     All declared Imports should be used.
Flavors: r-devel-linux-x86_64-fedora-clang, r-devel-linux-x86_64-fedora-gcc, r-patched-solaris-x86, r-release-osx-x86_64, r-oldrel-osx-x86_64

Version: 0.1.6
Check: tests
Result: ERROR
     Running ‘testthat.R’ [13s/484s]
    Running the tests in ‘tests/testthat.R’ failed.
    Complete output:
     > library(testthat)
     > library(codemetar)
     >
     > test_check("codemetar")
     ── 1. Error: We can read an existing codemeta.json file (@test-write_codemeta.R#
     Timeout was reached: Resolving timed out after 10000 milliseconds
     1: write_codemeta("codemetar") at testthat/test-write_codemeta.R:29
     2: create_codemeta(pkg = pkg, root = root)
     3: codemeta_description(file.path(root, "DESCRIPTION"), id = id, cm)
     4: parse_sys_reqs(descr$get("Package"), descr$get("SystemRequirements"))
     5: get_sys_links(pkg, description = sys_reqs)
     6: jsonlite::fromJSON(sprintf("https://sysreqs.r-hub.io/pkg/%s", pkg), simplifyVector = FALSE)
     7: fromJSON_string(txt = txt, simplifyVector = simplifyVector, simplifyDataFrame = simplifyDataFrame,
     simplifyMatrix = simplifyMatrix, flatten = flatten, ...)
     8: parseJSON(txt, bigint_as_char)
     9: parse_con(txt, bigint_as_char)
     10: open(con, "rb")
     11: open.connection(con, "rb")
    
     ══ testthat results ═══════════════════════════════════════════════════════════
     OK: 79 SKIPPED: 10 FAILED: 1
     1. Error: We can read an existing codemeta.json file (@test-write_codemeta.R#29)
    
     Error: testthat unit tests failed
     Execution halted
Flavor: r-patched-solaris-x86