CRAN Package Check Results for Package codename

Last updated on 2022-12-10 07:56:49 CET.

Flavor Version Tinstall Tcheck Ttotal Status Flags
r-devel-linux-x86_64-debian-clang 0.4.0 2.31 22.44 24.75 OK
r-devel-linux-x86_64-debian-gcc 0.4.0 1.49 17.92 19.41 OK
r-devel-linux-x86_64-fedora-clang 0.4.0 44.06 NOTE
r-devel-linux-x86_64-fedora-gcc 0.4.0 40.50 NOTE
r-devel-windows-x86_64 0.4.0 16.00 50.00 66.00 OK
r-patched-linux-x86_64 0.4.0 2.16 22.00 24.16 OK
r-release-linux-x86_64 0.4.0 1.82 21.92 23.74 OK
r-release-macos-arm64 0.4.0 14.00 NOTE
r-release-macos-x86_64 0.4.0 19.00 NOTE
r-release-windows-x86_64 0.4.0 18.00 49.00 67.00 OK
r-oldrel-macos-arm64 0.4.0 19.00 NOTE
r-oldrel-macos-x86_64 0.4.0 21.00 NOTE
r-oldrel-windows-ix86+x86_64 0.4.0 6.00 45.00 51.00 OK

Check Details

Version: 0.4.0
Check: data for non-ASCII characters
Result: NOTE
     Note: found 6 marked UTF-8 strings
Flavors: r-devel-linux-x86_64-fedora-clang, r-devel-linux-x86_64-fedora-gcc, r-release-macos-arm64, r-release-macos-x86_64, r-oldrel-macos-arm64, r-oldrel-macos-x86_64