CRAN Package Check Results for Package codified

Last updated on 2022-05-26 12:53:35 CEST.

Flavor Version Tinstall Tcheck Ttotal Status Flags
r-devel-linux-x86_64-debian-clang 0.2.0 5.10 62.12 67.22 NOTE
r-devel-linux-x86_64-debian-gcc 0.2.0 4.12 53.94 58.06 NOTE
r-devel-linux-x86_64-fedora-clang 0.2.0 79.20 NOTE
r-devel-linux-x86_64-fedora-gcc 0.2.0 77.09 NOTE
r-devel-windows-x86_64 0.2.0 13.00 83.00 96.00 NOTE
r-patched-linux-x86_64 0.2.0 3.99 58.37 62.36 NOTE
r-release-linux-x86_64 0.2.0 NOTE
r-release-macos-arm64 0.2.0 27.00 NOTE
r-release-macos-x86_64 0.2.0 54.00 NOTE
r-release-windows-x86_64 0.2.0 13.00 82.00 95.00 NOTE
r-oldrel-macos-arm64 0.2.0 33.00 NOTE
r-oldrel-macos-x86_64 0.2.0 1803.00 NOTE
r-oldrel-windows-ix86+x86_64 0.2.0 11.00 94.00 105.00 WARN

Check Details

Version: 0.2.0
Check: LazyData
Result: NOTE
     'LazyData' is specified without a 'data' directory
Flavors: r-devel-linux-x86_64-debian-clang, r-devel-linux-x86_64-debian-gcc, r-devel-linux-x86_64-fedora-clang, r-devel-linux-x86_64-fedora-gcc, r-devel-windows-x86_64, r-patched-linux-x86_64, r-release-linux-x86_64, r-release-macos-arm64, r-release-macos-x86_64, r-release-windows-x86_64, r-oldrel-macos-arm64, r-oldrel-macos-x86_64, r-oldrel-windows-ix86+x86_64

Version: 0.2.0
Check: dependencies in R code
Result: NOTE
    Namespaces in Imports field not imported from:
     ‘methods’ ‘readr’
     All declared Imports should be used.
Flavors: r-devel-linux-x86_64-fedora-clang, r-devel-linux-x86_64-fedora-gcc, r-release-macos-arm64, r-release-macos-x86_64, r-oldrel-macos-arm64, r-oldrel-macos-x86_64

Version: 0.2.0
Check: re-building of vignette outputs
Result: WARN
    Error(s) in re-building vignettes:
    --- re-building 'nih-enrollment-html.Rmd' using rmarkdown
    Quitting from lines 178-184 (nih-enrollment-html.Rmd)
    Error: processing vignette 'nih-enrollment-html.Rmd' failed with diagnostics:
    Can't subset columns that don't exist.
    x Column `gender` doesn't exist.
    --- failed re-building 'nih-enrollment-html.Rmd'
    
    SUMMARY: processing the following file failed:
     'nih-enrollment-html.Rmd'
    
    Error: Vignette re-building failed.
    Execution halted
Flavor: r-oldrel-windows-ix86+x86_64