CRAN Package Check Results for Package codyn

Last updated on 2018-02-25 16:48:12 CET.

Flavor Version Tinstall Tcheck Ttotal Status Flags
r-devel-linux-x86_64-debian-clang 1.1.0 1.37 107.11 108.48 OK
r-devel-linux-x86_64-debian-gcc 1.1.0 1.74 78.17 79.91 OK
r-devel-linux-x86_64-fedora-clang 1.1.0 122.94 OK
r-devel-linux-x86_64-fedora-gcc 1.1.0 117.63 OK
r-devel-windows-ix86+x86_64 1.1.0 6.00 154.00 160.00 OK
r-patched-linux-x86_64 1.1.0 1.18 106.61 107.79 OK
r-patched-solaris-x86 1.1.0 133.10 OK
r-release-linux-x86_64 1.1.0 1.22 105.11 106.33 OK
r-release-windows-ix86+x86_64 1.1.0 3.00 150.00 153.00 OK
r-release-osx-x86_64 1.1.0 NOTE
r-oldrel-windows-ix86+x86_64 1.1.0 3.00 108.00 111.00 OK
r-oldrel-osx-x86_64 1.1.0 OK

Check Details

Version: 1.1.0
Check: package dependencies
Result: NOTE
    Package suggested but not available for checking: ‘devtools’
Flavor: r-release-osx-x86_64