CRAN Package Check Results for Package codyn

Last updated on 2018-05-22 18:46:45 CEST.

Flavor Version Tinstall Tcheck Ttotal Status Flags
r-devel-linux-x86_64-debian-clang 1.1.0 2.28 99.49 101.77 OK
r-devel-linux-x86_64-debian-gcc 1.1.0 1.63 78.69 80.32 OK
r-devel-linux-x86_64-fedora-clang 1.1.0 125.42 OK
r-devel-linux-x86_64-fedora-gcc 1.1.0 119.80 OK
r-devel-windows-ix86+x86_64 1.1.0 6.00 155.00 161.00 OK
r-patched-linux-x86_64 1.1.0 1.54 103.43 104.97 OK
r-patched-solaris-x86 1.1.0 153.90 OK
r-release-linux-x86_64 1.1.0 1.95 101.82 103.77 OK
r-release-windows-ix86+x86_64 1.1.0 5.00 119.00 124.00 OK
r-release-osx-x86_64 1.1.0 OK
r-oldrel-windows-ix86+x86_64 1.1.0 5.00 150.00 155.00 OK
r-oldrel-osx-x86_64 1.1.0 NOTE

Check Details

Version: 1.1.0
Check: package dependencies
Result: NOTE
    Package suggested but not available for checking: ‘devtools’
Flavor: r-oldrel-osx-x86_64