CRAN Package Check Results for Package coefplot

Last updated on 2018-05-24 19:49:25 CEST.

Flavor Version Tinstall Tcheck Ttotal Status Flags
r-devel-linux-x86_64-debian-clang 1.2.6 3.06 63.65 66.71 OK
r-devel-linux-x86_64-debian-gcc 1.2.6 3.07 55.48 58.55 OK
r-devel-linux-x86_64-fedora-clang 1.2.6 88.56 OK
r-devel-linux-x86_64-fedora-gcc 1.2.6 87.31 OK
r-devel-windows-ix86+x86_64 1.2.6 8.00 91.00 99.00 OK
r-patched-linux-x86_64 1.2.6 2.44 66.20 68.64 OK
r-patched-solaris-x86 1.2.6 113.80 ERROR
r-release-linux-x86_64 1.2.6 3.38 66.53 69.91 OK
r-release-windows-ix86+x86_64 1.2.6 10.00 115.00 125.00 OK
r-release-osx-x86_64 1.2.6 OK
r-oldrel-windows-ix86+x86_64 1.2.6 10.00 172.00 182.00 OK
r-oldrel-osx-x86_64 1.2.6 OK

Check Details

Version: 1.2.6
Check: package dependencies
Result: NOTE
    Package suggested but not available for checking: ‘xgboost’
Flavor: r-patched-solaris-x86

Version: 1.2.6
Check: examples
Result: ERROR
    Running examples in ‘coefplot-Ex.R’ failed
    The error most likely occurred in:
    
    > ### Name: extract.coef.xgb.Booster
    > ### Title: extract.coef.xgb.Booster
    > ### Aliases: extract.coef.xgb.Booster
    >
    > ### ** Examples
    >
    > library(xgboost)
    Error in library(xgboost) : there is no package called ‘xgboost’
    Execution halted
Flavor: r-patched-solaris-x86