CRAN Package Check Results for Package coefplot

Last updated on 2019-02-16 19:47:18 CET.

Flavor Version Tinstall Tcheck Ttotal Status Flags
r-devel-linux-x86_64-debian-clang 1.2.6 4.09 77.61 81.70 OK
r-devel-linux-x86_64-debian-gcc 1.2.6 3.14 59.84 62.98 OK
r-devel-linux-x86_64-fedora-clang 1.2.6 93.04 OK
r-devel-linux-x86_64-fedora-gcc 1.2.6 92.33 OK
r-devel-windows-ix86+x86_64 1.2.6 12.00 119.00 131.00 OK
r-patched-linux-x86_64 1.2.6 3.34 72.97 76.31 OK
r-patched-solaris-x86 1.2.6 118.70 ERROR
r-release-linux-x86_64 1.2.6 OK
r-release-windows-ix86+x86_64 1.2.6 7.00 81.00 88.00 OK
r-release-osx-x86_64 1.2.6 OK
r-oldrel-windows-ix86+x86_64 1.2.6 12.00 130.00 142.00 OK
r-oldrel-osx-x86_64 1.2.6 OK

Check Details

Version: 1.2.6
Check: package dependencies
Result: NOTE
    Package suggested but not available for checking: ‘xgboost’
Flavor: r-patched-solaris-x86

Version: 1.2.6
Check: examples
Result: ERROR
    Running examples in ‘coefplot-Ex.R’ failed
    The error most likely occurred in:
    
    > ### Name: extract.coef.xgb.Booster
    > ### Title: extract.coef.xgb.Booster
    > ### Aliases: extract.coef.xgb.Booster
    >
    > ### ** Examples
    >
    > library(xgboost)
    Error in library(xgboost) : there is no package called ‘xgboost’
    Execution halted
Flavor: r-patched-solaris-x86