CRAN Package Check Results for Package coglasso

Last updated on 2024-06-22 03:49:29 CEST.

Flavor Version Tinstall Tcheck Ttotal Status Flags
r-devel-linux-x86_64-debian-clang 1.0.2 36.09 146.78 182.87 OK
r-devel-linux-x86_64-debian-gcc 1.0.2 26.72 125.45 152.17 OK
r-devel-linux-x86_64-fedora-clang 1.0.2 232.91 OK
r-devel-linux-x86_64-fedora-gcc 1.0.2 262.89 OK
r-devel-windows-x86_64 1.0.2 29.00 159.00 188.00 OK
r-patched-linux-x86_64 1.0.2 29.52 144.67 174.19 OK
r-release-linux-x86_64 1.0.2 30.42 146.59 177.01 OK
r-release-macos-arm64 1.0.2 84.00 NOTE
r-release-macos-x86_64 1.0.2 108.00 NOTE
r-release-windows-x86_64 1.0.2 28.00 149.00 177.00 OK
r-oldrel-macos-arm64 1.0.2 98.00 NOTE
r-oldrel-macos-x86_64 1.0.2 204.00 NOTE
r-oldrel-windows-x86_64 1.0.2 35.00 193.00 228.00 OK

Check Details

Version: 1.0.2
Check: installed package size
Result: NOTE installed size is 5.8Mb sub-directories of 1Mb or more: libs 5.6Mb Flavors: r-release-macos-arm64, r-release-macos-x86_64, r-oldrel-macos-arm64, r-oldrel-macos-x86_64