CRAN Package Check Results for Package cogmapr

Last updated on 2022-12-07 19:52:57 CET.

Flavor Version Tinstall Tcheck Ttotal Status Flags
r-devel-linux-x86_64-debian-clang 0.9.3 7.53 109.56 117.09 NOTE
r-devel-linux-x86_64-debian-gcc 0.9.3 7.54 82.90 90.44 NOTE
r-devel-linux-x86_64-fedora-clang 0.9.3 165.52 NOTE
r-devel-linux-x86_64-fedora-gcc 0.9.3 149.05 NOTE
r-devel-windows-x86_64 0.9.3 105.00 147.00 252.00 NOTE
r-patched-linux-x86_64 0.9.3 9.22 100.49 109.71 OK
r-release-linux-x86_64 0.9.3 8.12 99.66 107.78 OK
r-release-macos-arm64 0.9.3 44.00 OK
r-release-macos-x86_64 0.9.3 87.00 OK
r-release-windows-x86_64 0.9.3 692.00 137.00 829.00 OK
r-oldrel-macos-arm64 0.9.3 36.00 OK
r-oldrel-macos-x86_64 0.9.3 54.00 OK
r-oldrel-windows-ix86+x86_64 0.9.3 21.00 128.00 149.00 OK

Check Details

Version: 0.9.3
Check: package subdirectories
Result: NOTE
    Problems with news in 'NEWS.md':
    No news entries found.
Flavors: r-devel-linux-x86_64-debian-clang, r-devel-linux-x86_64-debian-gcc, r-devel-linux-x86_64-fedora-clang, r-devel-linux-x86_64-fedora-gcc, r-devel-windows-x86_64