CRAN Package Check Results for Package coloc

Last updated on 2020-02-24 14:47:59 CET.

Flavor Version Tinstall Tcheck Ttotal Status Flags
r-devel-linux-x86_64-debian-clang 3.2-1 15.07 142.20 157.27 OK
r-devel-linux-x86_64-debian-gcc 3.2-1 13.63 107.04 120.67 OK
r-devel-linux-x86_64-fedora-clang 3.2-1 189.26 NOTE
r-devel-linux-x86_64-fedora-gcc 3.2-1 190.20 NOTE
r-devel-windows-ix86+x86_64 3.2-1 33.00 139.00 172.00 OK
r-devel-windows-ix86+x86_64-gcc8 3.2-1 39.00 195.00 234.00 OK
r-patched-linux-x86_64 3.2-1 OK
r-patched-solaris-x86 3.2-1 232.50 NOTE
r-release-linux-x86_64 3.2-1 11.39 120.80 132.19 OK
r-release-windows-ix86+x86_64 3.2-1 29.00 129.00 158.00 OK
r-release-osx-x86_64 3.2-1 NOTE
r-oldrel-windows-ix86+x86_64 3.2-1 19.00 134.00 153.00 OK
r-oldrel-osx-x86_64 3.2-1 NOTE

Check Details

Version: 3.2-1
Check: dependencies in R code
Result: NOTE
    Namespace in Imports field not imported from: ‘data.table’
     All declared Imports should be used.
Flavors: r-devel-linux-x86_64-fedora-clang, r-devel-linux-x86_64-fedora-gcc, r-patched-solaris-x86, r-release-osx-x86_64, r-oldrel-osx-x86_64