CRAN Package Check Results for Package coloc

Last updated on 2019-09-20 19:46:59 CEST.

Flavor Version Tinstall Tcheck Ttotal Status Flags
r-devel-linux-x86_64-debian-clang 3.2-1 13.54 124.17 137.71 OK
r-devel-linux-x86_64-debian-gcc 3.2-1 12.39 95.77 108.16 OK
r-devel-linux-x86_64-fedora-clang 3.2-1 164.85 NOTE
r-devel-linux-x86_64-fedora-gcc 3.2-1 162.78 NOTE
r-devel-windows-ix86+x86_64 3.2-1 46.00 181.00 227.00 OK
r-patched-linux-x86_64 3.2-1 13.44 118.19 131.63 OK
r-patched-solaris-x86 3.2-1 236.70 NOTE
r-release-linux-x86_64 3.2-1 12.27 120.46 132.73 OK
r-release-windows-ix86+x86_64 3.2-1 29.00 131.00 160.00 OK
r-release-osx-x86_64 3.2-1 ERROR
r-oldrel-windows-ix86+x86_64 3.2-1 19.00 134.00 153.00 OK
r-oldrel-osx-x86_64 3.2-1 NOTE

Check Details

Version: 3.2-1
Check: dependencies in R code
Result: NOTE
    Namespace in Imports field not imported from: ‘data.table’
     All declared Imports should be used.
Flavors: r-devel-linux-x86_64-fedora-clang, r-devel-linux-x86_64-fedora-gcc, r-patched-solaris-x86, r-oldrel-osx-x86_64

Version: 3.2-1
Check: package dependencies
Result: ERROR
    Package required but not available: ‘snpStats’
    
    See section ‘The DESCRIPTION file’ in the ‘Writing R Extensions’
    manual.
Flavor: r-release-osx-x86_64