CRAN Package Check Results for Package colorSpec

Last updated on 2018-02-20 17:47:34 CET.

Flavor Version Tinstall Tcheck Ttotal Status Flags
r-devel-linux-x86_64-debian-clang 0.6-2 7.97 184.22 192.19 OK
r-devel-linux-x86_64-debian-gcc 0.6-2 7.14 133.56 140.70 OK
r-devel-linux-x86_64-fedora-clang 0.6-2 217.52 NOTE
r-devel-linux-x86_64-fedora-gcc 0.6-2 214.46 NOTE
r-devel-windows-ix86+x86_64 0.6-2 14.00 198.00 212.00 OK
r-patched-linux-x86_64 0.6-2 2.00 209.91 211.91 OK
r-patched-solaris-x86 0.6-2 238.00 NOTE
r-release-linux-x86_64 0.6-2 2.00 208.63 210.63 OK
r-release-windows-ix86+x86_64 0.6-2 7.00 290.00 297.00 OK
r-release-osx-x86_64 0.6-2 NOTE
r-oldrel-windows-ix86+x86_64 0.6-2 12.00 279.00 291.00 OK
r-oldrel-osx-x86_64 0.6-2 WARN

Check Details

Version: 0.6-2
Check: data for non-ASCII characters
Result: NOTE
     Note: found 1 marked UTF-8 string
Flavors: r-devel-linux-x86_64-fedora-clang, r-devel-linux-x86_64-fedora-gcc, r-patched-solaris-x86, r-release-osx-x86_64, r-oldrel-osx-x86_64

Version: 0.6-2
Check: re-building of vignette outputs
Result: WARN
    Error in re-building vignettes:
     ...
    See the LaTeX manual or LaTeX Companion for explanation.
    Type H <return> for immediate help.
     ...
    ! LaTeX Error: Unknown float option `H'.
    
    See the LaTeX manual or LaTeX Companion for explanation.
    Type H <return> for immediate help.
     ...
    ! LaTeX Error: Unknown float option `H'.
    
    See the LaTeX manual or LaTeX Companion for explanation.
    Type H <return> for immediate help.
     ...
    ! LaTeX Error: Unknown float option `H'.
    
    See the LaTeX manual or LaTeX Companion for explanation.
    Type H <return> for immediate help.
     ...
    ! LaTeX Error: Unknown float option `H'.
    
    See the LaTeX manual or LaTeX Companion for explanation.
    Type H <return> for immediate help.
     ...
    Calls: buildVignettes -> texi2pdf -> texi2dvi
    Execution halted
Flavor: r-oldrel-osx-x86_64