CRAN Package Check Results for Package colorSpec

Last updated on 2018-11-13 01:46:15 CET.

Flavor Version Tinstall Tcheck Ttotal Status Flags
r-devel-linux-x86_64-debian-clang 0.7-3 2.63 292.24 294.87 OK
r-devel-linux-x86_64-debian-gcc 0.7-3 2.26 225.41 227.67 OK
r-devel-linux-x86_64-fedora-clang 0.7-3 309.15 NOTE
r-devel-linux-x86_64-fedora-gcc 0.7-3 342.76 NOTE
r-devel-windows-ix86+x86_64 0.7-3 8.00 272.00 280.00 OK
r-patched-linux-x86_64 0.7-3 2.11 285.33 287.44 OK
r-patched-solaris-x86 0.7-3 307.50 NOTE
r-release-linux-x86_64 0.7-3 2.26 282.53 284.79 OK
r-release-windows-ix86+x86_64 0.7-3 13.00 262.00 275.00 OK
r-release-osx-x86_64 0.7-3 NOTE
r-oldrel-windows-ix86+x86_64 0.7-3 10.00 282.00 292.00 OK
r-oldrel-osx-x86_64 0.7-3 NOTE

Check Details

Version: 0.7-3
Check: data for non-ASCII characters
Result: NOTE
     Note: found 1 marked UTF-8 string
Flavors: r-devel-linux-x86_64-fedora-clang, r-devel-linux-x86_64-fedora-gcc, r-patched-solaris-x86, r-release-osx-x86_64, r-oldrel-osx-x86_64

Version: 0.7-3
Check: installed package size
Result: NOTE
     installed size is 5.2Mb
     sub-directories of 1Mb or more:
     doc 2.0Mb
     extdata 2.3Mb
Flavor: r-patched-solaris-x86