CRAN Package Check Results for Package colorSpec

Last updated on 2024-02-25 17:50:16 CET.

Flavor Version Tinstall Tcheck Ttotal Status Flags
r-devel-linux-x86_64-debian-clang 1.5-0 4.12 226.51 230.63 OK
r-devel-linux-x86_64-debian-gcc 1.5-0 3.02 172.70 175.72 OK
r-devel-linux-x86_64-fedora-clang 1.5-0 282.64 NOTE
r-devel-linux-x86_64-fedora-gcc 1.5-0 287.62 OK
r-devel-windows-x86_64 1.5-0 6.00 302.00 308.00 NOTE
r-patched-linux-x86_64 1.5-0 7.09 221.06 228.15 OK
r-release-linux-x86_64 1.5-0 4.79 220.85 225.64 OK
r-release-macos-arm64 1.5-0 109.00 NOTE
r-release-macos-x86_64 1.5-0 323.00 NOTE
r-release-windows-x86_64 1.5-0 9.00 314.00 323.00 NOTE
r-oldrel-macos-arm64 1.5-0 99.00 NOTE
r-oldrel-windows-x86_64 1.5-0 9.00 306.00 315.00 NOTE

Check Details

Version: 1.5-0
Check: installed package size
Result: NOTE installed size is 5.4Mb sub-directories of 1Mb or more: doc 2.4Mb extdata 2.1Mb Flavors: r-devel-linux-x86_64-fedora-clang, r-devel-windows-x86_64, r-release-macos-arm64, r-release-macos-x86_64, r-release-windows-x86_64, r-oldrel-macos-arm64, r-oldrel-windows-x86_64