CRAN Package Check Results for Package colorSpec

Last updated on 2019-02-18 05:49:15 CET.

Flavor Version Tinstall Tcheck Ttotal Status Flags
r-devel-linux-x86_64-debian-clang 0.7-5 2.74 333.25 335.99 OK
r-devel-linux-x86_64-debian-gcc 0.7-5 2.84 253.64 256.48 OK
r-devel-linux-x86_64-fedora-clang 0.7-5 372.87 NOTE
r-devel-linux-x86_64-fedora-gcc 0.7-5 381.70 NOTE
r-devel-windows-ix86+x86_64 0.7-5 12.00 300.00 312.00 OK
r-patched-linux-x86_64 0.7-5 2.91 305.19 308.10 OK
r-patched-solaris-x86 0.7-5 338.70 NOTE
r-release-linux-x86_64 0.7-5 OK
r-release-windows-ix86+x86_64 0.7-5 8.00 268.00 276.00 OK
r-release-osx-x86_64 0.7-5 NOTE
r-oldrel-windows-ix86+x86_64 0.7-5 8.00 342.00 350.00 OK
r-oldrel-osx-x86_64 0.7-5 NOTE

Check Details

Version: 0.7-5
Check: installed package size
Result: NOTE
     installed size is 5.1Mb
     sub-directories of 1Mb or more:
     doc 2.3Mb
     extdata 2.1Mb
Flavors: r-devel-linux-x86_64-fedora-clang, r-patched-solaris-x86

Version: 0.7-5
Check: data for non-ASCII characters
Result: NOTE
     Note: found 1 marked UTF-8 string
Flavors: r-devel-linux-x86_64-fedora-clang, r-devel-linux-x86_64-fedora-gcc, r-patched-solaris-x86, r-release-osx-x86_64, r-oldrel-osx-x86_64