CRAN Package Check Results for Package colorSpec

Last updated on 2018-05-24 19:49:25 CEST.

Flavor Version Tinstall Tcheck Ttotal Status Flags
r-devel-linux-x86_64-debian-clang 0.7-3 1.97 203.01 204.98 OK
r-devel-linux-x86_64-debian-gcc 0.7-3 1.85 165.14 166.99 OK
r-devel-linux-x86_64-fedora-clang 0.7-3 261.08 NOTE
r-devel-linux-x86_64-fedora-gcc 0.7-3 258.52 NOTE
r-devel-windows-ix86+x86_64 0.7-3 8.00 269.00 277.00 OK
r-patched-linux-x86_64 0.7-3 1.97 234.90 236.87 OK
r-patched-solaris-x86 0.7-3 300.90 NOTE
r-release-linux-x86_64 0.7-3 1.78 220.20 221.98 OK
r-release-windows-ix86+x86_64 0.7-3 10.00 331.00 341.00 OK
r-release-osx-x86_64 0.7-3 NOTE
r-oldrel-windows-ix86+x86_64 0.7-3 16.00 253.00 269.00 OK
r-oldrel-osx-x86_64 0.7-3 NOTE

Check Details

Version: 0.7-3
Check: data for non-ASCII characters
Result: NOTE
     Note: found 1 marked UTF-8 string
Flavors: r-devel-linux-x86_64-fedora-clang, r-devel-linux-x86_64-fedora-gcc, r-patched-solaris-x86, r-release-osx-x86_64, r-oldrel-osx-x86_64

Version: 0.7-3
Check: installed package size
Result: NOTE
     installed size is 5.2Mb
     sub-directories of 1Mb or more:
     doc 2.0Mb
     extdata 2.3Mb
Flavor: r-patched-solaris-x86