CRAN Package Check Results for Package colorSpec

Last updated on 2018-08-20 09:47:32 CEST.

Flavor Version Tinstall Tcheck Ttotal Status Flags
r-devel-linux-x86_64-debian-clang 0.7-3 1.98 287.01 288.99 OK
r-devel-linux-x86_64-debian-gcc 0.7-3 2.00 222.53 224.53 OK
r-devel-linux-x86_64-fedora-clang 0.7-3 347.31 NOTE
r-devel-linux-x86_64-fedora-gcc 0.7-3 343.48 NOTE
r-devel-windows-ix86+x86_64 0.7-3 12.00 329.00 341.00 OK
r-patched-linux-x86_64 0.7-3 2.74 283.38 286.12 OK
r-patched-solaris-x86 0.7-3 300.10 NOTE
r-release-linux-x86_64 0.7-3 3.16 284.61 287.77 OK
r-release-windows-ix86+x86_64 0.7-3 13.00 327.00 340.00 OK
r-release-osx-x86_64 0.7-3 NOTE
r-oldrel-windows-ix86+x86_64 0.7-3 7.00 306.00 313.00 OK
r-oldrel-osx-x86_64 0.7-3 NOTE

Check Details

Version: 0.7-3
Check: data for non-ASCII characters
Result: NOTE
     Note: found 1 marked UTF-8 string
Flavors: r-devel-linux-x86_64-fedora-clang, r-devel-linux-x86_64-fedora-gcc, r-patched-solaris-x86, r-release-osx-x86_64, r-oldrel-osx-x86_64

Version: 0.7-3
Check: installed package size
Result: NOTE
     installed size is 5.2Mb
     sub-directories of 1Mb or more:
     doc 2.0Mb
     extdata 2.3Mb
Flavor: r-patched-solaris-x86