CRAN Package Check Results for Package colordistance

Last updated on 2018-02-21 11:54:03 CET.

Flavor Version Tinstall Tcheck Ttotal Status Flags
r-devel-linux-x86_64-debian-clang 0.8.0 1.93 115.44 117.37 NOTE
r-devel-linux-x86_64-debian-gcc 0.8.0 1.90 85.77 87.67 NOTE
r-devel-linux-x86_64-fedora-clang 0.8.0 129.93 NOTE
r-devel-linux-x86_64-fedora-gcc 0.8.0 124.59 NOTE
r-devel-windows-ix86+x86_64 0.8.0 5.00 114.00 119.00 OK
r-patched-linux-x86_64 0.8.0 1.36 160.07 161.43 OK
r-patched-solaris-x86 0.8.0 213.90 NOTE
r-release-linux-x86_64 0.8.0 0.99 161.47 162.46 OK
r-release-windows-ix86+x86_64 0.8.0 10.00 203.00 213.00 OK
r-release-osx-x86_64 0.8.0 NOTE
r-oldrel-windows-ix86+x86_64 0.8.0 4.00 165.00 169.00 OK
r-oldrel-osx-x86_64 0.8.0 NOTE

Check Details

Version: 0.8.0
Check: DESCRIPTION meta-information
Result: NOTE
    Dependence on R version ‘3.3.2’ not with patchlevel 0
Flavors: r-devel-linux-x86_64-debian-clang, r-devel-linux-x86_64-debian-gcc, r-devel-linux-x86_64-fedora-clang, r-devel-linux-x86_64-fedora-gcc

Version: 0.8.0
Check: dependencies in R code
Result: NOTE
    Namespace in Imports field not imported from: ‘magrittr’
     All declared Imports should be used.
Flavors: r-devel-linux-x86_64-fedora-clang, r-devel-linux-x86_64-fedora-gcc, r-patched-solaris-x86, r-release-osx-x86_64, r-oldrel-osx-x86_64