CRAN Package Check Results for Package colordistance

Last updated on 2019-02-19 22:51:23 CET.

Flavor Version Tinstall Tcheck Ttotal Status Flags
r-devel-linux-x86_64-debian-clang 1.1.0 3.48 122.46 125.94 OK
r-devel-linux-x86_64-debian-gcc 1.1.0 3.12 92.04 95.16 OK
r-devel-linux-x86_64-fedora-clang 1.1.0 149.83 NOTE
r-devel-linux-x86_64-fedora-gcc 1.1.0 141.79 NOTE
r-devel-windows-ix86+x86_64 1.1.0 9.00 174.00 183.00 OK
r-patched-linux-x86_64 1.1.0 3.41 147.30 150.71 OK
r-patched-solaris-x86 1.1.0 245.30 NOTE
r-release-linux-x86_64 1.1.0 3.23 147.90 151.13 OK
r-release-windows-ix86+x86_64 1.1.0 5.00 202.00 207.00 OK
r-release-osx-x86_64 1.1.0 NOTE
r-oldrel-windows-ix86+x86_64 1.1.0 4.00 221.00 225.00 OK
r-oldrel-osx-x86_64 1.1.0 NOTE

Check Details

Version: 1.1.0
Check: dependencies in R code
Result: NOTE
    Namespace in Imports field not imported from: ‘magrittr’
     All declared Imports should be used.
Flavors: r-devel-linux-x86_64-fedora-clang, r-devel-linux-x86_64-fedora-gcc, r-patched-solaris-x86, r-release-osx-x86_64, r-oldrel-osx-x86_64