CRAN Package Check Results for Package colordistance

Last updated on 2018-05-24 04:49:27 CEST.

Flavor Version Tinstall Tcheck Ttotal Status Flags
r-devel-linux-x86_64-debian-clang 0.8.0 2.27 100.06 102.33 OK
r-devel-linux-x86_64-debian-gcc 0.8.0 1.84 87.81 89.65 OK
r-devel-linux-x86_64-fedora-clang 0.8.0 134.82 NOTE
r-devel-linux-x86_64-fedora-gcc 0.8.0 128.48 NOTE
r-devel-windows-ix86+x86_64 0.8.0 6.00 127.00 133.00 OK
r-patched-linux-x86_64 0.8.0 1.98 110.57 112.55 NOTE
r-patched-solaris-x86 0.8.0 195.80 NOTE
r-release-linux-x86_64 0.8.0 1.83 108.41 110.24 NOTE
r-release-windows-ix86+x86_64 0.8.0 7.00 159.00 166.00 OK
r-release-osx-x86_64 0.8.0 NOTE
r-oldrel-windows-ix86+x86_64 0.8.0 6.00 212.00 218.00 OK
r-oldrel-osx-x86_64 0.8.0 NOTE

Check Details

Version: 0.8.0
Check: dependencies in R code
Result: NOTE
    Namespace in Imports field not imported from: ‘magrittr’
     All declared Imports should be used.
Flavors: r-devel-linux-x86_64-fedora-clang, r-devel-linux-x86_64-fedora-gcc, r-patched-solaris-x86, r-release-osx-x86_64, r-oldrel-osx-x86_64

Version: 0.8.0
Check: DESCRIPTION meta-information
Result: NOTE
    Dependence on R version ‘3.3.2’ not with patchlevel 0
Flavors: r-patched-linux-x86_64, r-release-linux-x86_64