CRAN Package Check Results for Package colordistance

Last updated on 2018-08-20 07:47:33 CEST.

Flavor Version Tinstall Tcheck Ttotal Status Flags
r-devel-linux-x86_64-debian-clang 1.0.0 2.52 144.76 147.28 OK
r-devel-linux-x86_64-debian-gcc 1.0.0 2.53 108.32 110.85 OK
r-devel-linux-x86_64-fedora-clang 1.0.0 170.12 NOTE
r-devel-linux-x86_64-fedora-gcc 1.0.0 167.10 NOTE
r-devel-windows-ix86+x86_64 1.0.0 10.00 191.00 201.00 OK
r-patched-linux-x86_64 1.0.0 3.14 144.91 148.05 OK
r-patched-solaris-x86 1.0.0 234.20 NOTE
r-release-linux-x86_64 1.0.0 2.86 146.32 149.18 OK
r-release-windows-ix86+x86_64 1.0.0 11.00 218.00 229.00 OK
r-release-osx-x86_64 1.0.0 NOTE
r-oldrel-windows-ix86+x86_64 1.0.0 5.00 218.00 223.00 OK
r-oldrel-osx-x86_64 1.0.0 NOTE

Check Details

Version: 1.0.0
Check: dependencies in R code
Result: NOTE
    Namespace in Imports field not imported from: ‘magrittr’
     All declared Imports should be used.
Flavors: r-devel-linux-x86_64-fedora-clang, r-devel-linux-x86_64-fedora-gcc, r-patched-solaris-x86, r-release-osx-x86_64, r-oldrel-osx-x86_64