CRAN Package Check Results for Package colorednoise

Last updated on 2018-08-17 07:47:25 CEST.

Flavor Version Tinstall Tcheck Ttotal Status Flags
r-devel-linux-x86_64-debian-clang 1.0.3 35.51 288.37 323.88 OK
r-devel-linux-x86_64-debian-gcc 1.0.3 31.88 218.67 250.55 OK
r-devel-linux-x86_64-fedora-clang 1.0.3 382.85 NOTE
r-devel-linux-x86_64-fedora-gcc 1.0.3 382.17 NOTE
r-devel-windows-ix86+x86_64 1.0.3 101.00 458.00 559.00 OK
r-patched-linux-x86_64 1.0.3 37.57 270.19 307.76 OK
r-patched-solaris-x86 1.0.3 499.00 OK
r-release-linux-x86_64 1.0.3 43.18 274.45 317.63 OK
r-release-windows-ix86+x86_64 1.0.3 99.00 439.00 538.00 OK
r-release-osx-x86_64 1.0.3 OK
r-oldrel-windows-ix86+x86_64 1.0.3 100.00 367.00 467.00 OK
r-oldrel-osx-x86_64 1.0.3 OK

Check Details

Version: 1.0.3
Check: use of SHLIB_OPENMP_*FLAGS in Makefiles
Result: NOTE
     src/Makevars: SHLIB_OPENMP_CXXFLAGS is included in PKG_CXXFLAGS but not in PKG_LIBS
     src/Makevars: SHLIB_OPENMP_CFLAGS is included in PKG_LIBS but not in PKG_CFLAGS
     src/Makevars.win: SHLIB_OPENMP_CXXFLAGS is included in PKG_CXXFLAGS but not in PKG_LIBS
     src/Makevars.win: SHLIB_OPENMP_CFLAGS is included in PKG_LIBS but not in PKG_CFLAGS
    Use of these macros is discussed in sect 1.2.1.1 of ‘Writing R
    Extensions’. The macros for different languages may differ so the
    matching macro must be used in PKG_CXXFLAGS (etc) and match that used
    in PKG_LIBS (except for F77: see the manual).
Flavors: r-devel-linux-x86_64-fedora-clang, r-devel-linux-x86_64-fedora-gcc