CRAN Package Check Results for Package colorednoise

Last updated on 2018-10-19 06:47:46 CEST.

Flavor Version Tinstall Tcheck Ttotal Status Flags
r-devel-linux-x86_64-debian-clang 1.0.3 36.51 283.43 319.94 NOTE
r-devel-linux-x86_64-debian-gcc 1.0.3 37.23 215.91 253.14 NOTE
r-devel-linux-x86_64-fedora-clang 1.0.3 383.23 NOTE
r-devel-linux-x86_64-fedora-gcc 1.0.3 372.87 NOTE
r-devel-windows-ix86+x86_64 1.0.3 90.00 455.00 545.00 OK
r-patched-linux-x86_64 1.0.3 39.34 277.63 316.97 OK
r-patched-solaris-x86 1.0.3 491.40 OK
r-release-linux-x86_64 1.0.3 41.23 271.17 312.40 OK
r-release-windows-ix86+x86_64 1.0.3 89.00 470.00 559.00 OK
r-release-osx-x86_64 1.0.3 OK
r-oldrel-windows-ix86+x86_64 1.0.3 70.00 448.00 518.00 OK
r-oldrel-osx-x86_64 1.0.3 OK

Check Details

Version: 1.0.3
Check: use of SHLIB_OPENMP_*FLAGS in Makefiles
Result: NOTE
     src/Makevars: SHLIB_OPENMP_CXXFLAGS is included in PKG_CXXFLAGS but not in PKG_LIBS
     src/Makevars: SHLIB_OPENMP_CFLAGS is included in PKG_LIBS but not in PKG_CFLAGS
     src/Makevars.win: SHLIB_OPENMP_CXXFLAGS is included in PKG_CXXFLAGS but not in PKG_LIBS
     src/Makevars.win: SHLIB_OPENMP_CFLAGS is included in PKG_LIBS but not in PKG_CFLAGS
    Use of these macros is discussed in sect 1.2.1.1 of ‘Writing R
    Extensions’. The macros for different languages may differ so the
    matching macro must be used in PKG_CXXFLAGS (etc) and match that used
    in PKG_LIBS (except for F77: see the manual).
Flavors: r-devel-linux-x86_64-debian-clang, r-devel-linux-x86_64-debian-gcc, r-devel-linux-x86_64-fedora-clang, r-devel-linux-x86_64-fedora-gcc