Last updated on 2022-08-13 07:11:31 CEST.
Flavor | Version | Tinstall | Tcheck | Ttotal | Status | Flags |
---|---|---|---|---|---|---|
r-devel-linux-x86_64-debian-clang | 1.1.0 | 55.14 | 264.34 | 319.48 | NOTE | |
r-devel-linux-x86_64-debian-gcc | 1.1.0 | 37.67 | 190.82 | 228.49 | NOTE | |
r-devel-linux-x86_64-fedora-clang | 1.1.0 | 385.81 | NOTE | |||
r-devel-linux-x86_64-fedora-gcc | 1.1.0 | 369.36 | NOTE | |||
r-devel-windows-x86_64 | 1.1.0 | 58.00 | 329.00 | 387.00 | NOTE | |
r-patched-linux-x86_64 | 1.1.0 | 41.96 | 240.25 | 282.21 | NOTE | |
r-release-linux-x86_64 | 1.1.0 | 41.99 | 237.51 | 279.50 | NOTE | |
r-release-macos-arm64 | 1.1.0 | 142.00 | NOTE | |||
r-release-macos-x86_64 | 1.1.0 | 160.00 | NOTE | |||
r-release-windows-x86_64 | 1.1.0 | 59.00 | 336.00 | 395.00 | NOTE | |
r-oldrel-macos-arm64 | 1.1.0 | 163.00 | NOTE | |||
r-oldrel-macos-x86_64 | 1.1.0 | 245.00 | NOTE | |||
r-oldrel-windows-ix86+x86_64 | 1.1.0 | 121.00 | 369.00 | 490.00 | NOTE |
Version: 1.1.0
Check: LazyData
Result: NOTE
'LazyData' is specified without a 'data' directory
Flavors: r-devel-linux-x86_64-debian-clang, r-devel-linux-x86_64-debian-gcc, r-devel-linux-x86_64-fedora-clang, r-devel-linux-x86_64-fedora-gcc, r-devel-windows-x86_64, r-patched-linux-x86_64, r-release-linux-x86_64, r-release-macos-arm64, r-release-macos-x86_64, r-release-windows-x86_64, r-oldrel-macos-arm64, r-oldrel-macos-x86_64, r-oldrel-windows-ix86+x86_64