CRAN Package Check Results for Package colorednoise

Last updated on 2018-05-28 06:46:31 CEST.

Flavor Version Tinstall Tcheck Ttotal Status Flags
r-devel-linux-x86_64-debian-clang 1.0.1 35.43 260.93 296.36 OK
r-devel-linux-x86_64-debian-gcc 1.0.1 33.11 213.09 246.20 ERROR
r-devel-linux-x86_64-fedora-clang 1.0.1 2.02 ERROR
r-devel-linux-x86_64-fedora-gcc 1.0.1 378.72 NOTE
r-devel-windows-ix86+x86_64 1.0.1 80.00 327.00 407.00 OK
r-patched-linux-x86_64 1.0.1 37.04 267.47 304.51 ERROR
r-patched-solaris-x86 1.0.1 438.00 NOTE
r-release-linux-x86_64 1.0.1 38.74 283.53 322.27 ERROR
r-release-windows-ix86+x86_64 1.0.1 79.00 332.00 411.00 OK
r-release-osx-x86_64 1.0.1 NOTE
r-oldrel-windows-ix86+x86_64 1.0.1 105.00 423.00 528.00 OK
r-oldrel-osx-x86_64 0.0.2 OK

Check Details

Version: 1.0.1
Check: tests
Result: ERROR
     Running ‘testthat.R’ [19s/28s]
    Running the tests in ‘tests/testthat.R’ failed.
    Complete output:
     > library(testthat)
     > library(colorednoise)
     >
     > test_check("colorednoise")
     ── 1. Failure: multi_rnorm produces correlated variables (@test_noise.R#47) ───
     all.equal(...) isn't true.
    
     ══ testthat results ═══════════════════════════════════════════════════════════
     OK: 9 SKIPPED: 0 FAILED: 1
     1. Failure: multi_rnorm produces correlated variables (@test_noise.R#47)
    
     Error: testthat unit tests failed
     Execution halted
Flavor: r-devel-linux-x86_64-debian-gcc

Version: 1.0.1
Check: package dependencies
Result: ERROR
    Package required but not available: ‘purrrlyr’
    
    See section ‘The DESCRIPTION file’ in the ‘Writing R Extensions’
    manual.
Flavor: r-devel-linux-x86_64-fedora-clang

Version: 1.0.1
Check: dependencies in R code
Result: NOTE
    Namespace in Imports field not imported from: ‘Rcpp’
     All declared Imports should be used.
Flavors: r-devel-linux-x86_64-fedora-gcc, r-patched-solaris-x86, r-release-osx-x86_64

Version: 1.0.1
Check: tests
Result: ERROR
     Running ‘testthat.R’ [23s/27s]
    Running the tests in ‘tests/testthat.R’ failed.
    Complete output:
     > library(testthat)
     > library(colorednoise)
     >
     > test_check("colorednoise")
     ── 1. Failure: multi_rnorm produces correlated variables (@test_noise.R#47) ───
     all.equal(...) isn't true.
    
     ══ testthat results ═══════════════════════════════════════════════════════════
     OK: 9 SKIPPED: 0 FAILED: 1
     1. Failure: multi_rnorm produces correlated variables (@test_noise.R#47)
    
     Error: testthat unit tests failed
     Execution halted
Flavor: r-patched-linux-x86_64

Version: 1.0.1
Check: tests
Result: ERROR
     Running ‘testthat.R’ [24s/29s]
    Running the tests in ‘tests/testthat.R’ failed.
    Complete output:
     > library(testthat)
     > library(colorednoise)
     >
     > test_check("colorednoise")
     ── 1. Failure: multi_rnorm produces correlated variables (@test_noise.R#47) ───
     all.equal(...) isn't true.
    
     ══ testthat results ═══════════════════════════════════════════════════════════
     OK: 9 SKIPPED: 0 FAILED: 1
     1. Failure: multi_rnorm produces correlated variables (@test_noise.R#47)
    
     Error: testthat unit tests failed
     Execution halted
Flavor: r-release-linux-x86_64