CRAN Package Check Results for Package colorpatch

Last updated on 2019-02-19 22:51:23 CET.

Flavor Version Tinstall Tcheck Ttotal Status Flags
r-devel-linux-x86_64-debian-clang 0.1.2 2.76 47.30 50.06 OK
r-devel-linux-x86_64-debian-gcc 0.1.2 2.22 36.98 39.20 OK
r-devel-linux-x86_64-fedora-clang 0.1.2 61.45 NOTE
r-devel-linux-x86_64-fedora-gcc 0.1.2 55.53 NOTE
r-devel-windows-ix86+x86_64 0.1.2 7.00 84.00 91.00 OK
r-patched-linux-x86_64 0.1.2 1.94 44.50 46.44 OK
r-patched-solaris-x86 0.1.2 79.90 NOTE
r-release-linux-x86_64 0.1.2 2.17 44.28 46.45 OK
r-release-windows-ix86+x86_64 0.1.2 5.00 85.00 90.00 OK
r-release-osx-x86_64 0.1.2 NOTE
r-oldrel-windows-ix86+x86_64 0.1.2 6.00 79.00 85.00 OK
r-oldrel-osx-x86_64 0.1.2 NOTE

Check Details

Version: 0.1.2
Check: dependencies in R code
Result: NOTE
    Namespaces in Imports field not imported from:
     ‘grid’ ‘gridExtra’
     All declared Imports should be used.
Flavors: r-devel-linux-x86_64-fedora-clang, r-devel-linux-x86_64-fedora-gcc, r-patched-solaris-x86, r-release-osx-x86_64, r-oldrel-osx-x86_64