CRAN Package Check Results for Package colorpatch

Last updated on 2018-05-22 08:49:17 CEST.

Flavor Version Tinstall Tcheck Ttotal Status Flags
r-devel-linux-x86_64-debian-clang 0.1.2 2.13 39.24 41.37 OK
r-devel-linux-x86_64-debian-gcc 0.1.2 2.28 34.21 36.49 OK
r-devel-linux-x86_64-fedora-clang 0.1.2 55.43 NOTE
r-devel-linux-x86_64-fedora-gcc 0.1.2 52.50 NOTE
r-devel-windows-ix86+x86_64 0.1.2 6.00 57.00 63.00 OK
r-patched-linux-x86_64 0.1.2 2.41 40.14 42.55 OK
r-patched-solaris-x86 0.1.2 73.30 NOTE
r-release-linux-x86_64 0.1.2 1.93 39.67 41.60 OK
r-release-windows-ix86+x86_64 0.1.2 6.00 78.00 84.00 OK
r-release-osx-x86_64 0.1.2 NOTE
r-oldrel-windows-ix86+x86_64 0.1.2 10.00 81.00 91.00 OK
r-oldrel-osx-x86_64 0.1.2 NOTE

Check Details

Version: 0.1.2
Check: dependencies in R code
Result: NOTE
    Namespaces in Imports field not imported from:
     ‘grid’ ‘gridExtra’
     All declared Imports should be used.
Flavors: r-devel-linux-x86_64-fedora-clang, r-devel-linux-x86_64-fedora-gcc, r-patched-solaris-x86, r-release-osx-x86_64, r-oldrel-osx-x86_64