CRAN Package Check Results for Package colorpatch

Last updated on 2018-08-21 16:50:17 CEST.

Flavor Version Tinstall Tcheck Ttotal Status Flags
r-devel-linux-x86_64-debian-clang 0.1.2 2.90 48.25 51.15 OK
r-devel-linux-x86_64-debian-gcc 0.1.2 2.02 38.06 40.08 OK
r-devel-linux-x86_64-fedora-clang 0.1.2 60.39 NOTE
r-devel-linux-x86_64-fedora-gcc 0.1.2 58.35 NOTE
r-devel-windows-ix86+x86_64 0.1.2 8.00 65.00 73.00 OK
r-patched-linux-x86_64 0.1.2 2.78 43.03 45.81 OK
r-patched-solaris-x86 0.1.2 78.10 NOTE
r-release-linux-x86_64 0.1.2 2.91 43.27 46.18 OK
r-release-windows-ix86+x86_64 0.1.2 7.00 60.00 67.00 OK
r-release-osx-x86_64 0.1.2 NOTE
r-oldrel-windows-ix86+x86_64 0.1.2 4.00 76.00 80.00 OK
r-oldrel-osx-x86_64 0.1.2 NOTE

Check Details

Version: 0.1.2
Check: dependencies in R code
Result: NOTE
    Namespaces in Imports field not imported from:
     ‘grid’ ‘gridExtra’
     All declared Imports should be used.
Flavors: r-devel-linux-x86_64-fedora-clang, r-devel-linux-x86_64-fedora-gcc, r-patched-solaris-x86, r-release-osx-x86_64, r-oldrel-osx-x86_64