CRAN Package Check Results for Package colorpatch

Last updated on 2018-11-14 18:47:45 CET.

Flavor Version Tinstall Tcheck Ttotal Status Flags
r-devel-linux-x86_64-debian-clang 0.1.2 2.80 48.43 51.23 OK
r-devel-linux-x86_64-debian-gcc 0.1.2 2.48 38.17 40.65 OK
r-devel-linux-x86_64-fedora-clang 0.1.2 60.92 NOTE
r-devel-linux-x86_64-fedora-gcc 0.1.2 58.68 NOTE
r-devel-windows-ix86+x86_64 0.1.2 5.00 58.00 63.00 OK
r-patched-linux-x86_64 0.1.2 2.93 43.08 46.01 OK
r-patched-solaris-x86 0.1.2 79.40 NOTE
r-release-linux-x86_64 0.1.2 2.73 43.54 46.27 OK
r-release-windows-ix86+x86_64 0.1.2 12.00 56.00 68.00 OK
r-release-osx-x86_64 0.1.2 NOTE
r-oldrel-windows-ix86+x86_64 0.1.2 8.00 86.00 94.00 OK
r-oldrel-osx-x86_64 0.1.2 NOTE

Check Details

Version: 0.1.2
Check: dependencies in R code
Result: NOTE
    Namespaces in Imports field not imported from:
     ‘grid’ ‘gridExtra’
     All declared Imports should be used.
Flavors: r-devel-linux-x86_64-fedora-clang, r-devel-linux-x86_64-fedora-gcc, r-patched-solaris-x86, r-release-osx-x86_64, r-oldrel-osx-x86_64