CRAN Package Check Results for Package colorpatch

Last updated on 2018-02-23 10:48:09 CET.

Flavor Version Tinstall Tcheck Ttotal Status Flags
r-devel-linux-x86_64-debian-clang 0.1.2 2.08 33.88 35.96 OK
r-devel-linux-x86_64-debian-gcc 0.1.2 1.80 31.83 33.63 OK
r-devel-linux-x86_64-fedora-clang 0.1.2 50.85 NOTE
r-devel-linux-x86_64-fedora-gcc 0.1.2 49.66 NOTE
r-devel-windows-ix86+x86_64 0.1.2 6.00 86.00 92.00 OK
r-patched-linux-x86_64 0.1.2 1.41 48.14 49.55 OK
r-patched-solaris-x86 0.1.2 71.70 NOTE
r-release-linux-x86_64 0.1.2 1.37 47.41 48.78 OK
r-release-windows-ix86+x86_64 0.1.2 7.00 80.00 87.00 OK
r-release-osx-x86_64 0.1.2 NOTE
r-oldrel-windows-ix86+x86_64 0.1.2 4.00 52.00 56.00 OK
r-oldrel-osx-x86_64 0.1.2 NOTE

Check Details

Version: 0.1.2
Check: dependencies in R code
Result: NOTE
    Namespaces in Imports field not imported from:
     ‘grid’ ‘gridExtra’
     All declared Imports should be used.
Flavors: r-devel-linux-x86_64-fedora-clang, r-devel-linux-x86_64-fedora-gcc, r-patched-solaris-x86, r-release-osx-x86_64, r-oldrel-osx-x86_64