CRAN Package Check Results for Package colorspace

Last updated on 2018-08-15 18:47:49 CEST.

Flavor Version Tinstall Tcheck Ttotal Status Flags
r-devel-linux-x86_64-debian-clang 1.3-2 4.73 42.62 47.35 NOTE
r-devel-linux-x86_64-debian-gcc 1.3-2 3.90 33.63 37.53 NOTE
r-devel-linux-x86_64-fedora-clang 1.3-2 57.11 NOTE
r-devel-linux-x86_64-fedora-gcc 1.3-2 55.25 NOTE
r-devel-windows-ix86+x86_64 1.3-2 15.00 69.00 84.00 OK
r-patched-linux-x86_64 1.3-2 5.04 39.16 44.20 NOTE
r-patched-solaris-x86 1.3-2 79.50 OK
r-release-linux-x86_64 1.3-2 5.45 39.03 44.48 NOTE
r-release-windows-ix86+x86_64 1.3-2 20.00 68.00 88.00 OK
r-release-osx-x86_64 1.3-2 OK
r-oldrel-windows-ix86+x86_64 1.3-2 18.00 96.00 114.00 OK
r-oldrel-osx-x86_64 1.3-2 OK

Check Details

Version: 1.3-2
Check: compiled code
Result: NOTE
    File ‘colorspace/libs/colorspace.so’:
     Found no calls to: ‘R_registerRoutines’, ‘R_useDynamicSymbols’
    
    It is good practice to register native routines and to disable symbol
    search.
    
    See ‘Writing portable packages’ in the ‘Writing R Extensions’ manual.
Flavors: r-devel-linux-x86_64-debian-clang, r-devel-linux-x86_64-debian-gcc, r-devel-linux-x86_64-fedora-clang, r-devel-linux-x86_64-fedora-gcc, r-patched-linux-x86_64, r-release-linux-x86_64