CRAN Package Check Results for Package colorspace

Last updated on 2018-10-16 21:50:00 CEST.

Flavor Version Tinstall Tcheck Ttotal Status Flags
r-devel-linux-x86_64-debian-clang 1.3-2 4.88 41.94 46.82 OK
r-devel-linux-x86_64-debian-gcc 1.3-2 3.54 33.63 37.17 OK
r-devel-linux-x86_64-fedora-clang 1.3-2 58.12 NOTE
r-devel-linux-x86_64-fedora-gcc 1.3-2 56.44 NOTE
r-devel-windows-ix86+x86_64 1.3-2 21.00 94.00 115.00 OK
r-patched-linux-x86_64 1.3-2 5.10 38.90 44.00 OK
r-patched-solaris-x86 1.3-2 77.00 OK
r-release-linux-x86_64 1.3-2 5.60 39.08 44.68 OK
r-release-windows-ix86+x86_64 1.3-2 17.00 88.00 105.00 OK
r-release-osx-x86_64 1.3-2 OK
r-oldrel-windows-ix86+x86_64 1.3-2 17.00 89.00 106.00 OK
r-oldrel-osx-x86_64 1.3-2 OK

Additional issues

rchk

Check Details

Version: 1.3-2
Check: compiled code
Result: NOTE
    File ‘colorspace/libs/colorspace.so’:
     Found no calls to: ‘R_registerRoutines’, ‘R_useDynamicSymbols’
    
    It is good practice to register native routines and to disable symbol
    search.
    
    See ‘Writing portable packages’ in the ‘Writing R Extensions’ manual.
Flavors: r-devel-linux-x86_64-fedora-clang, r-devel-linux-x86_64-fedora-gcc