CRAN Package Check Results for Package colourvision

Last updated on 2018-11-21 08:48:33 CET.

Flavor Version Tinstall Tcheck Ttotal Status Flags
r-devel-linux-x86_64-debian-clang 2.0.2 7.70 104.69 112.39 OK
r-devel-linux-x86_64-debian-gcc 2.0.2 6.24 82.30 88.54 OK
r-devel-linux-x86_64-fedora-clang 2.0.2 128.28 OK
r-devel-linux-x86_64-fedora-gcc 2.0.2 126.16 OK
r-devel-windows-ix86+x86_64 2.0.2 15.00 159.00 174.00 OK
r-patched-linux-x86_64 2.0.2 7.04 99.60 106.64 OK
r-patched-solaris-x86 2.0.2 178.30 OK
r-release-linux-x86_64 2.0.2 8.10 99.84 107.94 OK
r-release-windows-ix86+x86_64 2.0.2 12.00 154.00 166.00 OK
r-release-osx-x86_64 2.0.2 WARN
r-oldrel-windows-ix86+x86_64 2.0.2 11.00 133.00 144.00 OK
r-oldrel-osx-x86_64 2.0.2 WARN

Check Details

Version: 2.0.2
Check: whether package can be installed
Result: WARN
    Found the following significant warnings:
     Warning: 'rgl_init' failed, running with rgl.useNULL = TRUE
Flavors: r-release-osx-x86_64, r-oldrel-osx-x86_64