CRAN Package Check Results for Package colourvision

Last updated on 2018-05-23 09:47:00 CEST.

Flavor Version Tinstall Tcheck Ttotal Status Flags
r-devel-linux-x86_64-debian-clang 2.0.1 7.24 105.09 112.33 OK
r-devel-linux-x86_64-debian-gcc 2.0.1 0.41 1.47 1.88 ERROR
r-devel-linux-x86_64-fedora-clang 2.0.1 141.17 OK
r-devel-linux-x86_64-fedora-gcc 2.0.1 135.35 OK
r-devel-windows-ix86+x86_64 2.0.1 13.00 151.00 164.00 OK
r-patched-linux-x86_64 2.0.1 6.09 97.93 104.02 OK
r-patched-solaris-x86 2.0.1 176.80 OK
r-release-linux-x86_64 2.0.1 6.86 97.40 104.26 OK
r-release-windows-ix86+x86_64 2.0.1 15.00 140.00 155.00 OK
r-release-osx-x86_64 2.0.1 FAIL
r-oldrel-windows-ix86+x86_64 2.0.1 17.00 149.00 166.00 OK
r-oldrel-osx-x86_64 2.0 OK

Check Details

Version: 2.0.1
Check: package dependencies
Result: ERROR
    Package required but not available: ‘rgl’
    
    See section ‘The DESCRIPTION file’ in the ‘Writing R Extensions’
    manual.
Flavor: r-devel-linux-x86_64-debian-gcc

Version: 2.0.1
Check: re-building of vignette outputs
Result: FAIL
    
Flavor: r-release-osx-x86_64