CRAN Package Check Results for Package colourvision

Last updated on 2018-08-19 06:46:37 CEST.

Flavor Version Tinstall Tcheck Ttotal Status Flags
r-devel-linux-x86_64-debian-clang 2.0.2 8.83 111.26 120.09 OK
r-devel-linux-x86_64-debian-gcc 2.0.2 5.90 88.41 94.31 OK
r-devel-linux-x86_64-fedora-clang 2.0.2 139.89 OK
r-devel-linux-x86_64-fedora-gcc 2.0.2 137.70 OK
r-devel-windows-ix86+x86_64 2.0.2 18.00 154.00 172.00 OK
r-patched-linux-x86_64 2.0.2 6.15 98.92 105.07 OK
r-patched-solaris-x86 2.0.2 179.20 OK
r-release-linux-x86_64 2.0.2 7.30 98.66 105.96 OK
r-release-windows-ix86+x86_64 2.0.2 20.00 148.00 168.00 OK
r-release-osx-x86_64 2.0.2 WARN
r-oldrel-windows-ix86+x86_64 2.0.2 10.00 159.00 169.00 OK
r-oldrel-osx-x86_64 2.0.2 WARN

Check Details

Version: 2.0.2
Check: whether package can be installed
Result: WARN
    Found the following significant warnings:
     Warning: 'rgl_init' failed, running with rgl.useNULL = TRUE
Flavors: r-release-osx-x86_64, r-oldrel-osx-x86_64