CRAN Package Check Results for Package colourvision

Last updated on 2019-02-21 07:48:30 CET.

Flavor Version Tinstall Tcheck Ttotal Status Flags
r-devel-linux-x86_64-debian-clang 2.0.2 6.38 104.69 111.07 OK
r-devel-linux-x86_64-debian-gcc 2.0.2 6.36 82.37 88.73 OK
r-devel-linux-x86_64-fedora-clang 2.0.2 136.99 OK
r-devel-linux-x86_64-fedora-gcc 2.0.2 129.29 OK
r-devel-windows-ix86+x86_64 2.0.2 19.00 162.00 181.00 OK
r-patched-linux-x86_64 2.0.2 OK
r-patched-solaris-x86 2.0.2 176.00 OK
r-release-linux-x86_64 2.0.2 OK
r-release-windows-ix86+x86_64 2.0.2 12.00 198.00 210.00 OK
r-release-osx-x86_64 2.0.2 WARN
r-oldrel-windows-ix86+x86_64 2.0.2 11.00 121.00 132.00 OK
r-oldrel-osx-x86_64 2.0.2 WARN

Check Details

Version: 2.0.2
Check: whether package can be installed
Result: WARN
    Found the following significant warnings:
     Warning: 'rgl_init' failed, running with rgl.useNULL = TRUE
Flavors: r-release-osx-x86_64, r-oldrel-osx-x86_64