CRAN Package Check Results for Package colt

Last updated on 2018-11-15 04:50:01 CET.

Flavor Version Tinstall Tcheck Ttotal Status Flags
r-devel-linux-x86_64-debian-clang 0.1.1 1.24 20.22 21.46 OK
r-devel-linux-x86_64-debian-gcc 0.1.1 0.94 16.38 17.32 OK
r-devel-linux-x86_64-fedora-clang 0.1.1 25.29 NOTE
r-devel-linux-x86_64-fedora-gcc 0.1.1 24.03 NOTE
r-devel-windows-ix86+x86_64 0.1.1 3.00 48.00 51.00 OK
r-patched-linux-x86_64 0.1.1 1.11 18.14 19.25 OK
r-patched-solaris-x86 0.1.1 37.60 NOTE
r-release-linux-x86_64 0.1.1 1.17 18.31 19.48 OK
r-release-windows-ix86+x86_64 0.1.1 4.00 44.00 48.00 OK
r-release-osx-x86_64 0.1.1 NOTE
r-oldrel-windows-ix86+x86_64 0.1.1 4.00 34.00 38.00 OK
r-oldrel-osx-x86_64 0.1.1 NOTE

Check Details

Version: 0.1.1
Check: dependencies in R code
Result: NOTE
    Namespace in Imports field not imported from: ‘crayon’
     All declared Imports should be used.
Flavors: r-devel-linux-x86_64-fedora-clang, r-devel-linux-x86_64-fedora-gcc, r-patched-solaris-x86, r-release-osx-x86_64, r-oldrel-osx-x86_64