CRAN Package Check Results for Package colt

Last updated on 2018-08-20 15:51:33 CEST.

Flavor Version Tinstall Tcheck Ttotal Status Flags
r-devel-linux-x86_64-debian-clang 0.1.1 1.01 19.64 20.65 OK
r-devel-linux-x86_64-debian-gcc 0.1.1 0.99 16.15 17.14 OK
r-devel-linux-x86_64-fedora-clang 0.1.1 24.86 NOTE
r-devel-linux-x86_64-fedora-gcc 0.1.1 23.69 NOTE
r-devel-windows-ix86+x86_64 0.1.1 4.00 32.00 36.00 OK
r-patched-linux-x86_64 0.1.1 1.18 18.23 19.41 OK
r-patched-solaris-x86 0.1.1 37.50 NOTE
r-release-linux-x86_64 0.1.1 1.17 18.12 19.29 OK
r-release-windows-ix86+x86_64 0.1.1 4.00 42.00 46.00 OK
r-release-osx-x86_64 0.1.1 NOTE
r-oldrel-windows-ix86+x86_64 0.1.1 3.00 32.00 35.00 OK
r-oldrel-osx-x86_64 0.1.1 NOTE

Check Details

Version: 0.1.1
Check: dependencies in R code
Result: NOTE
    Namespace in Imports field not imported from: ‘crayon’
     All declared Imports should be used.
Flavors: r-devel-linux-x86_64-fedora-clang, r-devel-linux-x86_64-fedora-gcc, r-patched-solaris-x86, r-release-osx-x86_64, r-oldrel-osx-x86_64