CRAN Package Check Results for Package colt

Last updated on 2019-02-19 21:49:16 CET.

Flavor Version Tinstall Tcheck Ttotal Status Flags
r-devel-linux-x86_64-debian-clang 0.1.1 1.34 19.58 20.92 OK
r-devel-linux-x86_64-debian-gcc 0.1.1 1.28 16.04 17.32 OK
r-devel-linux-x86_64-fedora-clang 0.1.1 26.48 NOTE
r-devel-linux-x86_64-fedora-gcc 0.1.1 24.26 NOTE
r-devel-windows-ix86+x86_64 0.1.1 5.00 44.00 49.00 OK
r-patched-linux-x86_64 0.1.1 0.92 18.47 19.39 OK
r-patched-solaris-x86 0.1.1 36.80 NOTE
r-release-linux-x86_64 0.1.1 1.08 18.45 19.53 OK
r-release-windows-ix86+x86_64 0.1.1 2.00 43.00 45.00 OK
r-release-osx-x86_64 0.1.1 NOTE
r-oldrel-windows-ix86+x86_64 0.1.1 3.00 36.00 39.00 OK
r-oldrel-osx-x86_64 0.1.1 NOTE

Check Details

Version: 0.1.1
Check: dependencies in R code
Result: NOTE
    Namespace in Imports field not imported from: ‘crayon’
     All declared Imports should be used.
Flavors: r-devel-linux-x86_64-fedora-clang, r-devel-linux-x86_64-fedora-gcc, r-patched-solaris-x86, r-release-osx-x86_64, r-oldrel-osx-x86_64