CRAN Package Check Results for Package colt

Last updated on 2018-05-24 11:49:27 CEST.

Flavor Version Tinstall Tcheck Ttotal Status Flags
r-devel-linux-x86_64-debian-clang 0.1.1 0.95 17.00 17.95 OK
r-devel-linux-x86_64-debian-gcc 0.1.1 0.75 15.32 16.07 OK
r-devel-linux-x86_64-fedora-clang 0.1.1 24.27 NOTE
r-devel-linux-x86_64-fedora-gcc 0.1.1 22.67 NOTE
r-devel-windows-ix86+x86_64 0.1.1 3.00 38.00 41.00 OK
r-patched-linux-x86_64 0.1.1 0.95 18.10 19.05 OK
r-patched-solaris-x86 0.1.1 37.70 NOTE
r-release-linux-x86_64 0.1.1 1.00 18.06 19.06 OK
r-release-windows-ix86+x86_64 0.1.1 5.00 38.00 43.00 OK
r-release-osx-x86_64 0.1.1 NOTE
r-oldrel-windows-ix86+x86_64 0.1.1 5.00 28.00 33.00 OK
r-oldrel-osx-x86_64 0.1.1 NOTE

Check Details

Version: 0.1.1
Check: dependencies in R code
Result: NOTE
    Namespace in Imports field not imported from: ‘crayon’
     All declared Imports should be used.
Flavors: r-devel-linux-x86_64-fedora-clang, r-devel-linux-x86_64-fedora-gcc, r-patched-solaris-x86, r-release-osx-x86_64, r-oldrel-osx-x86_64