CRAN Package Check Results for Package colt

Last updated on 2018-02-23 08:48:28 CET.

Flavor Version Tinstall Tcheck Ttotal Status Flags
r-devel-linux-x86_64-debian-clang 0.1.1 1.15 16.05 17.20 OK
r-devel-linux-x86_64-debian-gcc 0.1.1 0.93 14.46 15.39 OK
r-devel-linux-x86_64-fedora-clang 0.1.1 22.86 NOTE
r-devel-linux-x86_64-fedora-gcc 0.1.1 21.47 NOTE
r-devel-windows-ix86+x86_64 0.1.1 4.00 41.00 45.00 OK
r-patched-linux-x86_64 0.1.1 1.12 18.89 20.01 OK
r-patched-solaris-x86 0.1.1 33.80 NOTE
r-release-linux-x86_64 0.1.1 0.86 18.79 19.65 OK
r-release-windows-ix86+x86_64 0.1.1 3.00 38.00 41.00 OK
r-release-osx-x86_64 0.1.1 NOTE
r-oldrel-windows-ix86+x86_64 0.1.1 3.00 26.00 29.00 OK
r-oldrel-osx-x86_64 0.1.1 NOTE

Check Details

Version: 0.1.1
Check: dependencies in R code
Result: NOTE
    Namespace in Imports field not imported from: ‘crayon’
     All declared Imports should be used.
Flavors: r-devel-linux-x86_64-fedora-clang, r-devel-linux-x86_64-fedora-gcc, r-patched-solaris-x86, r-release-osx-x86_64, r-oldrel-osx-x86_64