CRAN Package Check Results for Package colt

Last updated on 2022-08-18 00:54:11 CEST.

Flavor Version Tinstall Tcheck Ttotal Status Flags
r-devel-linux-x86_64-debian-clang 0.1.1 2.28 24.11 26.39 OK
r-devel-linux-x86_64-debian-gcc 0.1.1 OK
r-devel-linux-x86_64-fedora-clang 0.1.1 44.07 NOTE
r-devel-linux-x86_64-fedora-gcc 0.1.1 42.49 NOTE
r-devel-windows-x86_64 0.1.1 15.00 53.00 68.00 OK
r-patched-linux-x86_64 0.1.1 2.31 23.60 25.91 OK
r-release-linux-x86_64 0.1.1 2.23 24.05 26.28 OK
r-release-macos-arm64 0.1.1 15.00 NOTE
r-release-macos-x86_64 0.1.1 21.00 NOTE
r-release-windows-x86_64 0.1.1 17.00 50.00 67.00 OK
r-oldrel-macos-arm64 0.1.1 22.00 NOTE
r-oldrel-macos-x86_64 0.1.1 26.00 NOTE
r-oldrel-windows-ix86+x86_64 0.1.1 6.00 46.00 52.00 OK

Check Details

Version: 0.1.1
Check: dependencies in R code
Result: NOTE
    Namespace in Imports field not imported from: ‘crayon’
     All declared Imports should be used.
Flavors: r-devel-linux-x86_64-fedora-clang, r-devel-linux-x86_64-fedora-gcc, r-release-macos-arm64, r-release-macos-x86_64, r-oldrel-macos-arm64, r-oldrel-macos-x86_64