CRAN Package Check Results for Package comato

Last updated on 2018-10-16 08:48:00 CEST.

Flavor Version Tinstall Tcheck Ttotal Status Flags
r-devel-linux-x86_64-debian-clang 1.1 7.25 89.72 96.97 OK
r-devel-linux-x86_64-debian-gcc 1.1 6.09 70.64 76.73 OK
r-devel-linux-x86_64-fedora-clang 1.1 114.04 OK
r-devel-linux-x86_64-fedora-gcc 1.1 108.68 OK
r-devel-windows-ix86+x86_64 1.1 21.00 137.00 158.00 OK
r-patched-linux-x86_64 1.1 5.87 72.24 78.11 OK
r-patched-solaris-x86 1.1 147.20 OK
r-release-linux-x86_64 1.1 6.67 73.41 80.08 OK
r-release-windows-ix86+x86_64 1.1 17.00 124.00 141.00 OK
r-release-osx-x86_64 1.1 OK
r-oldrel-windows-ix86+x86_64 1.1 23.00 119.00 142.00 OK
r-oldrel-osx-x86_64 1.1 WARN

Check Details

Version: 1.1
Check: whether package can be installed
Result: WARN
    Found the following significant warnings:
     Warning: 'rgl_init' failed, running with rgl.useNULL = TRUE
Flavor: r-oldrel-osx-x86_64