CRAN Package Check Results for Package comato

Last updated on 2018-08-17 14:47:44 CEST.

Flavor Version Tinstall Tcheck Ttotal Status Flags
r-devel-linux-x86_64-debian-clang 1.1 7.22 86.97 94.19 OK
r-devel-linux-x86_64-debian-gcc 1.1 6.73 69.77 76.50 OK
r-devel-linux-x86_64-fedora-clang 1.1 111.52 OK
r-devel-linux-x86_64-fedora-gcc 1.1 107.73 OK
r-devel-windows-ix86+x86_64 1.1 23.00 131.00 154.00 OK
r-patched-linux-x86_64 1.1 6.38 72.92 79.30 OK
r-patched-solaris-x86 1.1 151.20 OK
r-release-linux-x86_64 1.1 5.69 73.76 79.45 OK
r-release-windows-ix86+x86_64 1.1 17.00 111.00 128.00 OK
r-release-osx-x86_64 1.1 OK
r-oldrel-windows-ix86+x86_64 1.1 16.00 92.00 108.00 OK
r-oldrel-osx-x86_64 1.1 WARN

Check Details

Version: 1.1
Check: whether package can be installed
Result: WARN
    Found the following significant warnings:
     Warning: 'rgl_init' failed, running with rgl.useNULL = TRUE
Flavor: r-oldrel-osx-x86_64