CRAN Package Check Results for Package comato

Last updated on 2019-01-22 05:49:05 CET.

Flavor Version Tinstall Tcheck Ttotal Status Flags
r-devel-linux-x86_64-debian-clang 1.1 12.83 177.93 190.76 OK
r-devel-linux-x86_64-debian-gcc 1.1 13.71 140.40 154.11 OK
r-devel-linux-x86_64-fedora-clang 1.1 230.40 OK
r-devel-linux-x86_64-fedora-gcc 1.1 198.06 OK
r-devel-windows-ix86+x86_64 1.1 38.00 234.00 272.00 OK
r-patched-linux-x86_64 1.1 14.19 171.75 185.94 OK
r-patched-solaris-x86 1.1 334.30 OK
r-release-linux-x86_64 1.1 14.54 171.40 185.94 OK
r-release-windows-ix86+x86_64 1.1 39.00 245.00 284.00 OK
r-release-osx-x86_64 1.1 OK
r-oldrel-windows-ix86+x86_64 1.1 35.00 168.00 203.00 OK
r-oldrel-osx-x86_64 1.1 WARN

Check Details

Version: 1.1
Check: whether package can be installed
Result: WARN
    Found the following significant warnings:
     Warning: 'rgl_init' failed, running with rgl.useNULL = TRUE
Flavor: r-oldrel-osx-x86_64