CRAN Package Check Results for Package comato

Last updated on 2018-05-26 10:49:09 CEST.

Flavor Version Tinstall Tcheck Ttotal Status Flags
r-devel-linux-x86_64-debian-clang 1.1 7.93 86.12 94.05 OK
r-devel-linux-x86_64-debian-gcc 1.1 5.93 66.75 72.68 OK
r-devel-linux-x86_64-fedora-clang 1.1 112.36 OK
r-devel-linux-x86_64-fedora-gcc 1.1 109.12 OK
r-devel-windows-ix86+x86_64 1.1 16.00 128.00 144.00 OK
r-patched-linux-x86_64 1.1 6.10 71.72 77.82 OK
r-patched-solaris-x86 1.1 144.00 OK
r-release-linux-x86_64 1.1 6.49 71.26 77.75 OK
r-release-windows-ix86+x86_64 1.1 17.00 115.00 132.00 OK
r-release-osx-x86_64 1.1 OK
r-oldrel-windows-ix86+x86_64 1.1 17.00 92.00 109.00 OK
r-oldrel-osx-x86_64 1.1 WARN

Check Details

Version: 1.1
Check: whether package can be installed
Result: WARN
    Found the following significant warnings:
     Warning: 'rgl_init' failed, running with rgl.useNULL = TRUE
Flavor: r-oldrel-osx-x86_64