Last updated on 2023-09-28 10:56:40 CEST.
Flavor | Version | Tinstall | Tcheck | Ttotal | Status | Flags |
---|---|---|---|---|---|---|
r-devel-linux-x86_64-debian-clang | 1.0.3 | 44.52 | 44.14 | 88.66 | NOTE | |
r-devel-linux-x86_64-debian-gcc | 1.0.3 | 28.12 | 33.96 | 62.08 | NOTE | |
r-devel-linux-x86_64-fedora-clang | 1.0.3 | 128.18 | NOTE | |||
r-devel-linux-x86_64-fedora-gcc | 1.0.3 | 123.59 | NOTE | |||
r-devel-windows-x86_64 | 1.0.3 | 32.00 | 75.00 | 107.00 | NOTE | |
r-patched-linux-x86_64 | 1.0.3 | 42.61 | 43.13 | 85.74 | NOTE | |
r-release-linux-x86_64 | 1.0.3 | 40.75 | 42.70 | 83.45 | NOTE | |
r-release-macos-arm64 | 1.0.3 | 36.00 | NOTE | |||
r-release-macos-x86_64 | 1.0.3 | 56.00 | NOTE | |||
r-release-windows-x86_64 | 1.0.3 | 35.00 | 83.00 | 118.00 | NOTE | |
r-oldrel-macos-arm64 | 1.0.3 | 32.00 | NOTE | |||
r-oldrel-macos-x86_64 | 1.0.3 | 44.00 | NOTE | |||
r-oldrel-windows-x86_64 | 1.0.3 | 40.00 | 82.00 | 122.00 | NOTE |
Version: 1.0.3
Check: LazyData
Result: NOTE
'LazyData' is specified without a 'data' directory
Flavors: r-devel-linux-x86_64-debian-clang, r-devel-linux-x86_64-debian-gcc, r-devel-linux-x86_64-fedora-clang, r-devel-linux-x86_64-fedora-gcc, r-devel-windows-x86_64, r-patched-linux-x86_64, r-release-linux-x86_64, r-release-macos-arm64, r-release-macos-x86_64, r-release-windows-x86_64, r-oldrel-macos-arm64, r-oldrel-macos-x86_64, r-oldrel-windows-x86_64