CRAN Package Check Results for Package cometExactTest

Last updated on 2022-08-17 18:51:20 CEST.

Flavor Version Tinstall Tcheck Ttotal Status Flags
r-devel-linux-x86_64-debian-clang 0.1.5 6.38 47.89 54.27 NOTE
r-devel-linux-x86_64-debian-gcc 0.1.5 NOTE
r-devel-linux-x86_64-fedora-clang 0.1.5 74.45 NOTE
r-devel-linux-x86_64-fedora-gcc 0.1.5 72.61 NOTE
r-devel-windows-x86_64 0.1.5 14.00 71.00 85.00 OK
r-patched-linux-x86_64 0.1.5 5.11 44.30 49.41 NOTE
r-release-linux-x86_64 0.1.5 5.00 45.51 50.51 NOTE
r-release-macos-arm64 0.1.5 22.00 OK
r-release-macos-x86_64 0.1.5 42.00 OK
r-release-windows-x86_64 0.1.5 19.00 72.00 91.00 OK
r-oldrel-macos-arm64 0.1.5 28.00 OK
r-oldrel-macos-x86_64 0.1.5 42.00 OK
r-oldrel-windows-ix86+x86_64 0.1.5 17.00 81.00 98.00 OK

Check Details

Version: 0.1.5
Check: for non-standard things in the check directory
Result: NOTE
    Found the following files/directories:
     'cometExactTest_plot.pdf'
Flavors: r-devel-linux-x86_64-debian-clang, r-devel-linux-x86_64-debian-gcc, r-devel-linux-x86_64-fedora-clang, r-devel-linux-x86_64-fedora-gcc, r-patched-linux-x86_64, r-release-linux-x86_64