CRAN Package Check Results for Package comf

Last updated on 2019-09-17 17:48:49 CEST.

Flavor Version Tinstall Tcheck Ttotal Status Flags
r-devel-linux-x86_64-debian-clang 0.1.9 7.09 51.34 58.43 OK
r-devel-linux-x86_64-debian-gcc 0.1.9 6.18 39.88 46.06 OK
r-devel-linux-x86_64-fedora-clang 0.1.9 72.71 OK
r-devel-linux-x86_64-fedora-gcc 0.1.9 71.85 OK
r-devel-windows-ix86+x86_64 0.1.9 18.00 70.00 88.00 FAIL
r-patched-linux-x86_64 0.1.9 7.00 50.27 57.27 OK
r-patched-solaris-x86 0.1.9 97.20 OK
r-release-linux-x86_64 0.1.9 7.52 50.10 57.62 OK
r-release-windows-ix86+x86_64 0.1.9 12.00 67.00 79.00 OK
r-release-osx-x86_64 0.1.9 OK
r-oldrel-windows-ix86+x86_64 0.1.9 13.00 73.00 86.00 OK
r-oldrel-osx-x86_64 0.1.9 OK

Check Details

Version: 0.1.9
Check: R code for possible problems
Result: FAIL
    
Flavor: r-devel-windows-ix86+x86_64