CRAN Package Check Results for Package comorbidity

Last updated on 2018-02-24 14:47:50 CET.

Flavor Version Tinstall Tcheck Ttotal Status Flags
r-devel-linux-x86_64-debian-clang 0.0.3 1.93 42.65 44.58 OK
r-devel-linux-x86_64-debian-gcc 0.0.3 1.54 34.54 36.08 OK
r-devel-linux-x86_64-fedora-clang 0.0.3 54.22 NOTE
r-devel-linux-x86_64-fedora-gcc 0.0.3 52.10 NOTE
r-devel-windows-ix86+x86_64 0.0.3 4.00 75.00 79.00 OK
r-patched-linux-x86_64 0.0.3 1.29 41.49 42.78 OK
r-patched-solaris-x86 0.0.3 62.30 NOTE
r-release-linux-x86_64 0.0.3 1.38 42.17 43.55 OK
r-release-windows-ix86+x86_64 0.0.3 3.00 58.00 61.00 OK
r-release-osx-x86_64 0.0.3 NOTE
r-oldrel-windows-ix86+x86_64 0.0.3 3.00 43.00 46.00 OK
r-oldrel-osx-x86_64 0.0.3 NOTE

Check Details

Version: 0.0.3
Check: dependencies in R code
Result: NOTE
    Namespace in Imports field not imported from: ‘stats’
     All declared Imports should be used.
Flavors: r-devel-linux-x86_64-fedora-clang, r-devel-linux-x86_64-fedora-gcc, r-patched-solaris-x86, r-release-osx-x86_64, r-oldrel-osx-x86_64

Version: 0.0.3
Check: data for non-ASCII characters
Result: NOTE
     Note: found 52 marked UTF-8 strings
Flavors: r-devel-linux-x86_64-fedora-clang, r-devel-linux-x86_64-fedora-gcc, r-patched-solaris-x86, r-release-osx-x86_64, r-oldrel-osx-x86_64