CRAN Package Check Results for Package compareGroups

Last updated on 2018-11-15 06:47:17 CET.

Flavor Version Tinstall Tcheck Ttotal Status Flags
r-devel-linux-x86_64-debian-clang 4.0.0 19.20 229.16 248.36 OK
r-devel-linux-x86_64-debian-gcc 4.0.0 16.03 176.01 192.04 OK
r-devel-linux-x86_64-fedora-clang 4.0.0 292.92 NOTE
r-devel-linux-x86_64-fedora-gcc 4.0.0 277.82 OK
r-devel-windows-ix86+x86_64 4.0.0 30.00 248.00 278.00 NOTE
r-patched-linux-x86_64 4.0.0 17.08 221.95 239.03 OK
r-patched-solaris-x86 4.0.0 385.70 NOTE
r-release-linux-x86_64 4.0.0 15.20 221.85 237.05 OK
r-release-windows-ix86+x86_64 4.0.0 43.00 249.00 292.00 NOTE
r-release-osx-x86_64 4.0.0 NOTE
r-oldrel-windows-ix86+x86_64 4.0.0 39.00 305.00 344.00 NOTE
r-oldrel-osx-x86_64 4.0.0 NOTE

Check Details

Version: 4.0.0
Check: installed package size
Result: NOTE
     installed size is 7.0Mb
     sub-directories of 1Mb or more:
     app 2.7Mb
     doc 2.3Mb
Flavors: r-devel-linux-x86_64-fedora-clang, r-devel-windows-ix86+x86_64, r-patched-solaris-x86, r-release-windows-ix86+x86_64, r-release-osx-x86_64, r-oldrel-windows-ix86+x86_64, r-oldrel-osx-x86_64