CRAN Package Check Results for Package compareGroups

Last updated on 2019-02-19 22:51:23 CET.

Flavor Version Tinstall Tcheck Ttotal Status Flags
r-devel-linux-x86_64-debian-clang 4.0.0 17.50 220.02 237.52 OK
r-devel-linux-x86_64-debian-gcc 4.0.0 16.26 162.08 178.34 OK
r-devel-linux-x86_64-fedora-clang 4.0.0 271.01 NOTE
r-devel-linux-x86_64-fedora-gcc 4.0.0 263.14 OK
r-devel-windows-ix86+x86_64 4.0.0 52.00 378.00 430.00 NOTE
r-patched-linux-x86_64 4.0.0 15.85 224.49 240.34 OK
r-patched-solaris-x86 4.0.0 384.20 NOTE
r-release-linux-x86_64 4.0.0 17.79 222.97 240.76 OK
r-release-windows-ix86+x86_64 4.0.0 33.00 382.00 415.00 NOTE
r-release-osx-x86_64 4.0.0 NOTE
r-oldrel-windows-ix86+x86_64 4.0.0 25.00 298.00 323.00 NOTE
r-oldrel-osx-x86_64 4.0.0 NOTE

Check Details

Version: 4.0.0
Check: installed package size
Result: NOTE
     installed size is 7.0Mb
     sub-directories of 1Mb or more:
     app 2.7Mb
     doc 2.3Mb
Flavors: r-devel-linux-x86_64-fedora-clang, r-devel-windows-ix86+x86_64, r-patched-solaris-x86, r-release-windows-ix86+x86_64, r-release-osx-x86_64, r-oldrel-windows-ix86+x86_64, r-oldrel-osx-x86_64