CRAN Package Check Results for Package compareGroups

Last updated on 2018-02-25 16:48:12 CET.

Flavor Version Tinstall Tcheck Ttotal Status Flags
r-devel-linux-x86_64-debian-clang 3.3.3 14.63 214.74 229.37 OK
r-devel-linux-x86_64-debian-gcc 3.3.3 13.49 171.49 184.98 OK
r-devel-linux-x86_64-fedora-clang 3.3.3 275.81 OK
r-devel-linux-x86_64-fedora-gcc 3.3.3 269.99 OK
r-devel-windows-ix86+x86_64 3.3.3 34.00 339.00 373.00 OK
r-patched-linux-x86_64 3.3.3 7.07 220.53 227.60 OK
r-patched-solaris-x86 3.3.3 318.90 OK
r-release-linux-x86_64 3.3.3 7.44 220.04 227.48 OK
r-release-windows-ix86+x86_64 3.3.3 26.00 380.00 406.00 OK
r-release-osx-x86_64 3.3.3 OK
r-oldrel-windows-ix86+x86_64 3.3.3 19.00 229.00 248.00 OK
r-oldrel-osx-x86_64 3.3.1 NOTE

Check Details

Version: 3.3.1
Check: installed package size
Result: NOTE
     installed size is 5.9Mb
     sub-directories of 1Mb or more:
     app 2.5Mb
     doc 2.2Mb
Flavor: r-oldrel-osx-x86_64