CRAN Package Check Results for Package compareODM

Last updated on 2019-04-20 12:50:50 CEST.

Flavor Version Tinstall Tcheck Ttotal Status Flags
r-devel-linux-x86_64-debian-clang 1.2 2.30 23.36 25.66 NOTE
r-devel-linux-x86_64-debian-gcc 1.2 2.65 21.97 24.62 NOTE
r-devel-linux-x86_64-fedora-clang 1.2 30.95 NOTE
r-devel-linux-x86_64-fedora-gcc 1.2 29.75 NOTE
r-devel-windows-ix86+x86_64 1.2 5.00 33.00 38.00 NOTE
r-patched-linux-x86_64 1.2 2.69 23.43 26.12 NOTE
r-patched-solaris-x86 1.2 47.60 NOTE
r-release-linux-x86_64 1.2 1.47 22.27 23.74 NOTE
r-release-windows-ix86+x86_64 1.2 3.00 32.00 35.00 NOTE
r-release-osx-x86_64 1.2 NOTE
r-oldrel-windows-ix86+x86_64 1.2 4.00 78.00 82.00 NOTE
r-oldrel-osx-x86_64 1.2 NOTE

Check Details

Version: 1.2
Check: DESCRIPTION meta-information
Result: NOTE
    Malformed Description field: should contain one or more complete sentences.
Flavors: r-devel-linux-x86_64-debian-clang, r-devel-linux-x86_64-debian-gcc, r-devel-linux-x86_64-fedora-clang, r-devel-linux-x86_64-fedora-gcc, r-devel-windows-ix86+x86_64, r-patched-linux-x86_64, r-patched-solaris-x86, r-release-linux-x86_64, r-release-windows-ix86+x86_64, r-release-osx-x86_64, r-oldrel-windows-ix86+x86_64, r-oldrel-osx-x86_64

Version: 1.2
Check: dependencies in R code
Result: NOTE
    'library' or 'require' call to 'XML' which was already attached by Depends.
     Please remove these calls from your code.
    Package in Depends field not imported from: 'XML'
     These packages need to be imported from (in the NAMESPACE file)
     for when this namespace is loaded but not attached.
Flavors: r-devel-linux-x86_64-debian-clang, r-devel-linux-x86_64-debian-gcc, r-devel-linux-x86_64-fedora-clang, r-devel-linux-x86_64-fedora-gcc, r-devel-windows-ix86+x86_64, r-patched-linux-x86_64, r-patched-solaris-x86, r-release-linux-x86_64, r-release-windows-ix86+x86_64, r-release-osx-x86_64, r-oldrel-windows-ix86+x86_64, r-oldrel-osx-x86_64

Version: 1.2
Check: R code for possible problems
Result: NOTE
    compareODM: no visible global function definition for 'xmlRoot'
    compareODM: no visible global function definition for 'xmlTreeParse'
    compareODM: no visible global function definition for 'xmlChildren'
    compareODM: no visible global function definition for 'xmlAttrs'
    compareODM: no visible global function definition for 'xmlValue'
    Undefined global functions or variables:
     xmlAttrs xmlChildren xmlRoot xmlTreeParse xmlValue
Flavors: r-devel-linux-x86_64-debian-clang, r-devel-linux-x86_64-debian-gcc, r-devel-linux-x86_64-fedora-clang, r-devel-linux-x86_64-fedora-gcc, r-devel-windows-ix86+x86_64, r-patched-linux-x86_64, r-patched-solaris-x86, r-release-linux-x86_64, r-release-windows-ix86+x86_64, r-release-osx-x86_64, r-oldrel-windows-ix86+x86_64, r-oldrel-osx-x86_64