CRAN Package Check Results for Package competitiontoolbox

Last updated on 2021-06-24 00:48:39 CEST.

Flavor Version Tinstall Tcheck Ttotal Status Flags
r-devel-linux-x86_64-debian-clang 0.7.0 5.23 45.91 51.14 OK
r-devel-linux-x86_64-debian-gcc 0.7.0 4.46 35.97 40.43 OK
r-devel-linux-x86_64-fedora-clang 0.7.0 68.83 NOTE
r-devel-linux-x86_64-fedora-gcc 0.7.0 59.67 NOTE
r-devel-windows-x86_64 0.7.0 8.00 64.00 72.00 OK
r-devel-windows-x86_64-gcc10-UCRT 0.7.0 NOTE
r-patched-linux-x86_64 0.7.0 5.29 44.07 49.36 OK
r-patched-solaris-x86 0.7.0 96.90 NOTE
r-release-linux-x86_64 0.7.0 4.95 44.18 49.13 OK
r-release-macos-arm64 0.7.0 NOTE
r-release-macos-x86_64 0.7.0 NOTE
r-release-windows-ix86+x86_64 0.7.0 11.00 66.00 77.00 OK
r-oldrel-macos-x86_64 0.7.0 NOTE

Check Details

Version: 0.7.0
Check: dependencies in R code
Result: NOTE
    Namespace in Imports field not imported from: ‘ggplot2’
     All declared Imports should be used.
Flavors: r-devel-linux-x86_64-fedora-clang, r-devel-linux-x86_64-fedora-gcc, r-devel-windows-x86_64-gcc10-UCRT, r-patched-solaris-x86, r-release-macos-arm64, r-release-macos-x86_64, r-oldrel-macos-x86_64