CRAN Package Check Results for Package comsimitv

Last updated on 2021-05-13 22:50:55 CEST.

Flavor Version Tinstall Tcheck Ttotal Status Flags
r-devel-linux-x86_64-debian-clang 0.1.4 2.82 79.63 82.45 NOTE
r-devel-linux-x86_64-debian-gcc 0.1.4 2.03 59.08 61.11 NOTE
r-devel-linux-x86_64-fedora-clang 0.1.4 103.66 NOTE
r-devel-linux-x86_64-fedora-gcc 0.1.4 92.87 NOTE
r-devel-windows-ix86+x86_64 0.1.4 6.00 85.00 91.00 NOTE
r-devel-windows-x86_64-gcc10-UCRT 0.1.4 NOTE
r-patched-linux-x86_64 0.1.4 2.63 77.29 79.92 NOTE
r-patched-solaris-x86 0.1.4 125.70 NOTE
r-release-linux-x86_64 0.1.4 2.42 75.75 78.17 OK
r-release-macos-x86_64 0.1.4 OK
r-release-windows-ix86+x86_64 0.1.4 5.00 112.00 117.00 OK
r-oldrel-macos-x86_64 0.1.4 OK
r-oldrel-windows-ix86+x86_64 0.1.4 5.00 108.00 113.00 OK

Check Details

Version: 0.1.4
Check: LazyData
Result: NOTE
     'LazyData' is specified without a 'data' directory
Flavors: r-devel-linux-x86_64-debian-clang, r-devel-linux-x86_64-debian-gcc, r-devel-linux-x86_64-fedora-clang, r-devel-linux-x86_64-fedora-gcc, r-devel-windows-ix86+x86_64, r-devel-windows-x86_64-gcc10-UCRT, r-patched-linux-x86_64, r-patched-solaris-x86