CRAN Package Check Results for Package comtradr

Last updated on 2018-08-15 18:47:50 CEST.

Flavor Version Tinstall Tcheck Ttotal Status Flags
r-devel-linux-x86_64-debian-clang 0.2.1 1.40 30.63 32.03 OK
r-devel-linux-x86_64-debian-gcc 0.2.1 1.18 24.18 25.36 OK
r-devel-linux-x86_64-fedora-clang 0.2.1 38.06 NOTE
r-devel-linux-x86_64-fedora-gcc 0.2.1 36.19 NOTE
r-devel-windows-ix86+x86_64 0.2.1 3.00 47.00 50.00 OK
r-patched-linux-x86_64 0.2.1 1.56 27.97 29.53 OK
r-patched-solaris-x86 0.2.1 52.40 NOTE
r-release-linux-x86_64 0.2.1 1.59 27.88 29.47 OK
r-release-windows-ix86+x86_64 0.2.1 3.00 51.00 54.00 OK
r-release-osx-x86_64 0.2.1 NOTE
r-oldrel-windows-ix86+x86_64 0.2.1 4.00 56.00 60.00 OK
r-oldrel-osx-x86_64 0.2.1 NOTE

Check Details

Version: 0.2.1
Check: dependencies in R code
Result: NOTE
    Namespace in Imports field not imported from: ‘methods’
     All declared Imports should be used.
Flavors: r-devel-linux-x86_64-fedora-clang, r-devel-linux-x86_64-fedora-gcc, r-patched-solaris-x86, r-release-osx-x86_64, r-oldrel-osx-x86_64