CRAN Package Check Results for Package comtradr

Last updated on 2018-05-26 04:50:46 CEST.

Flavor Version Tinstall Tcheck Ttotal Status Flags
r-devel-linux-x86_64-debian-clang 0.2.1 1.45 29.05 30.50 OK
r-devel-linux-x86_64-debian-gcc 0.2.1 1.26 23.53 24.79 OK
r-devel-linux-x86_64-fedora-clang 0.2.1 36.96 NOTE
r-devel-linux-x86_64-fedora-gcc 0.2.1 35.06 NOTE
r-devel-windows-ix86+x86_64 0.2.1 3.00 50.00 53.00 OK
r-patched-linux-x86_64 0.2.1 1.45 28.00 29.45 OK
r-patched-solaris-x86 0.2.1 50.00 NOTE
r-release-linux-x86_64 0.2.1 1.26 27.82 29.08 OK
r-release-windows-ix86+x86_64 0.2.1 5.00 56.00 61.00 OK
r-release-osx-x86_64 0.2.1 NOTE
r-oldrel-windows-ix86+x86_64 0.2.1 4.00 48.00 52.00 OK
r-oldrel-osx-x86_64 0.1.0 OK

Check Details

Version: 0.2.1
Check: dependencies in R code
Result: NOTE
    Namespace in Imports field not imported from: ‘methods’
     All declared Imports should be used.
Flavors: r-devel-linux-x86_64-fedora-clang, r-devel-linux-x86_64-fedora-gcc, r-patched-solaris-x86, r-release-osx-x86_64