CRAN Package Check Results for Package concatenate

Last updated on 2024-04-18 20:55:30 CEST.

Flavor Version Tinstall Tcheck Ttotal Status Flags
r-devel-linux-x86_64-debian-clang 1.0.0 2.00 25.51 27.51 NOTE
r-devel-linux-x86_64-debian-gcc 1.0.0 1.69 19.51 21.20 NOTE
r-devel-linux-x86_64-fedora-clang 1.0.0 35.66 NOTE
r-devel-linux-x86_64-fedora-gcc 1.0.0 37.04 NOTE
r-prerel-macos-arm64 1.0.0 16.00 NOTE
r-prerel-windows-x86_64 1.0.0 3.00 42.00 45.00 NOTE
r-patched-linux-x86_64 1.0.0 2.16 24.82 26.98 NOTE
r-release-linux-x86_64 1.0.0 1.79 24.53 26.32 NOTE
r-release-macos-arm64 1.0.0 17.00 NOTE
r-release-macos-x86_64 1.0.0 20.00 NOTE
r-release-windows-x86_64 1.0.0 3.00 41.00 44.00 NOTE
r-oldrel-macos-arm64 1.0.0 16.00 NOTE
r-oldrel-windows-x86_64 1.0.0 4.00 46.00 50.00 NOTE

Check Details

Version: 1.0.0
Check: LazyData
Result: NOTE 'LazyData' is specified without a 'data' directory Flavors: r-devel-linux-x86_64-debian-clang, r-devel-linux-x86_64-debian-gcc, r-devel-linux-x86_64-fedora-clang, r-devel-linux-x86_64-fedora-gcc, r-prerel-macos-arm64, r-prerel-windows-x86_64, r-patched-linux-x86_64, r-release-linux-x86_64, r-release-macos-arm64, r-release-macos-x86_64, r-release-windows-x86_64, r-oldrel-macos-arm64, r-oldrel-windows-x86_64