CRAN Package Check Results for Package condformat

Last updated on 2018-11-18 14:46:29 CET.

Flavor Version Tinstall Tcheck Ttotal Status Flags
r-devel-linux-x86_64-debian-clang 0.8.0 4.06 62.52 66.58 OK
r-devel-linux-x86_64-debian-gcc 0.8.0 2.94 49.51 52.45 OK
r-devel-linux-x86_64-fedora-clang 0.8.0 78.18 NOTE
r-devel-linux-x86_64-fedora-gcc 0.8.0 69.10 NOTE
r-devel-windows-ix86+x86_64 0.8.0 10.00 88.00 98.00 OK
r-patched-linux-x86_64 0.8.0 3.83 60.72 64.55 OK
r-patched-solaris-x86 0.8.0 105.90 NOTE
r-release-linux-x86_64 0.8.0 3.89 60.82 64.71 OK
r-release-windows-ix86+x86_64 0.8.0 9.00 110.00 119.00 OK
r-release-osx-x86_64 0.8.0 NOTE
r-oldrel-windows-ix86+x86_64 0.8.0 6.00 95.00 101.00 OK
r-oldrel-osx-x86_64 0.8.0 NOTE

Check Details

Version: 0.8.0
Check: dependencies in R code
Result: NOTE
    Namespace in Imports field not imported from: ‘graphics’
     All declared Imports should be used.
Flavors: r-devel-linux-x86_64-fedora-clang, r-devel-linux-x86_64-fedora-gcc, r-patched-solaris-x86, r-release-osx-x86_64, r-oldrel-osx-x86_64