CRAN Package Check Results for Package condformat

Last updated on 2019-02-21 01:50:38 CET.

Flavor Version Tinstall Tcheck Ttotal Status Flags
r-devel-linux-x86_64-debian-clang 0.8.0 4.48 63.47 67.95 OK
r-devel-linux-x86_64-debian-gcc 0.8.0 3.53 49.04 52.57 OK
r-devel-linux-x86_64-fedora-clang 0.8.0 72.62 NOTE
r-devel-linux-x86_64-fedora-gcc 0.8.0 78.60 NOTE
r-devel-windows-ix86+x86_64 0.8.0 14.00 126.00 140.00 OK
r-patched-linux-x86_64 0.8.0 OK
r-patched-solaris-x86 0.8.0 106.40 NOTE
r-release-linux-x86_64 0.8.0 OK
r-release-windows-ix86+x86_64 0.8.0 6.00 113.00 119.00 OK
r-release-osx-x86_64 0.8.0 NOTE
r-oldrel-windows-ix86+x86_64 0.8.0 5.00 98.00 103.00 OK
r-oldrel-osx-x86_64 0.8.0 NOTE

Check Details

Version: 0.8.0
Check: dependencies in R code
Result: NOTE
    Namespace in Imports field not imported from: ‘graphics’
     All declared Imports should be used.
Flavors: r-devel-linux-x86_64-fedora-clang, r-devel-linux-x86_64-fedora-gcc, r-patched-solaris-x86, r-release-osx-x86_64, r-oldrel-osx-x86_64