CRAN Package Check Results for Package condir

Last updated on 2018-11-18 21:47:17 CET.

Flavor Version Tinstall Tcheck Ttotal Status Flags
r-devel-linux-x86_64-debian-clang 0.1.1 1.77 30.40 32.17 OK
r-devel-linux-x86_64-debian-gcc 0.1.1 1.43 24.60 26.03 OK
r-devel-linux-x86_64-fedora-clang 0.1.1 38.32 OK
r-devel-linux-x86_64-fedora-gcc 0.1.1 36.59 OK
r-devel-windows-ix86+x86_64 0.1.1 6.00 46.00 52.00 OK
r-patched-linux-x86_64 0.1.1 1.68 28.69 30.37 NOTE
r-patched-solaris-x86 0.1.1 54.00 OK
r-release-linux-x86_64 0.1.1 1.79 28.07 29.86 NOTE
r-release-windows-ix86+x86_64 0.1.1 5.00 55.00 60.00 OK
r-release-osx-x86_64 0.1.1 OK
r-oldrel-windows-ix86+x86_64 0.1.1 3.00 50.00 53.00 OK
r-oldrel-osx-x86_64 0.1.1 OK

Check Details

Version: 0.1.1
Check: DESCRIPTION meta-information
Result: NOTE
    Dependence on R version ‘3.3.2’ not with patchlevel 0
Flavors: r-patched-linux-x86_64, r-release-linux-x86_64