CRAN Package Check Results for Package condir

Last updated on 2018-08-19 22:53:08 CEST.

Flavor Version Tinstall Tcheck Ttotal Status Flags
r-devel-linux-x86_64-debian-clang 0.1.1 1.64 32.71 34.35 OK
r-devel-linux-x86_64-debian-gcc 0.1.1 1.46 26.36 27.82 OK
r-devel-linux-x86_64-fedora-clang 0.1.1 40.15 OK
r-devel-linux-x86_64-fedora-gcc 0.1.1 38.16 OK
r-devel-windows-ix86+x86_64 0.1.1 5.00 58.00 63.00 OK
r-patched-linux-x86_64 0.1.1 1.50 29.09 30.59 NOTE
r-patched-solaris-x86 0.1.1 54.70 OK
r-release-linux-x86_64 0.1.1 1.05 28.69 29.74 NOTE
r-release-windows-ix86+x86_64 0.1.1 4.00 54.00 58.00 OK
r-release-osx-x86_64 0.1.1 OK
r-oldrel-windows-ix86+x86_64 0.1.1 3.00 51.00 54.00 OK
r-oldrel-osx-x86_64 0.1.1 OK

Check Details

Version: 0.1.1
Check: DESCRIPTION meta-information
Result: NOTE
    Dependence on R version ‘3.3.2’ not with patchlevel 0
Flavors: r-patched-linux-x86_64, r-release-linux-x86_64