CRAN Package Check Results for Package condir

Last updated on 2018-02-21 15:48:48 CET.

Flavor Version Tinstall Tcheck Ttotal Status Flags
r-devel-linux-x86_64-debian-clang 0.1.1 1.89 28.26 30.15 NOTE
r-devel-linux-x86_64-debian-gcc 0.1.1 0.82 22.43 23.25 NOTE
r-devel-linux-x86_64-fedora-clang 0.1.1 35.99 NOTE
r-devel-linux-x86_64-fedora-gcc 0.1.1 33.50 NOTE
r-devel-windows-ix86+x86_64 0.1.1 3.00 38.00 41.00 OK
r-patched-linux-x86_64 0.1.1 0.93 31.10 32.03 OK
r-patched-solaris-x86 0.1.1 52.40 OK
r-release-linux-x86_64 0.1.1 0.87 31.43 32.30 OK
r-release-windows-ix86+x86_64 0.1.1 6.00 54.00 60.00 OK
r-release-osx-x86_64 0.1.1 OK
r-oldrel-windows-ix86+x86_64 0.1.1 2.00 38.00 40.00 OK
r-oldrel-osx-x86_64 0.1.1 OK

Check Details

Version: 0.1.1
Check: DESCRIPTION meta-information
Result: NOTE
    Dependence on R version ‘3.3.2’ not with patchlevel 0
Flavors: r-devel-linux-x86_64-debian-clang, r-devel-linux-x86_64-debian-gcc, r-devel-linux-x86_64-fedora-clang, r-devel-linux-x86_64-fedora-gcc