CRAN Package Check Results for Package condir

Last updated on 2018-05-26 06:47:55 CEST.

Flavor Version Tinstall Tcheck Ttotal Status Flags
r-devel-linux-x86_64-debian-clang 0.1.1 1.72 31.40 33.12 OK
r-devel-linux-x86_64-debian-gcc 0.1.1 1.40 25.05 26.45 OK
r-devel-linux-x86_64-fedora-clang 0.1.1 38.84 OK
r-devel-linux-x86_64-fedora-gcc 0.1.1 38.24 OK
r-devel-windows-ix86+x86_64 0.1.1 4.00 38.00 42.00 OK
r-patched-linux-x86_64 0.1.1 1.18 28.23 29.41 NOTE
r-patched-solaris-x86 0.1.1 54.20 OK
r-release-linux-x86_64 0.1.1 1.40 28.70 30.10 NOTE
r-release-windows-ix86+x86_64 0.1.1 4.00 56.00 60.00 OK
r-release-osx-x86_64 0.1.1 OK
r-oldrel-windows-ix86+x86_64 0.1.1 5.00 37.00 42.00 OK
r-oldrel-osx-x86_64 0.1.1 OK

Check Details

Version: 0.1.1
Check: DESCRIPTION meta-information
Result: NOTE
    Dependence on R version ‘3.3.2’ not with patchlevel 0
Flavors: r-patched-linux-x86_64, r-release-linux-x86_64