CRAN Package Check Results for Package condusco

Last updated on 2018-08-21 10:50:19 CEST.

Flavor Version Tinstall Tcheck Ttotal Status Flags
r-devel-linux-x86_64-debian-clang 0.1.0 2.08 39.87 41.95 OK
r-devel-linux-x86_64-debian-gcc 0.1.0 2.00 31.39 33.39 OK
r-devel-linux-x86_64-fedora-clang 0.1.0 49.38 OK
r-devel-linux-x86_64-fedora-gcc 0.1.0 46.56 OK
r-devel-windows-ix86+x86_64 0.1.0 6.00 54.00 60.00 OK
r-patched-linux-x86_64 0.1.0 2.07 32.88 34.95 NOTE
r-patched-solaris-x86 0.1.0 3.60 ERROR
r-release-linux-x86_64 0.1.0 1.85 32.76 34.61 NOTE
r-release-windows-ix86+x86_64 0.1.0 6.00 53.00 59.00 OK
r-release-osx-x86_64 0.1.0 OK
r-oldrel-windows-ix86+x86_64 0.1.0 5.00 70.00 75.00 OK
r-oldrel-osx-x86_64 0.1.0 OK

Check Details

Version: 0.1.0
Check: DESCRIPTION meta-information
Result: NOTE
    Dependence on R version ‘3.3.2’ not with patchlevel 0
Flavors: r-patched-linux-x86_64, r-release-linux-x86_64

Version: 0.1.0
Check: package dependencies
Result: ERROR
    Package required but not available: ‘bigrquery’
    
    See section ‘The DESCRIPTION file’ in the ‘Writing R Extensions’
    manual.
Flavor: r-patched-solaris-x86