CRAN Package Check Results for Package condusco

Last updated on 2018-05-23 01:46:23 CEST.

Flavor Version Tinstall Tcheck Ttotal Status Flags
r-devel-linux-x86_64-debian-clang 0.1.0 2.29 36.99 39.28 OK
r-devel-linux-x86_64-debian-gcc 0.1.0 1.79 29.35 31.14 OK
r-devel-linux-x86_64-fedora-clang 0.1.0 46.69 OK
r-devel-linux-x86_64-fedora-gcc 0.1.0 44.99 OK
r-devel-windows-ix86+x86_64 0.1.0 5.00 74.00 79.00 OK
r-patched-linux-x86_64 0.1.0 1.43 32.70 34.13 NOTE
r-patched-solaris-x86 0.1.0 3.50 ERROR
r-release-linux-x86_64 0.1.0 1.57 32.44 34.01 NOTE
r-release-windows-ix86+x86_64 0.1.0 6.00 59.00 65.00 OK
r-release-osx-x86_64 0.1.0 OK
r-oldrel-windows-ix86+x86_64 0.1.0 8.00 70.00 78.00 OK
r-oldrel-osx-x86_64 0.1.0 OK

Check Details

Version: 0.1.0
Check: DESCRIPTION meta-information
Result: NOTE
    Dependence on R version ‘3.3.2’ not with patchlevel 0
Flavors: r-patched-linux-x86_64, r-release-linux-x86_64

Version: 0.1.0
Check: package dependencies
Result: ERROR
    Package required but not available: ‘bigrquery’
    
    See section ‘The DESCRIPTION file’ in the ‘Writing R Extensions’
    manual.
Flavor: r-patched-solaris-x86