CRAN Package Check Results for Package condusco

Last updated on 2018-11-17 13:47:23 CET.

Flavor Version Tinstall Tcheck Ttotal Status Flags
r-devel-linux-x86_64-debian-clang 0.1.0 2.19 35.58 37.77 OK
r-devel-linux-x86_64-debian-gcc 0.1.0 1.95 28.50 30.45 OK
r-devel-linux-x86_64-fedora-clang 0.1.0 50.53 OK
r-devel-linux-x86_64-fedora-gcc 0.1.0 42.40 OK
r-devel-windows-ix86+x86_64 0.1.0 6.00 86.00 92.00 OK
r-patched-linux-x86_64 0.1.0 1.68 33.13 34.81 NOTE
r-patched-solaris-x86 0.1.0 3.70 ERROR
r-release-linux-x86_64 0.1.0 2.18 33.33 35.51 NOTE
r-release-windows-ix86+x86_64 0.1.0 6.00 54.00 60.00 OK
r-release-osx-x86_64 0.1.0 OK
r-oldrel-windows-ix86+x86_64 0.1.0 8.00 76.00 84.00 OK
r-oldrel-osx-x86_64 0.1.0 OK

Check Details

Version: 0.1.0
Check: DESCRIPTION meta-information
Result: NOTE
    Dependence on R version ‘3.3.2’ not with patchlevel 0
Flavors: r-patched-linux-x86_64, r-release-linux-x86_64

Version: 0.1.0
Check: package dependencies
Result: ERROR
    Package required but not available: ‘bigrquery’
    
    See section ‘The DESCRIPTION file’ in the ‘Writing R Extensions’
    manual.
Flavor: r-patched-solaris-x86