CRAN Package Check Results for Package condusco

Last updated on 2019-02-17 21:47:28 CET.

Flavor Version Tinstall Tcheck Ttotal Status Flags
r-devel-linux-x86_64-debian-clang 0.1.0 2.46 39.88 42.34 OK
r-devel-linux-x86_64-debian-gcc 0.1.0 2.21 30.96 33.17 OK
r-devel-linux-x86_64-fedora-clang 0.1.0 51.72 OK
r-devel-linux-x86_64-fedora-gcc 0.1.0 46.70 OK
r-devel-windows-ix86+x86_64 0.1.0 8.00 55.00 63.00 OK
r-patched-linux-x86_64 0.1.0 2.24 34.54 36.78 NOTE
r-patched-solaris-x86 0.1.0 3.60 ERROR
r-release-linux-x86_64 0.1.0 NOTE
r-release-windows-ix86+x86_64 0.1.0 4.00 47.00 51.00 OK
r-release-osx-x86_64 0.1.0 OK
r-oldrel-windows-ix86+x86_64 0.1.0 9.00 66.00 75.00 OK
r-oldrel-osx-x86_64 0.1.0 OK

Check Details

Version: 0.1.0
Check: DESCRIPTION meta-information
Result: NOTE
    Dependence on R version ‘3.3.2’ not with patchlevel 0
Flavors: r-patched-linux-x86_64, r-release-linux-x86_64

Version: 0.1.0
Check: package dependencies
Result: ERROR
    Package required but not available: ‘bigrquery’
    
    See section ‘The DESCRIPTION file’ in the ‘Writing R Extensions’
    manual.
Flavor: r-patched-solaris-x86