CRAN Package Check Results for Package condusco

Last updated on 2018-02-23 13:47:27 CET.

Flavor Version Tinstall Tcheck Ttotal Status Flags
r-devel-linux-x86_64-debian-clang 0.1.0 1.43 27.87 29.30 NOTE
r-devel-linux-x86_64-debian-gcc 0.1.0 1.20 22.12 23.32 NOTE
r-devel-linux-x86_64-fedora-clang 0.1.0 34.23 NOTE
r-devel-linux-x86_64-fedora-gcc 0.1.0 33.05 NOTE
r-devel-windows-ix86+x86_64 0.1.0 4.00 51.00 55.00 OK
r-patched-linux-x86_64 0.1.0 1.59 32.87 34.46 OK
r-patched-solaris-x86 0.1.0 53.10 OK
r-release-linux-x86_64 0.1.0 1.52 32.25 33.77 OK
r-release-windows-ix86+x86_64 0.1.0 6.00 57.00 63.00 OK
r-release-osx-x86_64 0.1.0 OK
r-oldrel-windows-ix86+x86_64 0.1.0 3.00 39.00 42.00 OK
r-oldrel-osx-x86_64 0.1.0 OK

Check Details

Version: 0.1.0
Check: DESCRIPTION meta-information
Result: NOTE
    Dependence on R version ‘3.3.2’ not with patchlevel 0
Flavors: r-devel-linux-x86_64-debian-clang, r-devel-linux-x86_64-debian-gcc, r-devel-linux-x86_64-fedora-clang, r-devel-linux-x86_64-fedora-gcc