CRAN Package Check Results for Package confidence

Last updated on 2024-03-05 00:51:34 CET.

Flavor Version Tinstall Tcheck Ttotal Status Flags
r-devel-linux-x86_64-debian-clang 1.1-2 8.25 74.91 83.16 NOTE
r-devel-linux-x86_64-debian-gcc 1.1-2 6.59 57.31 63.90 NOTE
r-devel-linux-x86_64-fedora-clang 1.1-2 106.50 NOTE
r-devel-linux-x86_64-fedora-gcc 1.1-2 115.06 NOTE
r-devel-windows-x86_64 1.1-2 7.00 86.00 93.00 NOTE
r-patched-linux-x86_64 1.1-2 6.34 70.18 76.52 OK
r-release-linux-x86_64 1.1-2 5.35 68.70 74.05 OK
r-release-macos-arm64 1.1-2 42.00 OK
r-release-macos-x86_64 1.1-2 72.00 OK
r-release-windows-x86_64 1.1-2 9.00 95.00 104.00 OK
r-oldrel-macos-arm64 1.1-2 51.00 OK
r-oldrel-windows-x86_64 1.1-2 9.00 91.00 100.00 OK

Check Details

Version: 1.1-2
Check: Rd files
Result: NOTE checkRd: (-1) mya.Rd:18: Lost braces in \itemize; \value handles \item{}{} directly checkRd: (-1) mya.Rd:19: Lost braces in \itemize; \value handles \item{}{} directly checkRd: (-1) mya.Rd:20: Lost braces in \itemize; \value handles \item{}{} directly checkRd: (-1) mya.Rd:21: Lost braces in \itemize; \value handles \item{}{} directly checkRd: (-1) mya.Rd:22: Lost braces in \itemize; \value handles \item{}{} directly Flavors: r-devel-linux-x86_64-debian-clang, r-devel-linux-x86_64-debian-gcc, r-devel-linux-x86_64-fedora-clang, r-devel-linux-x86_64-fedora-gcc, r-devel-windows-x86_64