CRAN Package Check Results for Package confidence

Last updated on 2018-11-18 11:50:43 CET.

Flavor Version Tinstall Tcheck Ttotal Status Flags
r-devel-linux-x86_64-debian-clang 1.1-2 2.42 44.35 46.77 OK
r-devel-linux-x86_64-debian-gcc 1.1-2 2.19 35.65 37.84 OK
r-devel-linux-x86_64-fedora-clang 1.1-2 57.55 OK
r-devel-linux-x86_64-fedora-gcc 1.1-2 54.05 OK
r-devel-windows-ix86+x86_64 1.1-2 14.00 70.00 84.00 OK
r-patched-linux-x86_64 1.1-2 2.58 41.98 44.56 OK
r-patched-solaris-x86 1.1-2 88.40 OK
r-release-linux-x86_64 1.1-2 2.80 41.75 44.55 OK
r-release-windows-ix86+x86_64 1.1-2 12.00 66.00 78.00 OK
r-release-osx-x86_64 1.1-2 OK
r-oldrel-windows-ix86+x86_64 1.1-2 11.00 76.00 87.00 OK
r-oldrel-osx-x86_64 1.1-2 WARN

Check Details

Version: 1.1-2
Check: re-building of vignette outputs
Result: WARN
    Error in re-building vignettes:
     ...
    Warning: running command 'kpsewhich framed.sty' had status 1
    Warning in test_latex_pkg("framed", system.file("misc", "framed.sty", package = "knitr")) :
     unable to find LaTeX package 'framed'; will use a copy from knitr
    Loading required package: tcltk
    
    For more information on the usage of the Confidence tool, type:
    vignette("confidence")
    Examples of input files can be found in:
    '/Volumes/XT3/Builds/R-dev-web/QA/Simon/packages/el-capitan-x86_64/results/3.4/confidence.Rcheck/confidence/extdata'
    Error in texi2dvi(file = file, pdf = TRUE, clean = clean, quiet = quiet, :
     Running 'texi2dvi' on 'confidence.tex' failed.
    LaTeX errors:
    ! LaTeX Error: File `sectsty.sty' not found.
    
    Type X to quit or <RETURN> to proceed,
    or enter new name. (Default extension: sty)
    
    ! Emergency stop.
    <read *>
    
    l.74 \allsectionsfont
     {\sffamily}^^M
    ! ==> Fatal error occurred, no output PDF file produced!
    Calls: buildVignettes -> texi2pdf -> texi2dvi
    Execution halted
Flavor: r-oldrel-osx-x86_64