CRAN Package Check Results for Package configr

Last updated on 2018-02-19 13:47:36 CET.

Flavor Version Tinstall Tcheck Ttotal Status Flags
r-devel-linux-x86_64-debian-clang 0.3.2 1.59 34.20 35.79 OK
r-devel-linux-x86_64-debian-gcc 0.3.2 1.97 29.76 31.73 OK
r-devel-linux-x86_64-fedora-clang 0.3.2 45.66 OK
r-devel-linux-x86_64-fedora-gcc 0.3.2 43.31 OK
r-devel-windows-ix86+x86_64 0.3.2 5.00 57.00 62.00 OK
r-patched-linux-x86_64 0.3.2 1.57 42.15 43.72 OK
r-patched-solaris-x86 0.3.2 65.20 OK
r-release-linux-x86_64 0.3.2 1.43 41.99 43.42 OK
r-release-windows-ix86+x86_64 0.3.2 6.00 83.00 89.00 OK
r-release-osx-x86_64 0.3.2 OK
r-oldrel-windows-ix86+x86_64 0.3.2 7.00 70.00 77.00 OK
r-oldrel-osx-x86_64 0.3.2 ERROR

Check Details

Version: 0.3.2
Check: package dependencies
Result: ERROR
    Package required but not available: ‘RcppTOML’
    
    See section ‘The DESCRIPTION file’ in the ‘Writing R Extensions’
    manual.
Flavor: r-oldrel-osx-x86_64