CRAN Package Check Results for Package congressbr

Last updated on 2018-05-27 20:49:25 CEST.

Flavor Version Tinstall Tcheck Ttotal Status Flags
r-devel-linux-x86_64-debian-clang 0.1.2 20.11 98.47 118.58 OK
r-devel-linux-x86_64-debian-gcc 0.1.2 18.55 77.37 95.92 OK
r-devel-linux-x86_64-fedora-clang 0.1.2 147.53 NOTE
r-devel-linux-x86_64-fedora-gcc 0.1.2 142.86 NOTE
r-devel-windows-ix86+x86_64 0.1.2 29.00 171.00 200.00 OK
r-patched-linux-x86_64 0.1.2 19.19 91.44 110.63 OK
r-patched-solaris-x86 0.1.2 188.90 WARN
r-release-linux-x86_64 0.1.2 18.79 93.15 111.94 OK
r-release-windows-ix86+x86_64 0.1.2 39.00 199.00 238.00 OK
r-release-osx-x86_64 0.1.2 NOTE
r-oldrel-windows-ix86+x86_64 0.1.2 35.00 174.00 209.00 OK
r-oldrel-osx-x86_64 0.1.1 NOTE

Check Details

Version: 0.1.2
Check: data for non-ASCII characters
Result: NOTE
     Note: found 187 marked UTF-8 strings
Flavors: r-devel-linux-x86_64-fedora-clang, r-devel-linux-x86_64-fedora-gcc, r-patched-solaris-x86, r-release-osx-x86_64

Version: 0.1.2
Check: re-building of vignette outputs
Result: WARN
    Error in re-building vignettes:
     ...
    Warning in engine$weave(file, quiet = quiet, encoding = enc) :
     Pandoc (>= 1.12.3) and/or pandoc-citeproc not available. Falling back to R Markdown v1.
    Quitting from lines 31-32 (chamber.Rmd)
    Error: processing vignette 'chamber.Rmd' failed with diagnostics:
    HTTP error 500
    Execution halted
Flavor: r-patched-solaris-x86

Version: 0.1.1
Check: data for non-ASCII characters
Result: NOTE
     Note: found 1 marked UTF-8 string
Flavor: r-oldrel-osx-x86_64