CRAN Package Check Results for Package congressbr

Last updated on 2019-01-24 04:51:30 CET.

Flavor Version Tinstall Tcheck Ttotal Status Flags
r-devel-linux-x86_64-debian-clang 0.1.7 9.15 85.29 94.44 OK
r-devel-linux-x86_64-debian-gcc 0.1.7 7.09 65.95 73.04 OK
r-devel-linux-x86_64-fedora-clang 0.1.7 109.89 NOTE
r-devel-linux-x86_64-fedora-gcc 0.1.7 103.35 NOTE
r-devel-windows-ix86+x86_64 0.1.7 17.00 188.00 205.00 OK
r-patched-linux-x86_64 0.1.7 7.10 77.10 84.20 OK
r-patched-solaris-x86 0.1.7 128.00 WARN
r-release-linux-x86_64 0.1.7 6.52 78.06 84.58 OK
r-release-windows-ix86+x86_64 0.1.7 11.00 207.00 218.00 OK
r-release-osx-x86_64 0.1.7 NOTE
r-oldrel-windows-ix86+x86_64 0.1.7 17.00 174.00 191.00 OK
r-oldrel-osx-x86_64 0.1.5 NOTE

Check Details

Version: 0.1.7
Check: data for non-ASCII characters
Result: NOTE
     Note: found 1 marked UTF-8 string
Flavors: r-devel-linux-x86_64-fedora-clang, r-devel-linux-x86_64-fedora-gcc, r-patched-solaris-x86, r-release-osx-x86_64

Version: 0.1.7
Check: re-building of vignette outputs
Result: WARN
    Error in re-building vignettes:
     ...
    Warning in engine$weave(file, quiet = quiet, encoding = enc) :
     Pandoc (>= 1.12.3) and/or pandoc-citeproc not available. Falling back to R Markdown v1.
    Quitting from lines 70-71 (chamber.Rmd)
    Error: processing vignette 'chamber.Rmd' failed with diagnostics:
    Timeout was reached: Resolving timed out after 10000 milliseconds
    Execution halted
Flavor: r-patched-solaris-x86

Version: 0.1.5
Check: data for non-ASCII characters
Result: NOTE
     Note: found 1 marked UTF-8 string
Flavor: r-oldrel-osx-x86_64