CRAN Package Check Results for Package congressbr

Last updated on 2018-10-19 06:47:46 CEST.

Flavor Version Tinstall Tcheck Ttotal Status Flags
r-devel-linux-x86_64-debian-clang 0.1.3 18.15 95.88 114.03 ERROR
r-devel-linux-x86_64-debian-gcc 0.1.3 17.68 75.41 93.09 ERROR
r-devel-linux-x86_64-fedora-clang 0.1.3 145.11 ERROR
r-devel-linux-x86_64-fedora-gcc 0.1.3 140.33 ERROR
r-devel-windows-ix86+x86_64 0.1.3 37.00 185.00 222.00 ERROR
r-patched-linux-x86_64 0.1.3 20.56 87.35 107.91 ERROR
r-patched-solaris-x86 0.1.3 214.40 ERROR
r-release-linux-x86_64 0.1.3 21.62 88.66 110.28 ERROR
r-release-windows-ix86+x86_64 0.1.3 36.00 187.00 223.00 ERROR
r-release-osx-x86_64 0.1.3 NOTE
r-oldrel-windows-ix86+x86_64 0.1.3 27.00 173.00 200.00 ERROR
r-oldrel-osx-x86_64 0.1.3 NOTE

Check Details

Version: 0.1.3
Check: examples
Result: ERROR
    Running examples in ‘congressbr-Ex.R’ failed
    The error most likely occurred in:
    
    > base::assign(".ptime", proc.time(), pos = "CheckExEnv")
    > ### Name: sen_bills
    > ### Title: Downloads and tidies information on the legislation in the
    > ### Federal Senate
    > ### Aliases: sen_bills
    >
    > ### ** Examples
    >
    > pls_5_2010 <- sen_bills(type = "PLS", number = 5, year = 2010)
    Error: Column `bill_indexing` must be a 1d atomic vector or a list
    Execution halted
Flavors: r-devel-linux-x86_64-debian-clang, r-devel-linux-x86_64-debian-gcc, r-patched-linux-x86_64, r-release-linux-x86_64

Version: 0.1.3
Check: data for non-ASCII characters
Result: NOTE
     Note: found 187 marked UTF-8 strings
Flavors: r-devel-linux-x86_64-fedora-clang, r-devel-linux-x86_64-fedora-gcc, r-patched-solaris-x86, r-release-osx-x86_64, r-oldrel-osx-x86_64

Version: 0.1.3
Check: examples
Result: ERROR
    Running examples in ‘congressbr-Ex.R’ failed
    The error most likely occurred in:
    
    > ### Name: sen_bills
    > ### Title: Downloads and tidies information on the legislation in the
    > ### Federal Senate
    > ### Aliases: sen_bills
    >
    > ### ** Examples
    >
    > pls_5_2010 <- sen_bills(type = "PLS", number = 5, year = 2010)
    Error: Column `bill_indexing` must be a 1d atomic vector or a list
    Execution halted
Flavors: r-devel-linux-x86_64-fedora-clang, r-devel-linux-x86_64-fedora-gcc, r-devel-windows-ix86+x86_64, r-patched-solaris-x86, r-release-windows-ix86+x86_64, r-oldrel-windows-ix86+x86_64