CRAN Package Check Results for Package congressbr

Last updated on 2018-02-20 01:47:20 CET.

Flavor Version Tinstall Tcheck Ttotal Status Flags
r-devel-linux-x86_64-debian-clang 0.1.1 6.57 151.84 158.41 OK
r-devel-linux-x86_64-debian-gcc 0.1.1 4.02 145.12 149.14 OK
r-devel-linux-x86_64-fedora-clang 0.1.1 198.21 NOTE
r-devel-linux-x86_64-fedora-gcc 0.1.1 75.54 WARN
r-devel-windows-ix86+x86_64 0.1.1 10.00 228.00 238.00 OK
r-patched-linux-x86_64 0.1.1 3.77 181.80 185.57 OK
r-patched-solaris-x86 0.1.1 214.80 NOTE
r-release-linux-x86_64 0.1.1 4.38 179.17 183.55 OK
r-release-windows-ix86+x86_64 0.1.1 15.00 292.00 307.00 OK
r-release-osx-x86_64 0.1.1 NOTE
r-oldrel-windows-ix86+x86_64 0.1.1 13.00 277.00 290.00 OK
r-oldrel-osx-x86_64 0.1.1 NOTE

Check Details

Version: 0.1.1
Check: data for non-ASCII characters
Result: NOTE
     Note: found 1 marked UTF-8 string
Flavors: r-devel-linux-x86_64-fedora-clang, r-devel-linux-x86_64-fedora-gcc, r-patched-solaris-x86, r-release-osx-x86_64, r-oldrel-osx-x86_64

Version: 0.1.1
Check: re-building of vignette outputs
Result: WARN
    Error in re-building vignettes:
     ...
    Quitting from lines 31-32 (chamber.Rmd)
    Error: processing vignette 'chamber.Rmd' failed with diagnostics:
    HTTP error 500
    Execution halted
Flavor: r-devel-linux-x86_64-fedora-gcc