CRAN Package Check Results for Package conjoint

Last updated on 2020-02-20 21:47:24 CET.

Flavor Version Tinstall Tcheck Ttotal Status Flags
r-devel-linux-x86_64-debian-clang 1.41 9.82 123.16 132.98 NOTE
r-devel-linux-x86_64-debian-gcc 1.41 9.15 90.49 99.64 NOTE
r-devel-linux-x86_64-fedora-clang 1.41 154.88 NOTE
r-devel-linux-x86_64-fedora-gcc 1.41 159.99 NOTE
r-devel-windows-ix86+x86_64 1.41 27.00 137.00 164.00 OK
r-devel-windows-ix86+x86_64-gcc8 1.41 43.00 198.00 241.00 OK
r-patched-linux-x86_64 1.41 9.15 106.04 115.19 OK
r-patched-solaris-x86 1.41 192.50 OK
r-release-linux-x86_64 1.41 7.69 106.92 114.61 OK
r-release-windows-ix86+x86_64 1.41 21.00 130.00 151.00 OK
r-release-osx-x86_64 1.41 OK
r-oldrel-windows-ix86+x86_64 1.41 12.00 122.00 134.00 OK
r-oldrel-osx-x86_64 1.41 OK

Check Details

Version: 1.41
Check: for non-standard things in the check directory
Result: NOTE
    Found the following files/directories:
     'design_names.csv' 'design_numbers.csv'
     'encoded_orthogonal_factorial_design.csv'
     'orthogonal_factorial_design.csv'
Flavors: r-devel-linux-x86_64-debian-clang, r-devel-linux-x86_64-debian-gcc, r-devel-linux-x86_64-fedora-clang, r-devel-linux-x86_64-fedora-gcc