CRAN Package Check Results for Package conjoint

Last updated on 2019-09-18 05:46:55 CEST.

Flavor Version Tinstall Tcheck Ttotal Status Flags
r-devel-linux-x86_64-debian-clang 1.41 9.09 108.62 117.71 NOTE
r-devel-linux-x86_64-debian-gcc 1.41 7.75 81.36 89.11 NOTE
r-devel-linux-x86_64-fedora-clang 1.41 139.44 NOTE
r-devel-linux-x86_64-fedora-gcc 1.41 136.32 NOTE
r-devel-windows-ix86+x86_64 1.41 37.00 191.00 228.00 OK
r-patched-linux-x86_64 1.41 8.93 105.14 114.07 OK
r-patched-solaris-x86 1.41 186.50 OK
r-release-linux-x86_64 1.41 8.69 106.57 115.26 OK
r-release-windows-ix86+x86_64 1.41 23.00 130.00 153.00 OK
r-release-osx-x86_64 1.41 OK
r-oldrel-windows-ix86+x86_64 1.41 21.00 125.00 146.00 OK
r-oldrel-osx-x86_64 1.41 OK

Check Details

Version: 1.41
Check: for non-standard things in the check directory
Result: NOTE
    Found the following files/directories:
     'design_names.csv' 'design_numbers.csv'
     'encoded_orthogonal_factorial_design.csv'
     'orthogonal_factorial_design.csv'
Flavors: r-devel-linux-x86_64-debian-clang, r-devel-linux-x86_64-debian-gcc, r-devel-linux-x86_64-fedora-clang, r-devel-linux-x86_64-fedora-gcc