Last updated on 2023-12-07 04:01:48 CET.
Flavor | Version | Tinstall | Tcheck | Ttotal | Status | Flags |
---|---|---|---|---|---|---|
r-devel-linux-x86_64-debian-clang | 0.1.3.1 | 16.46 | 84.28 | 100.74 | NOTE | |
r-devel-linux-x86_64-debian-gcc | 0.1.3.1 | 13.80 | 61.80 | 75.60 | NOTE | |
r-devel-linux-x86_64-fedora-clang | 0.1.3.1 | 127.74 | OK | |||
r-devel-linux-x86_64-fedora-gcc | 0.1.3.1 | 143.67 | OK | |||
r-devel-windows-x86_64 | 0.1.3.1 | 15.00 | 92.00 | 107.00 | OK | |
r-patched-linux-x86_64 | 0.1.3.1 | 19.45 | 80.08 | 99.53 | OK | |
r-release-linux-x86_64 | 0.1.3.1 | 15.77 | 79.25 | 95.02 | OK | |
r-release-macos-arm64 | 0.1.3.1 | 48.00 | OK | |||
r-release-macos-x86_64 | 0.1.3.1 | 76.00 | OK | |||
r-release-windows-x86_64 | 0.1.3.1 | 21.00 | 103.00 | 124.00 | OK | |
r-oldrel-macos-arm64 | 0.1.3.1 | 41.00 | OK | |||
r-oldrel-macos-x86_64 | 0.1.3.1 | 57.00 | OK | |||
r-oldrel-windows-x86_64 | 0.1.3.1 | 21.00 | 91.00 | 112.00 | OK |
Version: 0.1.3.1
Check: Rd files
Result: NOTE
checkRd: (-1) get_audit_logs.Rd:31: Lost braces in \itemize; \value handles \item{}{} directly
checkRd: (-1) get_audit_logs.Rd:32: Lost braces in \itemize; \value handles \item{}{} directly
checkRd: (-1) get_audit_logs.Rd:33: Lost braces in \itemize; \value handles \item{}{} directly
checkRd: (-1) get_audit_logs.Rd:34: Lost braces in \itemize; \value handles \item{}{} directly
checkRd: (-1) get_audit_logs.Rd:35: Lost braces in \itemize; \value handles \item{}{} directly
checkRd: (-1) get_audit_logs.Rd:36: Lost braces in \itemize; \value handles \item{}{} directly
checkRd: (-1) get_content.Rd:25: Lost braces in \itemize; \value handles \item{}{} directly
checkRd: (-1) get_content.Rd:26-27: Lost braces in \itemize; \value handles \item{}{} directly
checkRd: (-1) get_content.Rd:28: Lost braces in \itemize; \value handles \item{}{} directly
checkRd: (-1) get_content.Rd:29: Lost braces in \itemize; \value handles \item{}{} directly
checkRd: (-1) get_content.Rd:30-36: Lost braces in \itemize; \value handles \item{}{} directly
checkRd: (-1) get_content.Rd:37-41: Lost braces in \itemize; \value handles \item{}{} directly
checkRd: (-1) get_content.Rd:42-46: Lost braces in \itemize; \value handles \item{}{} directly
checkRd: (-1) get_content.Rd:47-51: Lost braces in \itemize; \value handles \item{}{} directly
checkRd: (-1) get_content.Rd:52-55: Lost braces in \itemize; \value handles \item{}{} directly
checkRd: (-1) get_content.Rd:56-59: Lost braces in \itemize; \value handles \item{}{} directly
checkRd: (-1) get_content.Rd:60-63: Lost braces in \itemize; \value handles \item{}{} directly
checkRd: (-1) get_content.Rd:64-68: Lost braces in \itemize; \value handles \item{}{} directly
checkRd: (-1) get_content.Rd:69-71: Lost braces in \itemize; \value handles \item{}{} directly
checkRd: (-1) get_content.Rd:72-73: Lost braces in \itemize; \value handles \item{}{} directly
checkRd: (-1) get_content.Rd:74-75: Lost braces in \itemize; \value handles \item{}{} directly
checkRd: (-1) get_content.Rd:76-77: Lost braces in \itemize; \value handles \item{}{} directly
checkRd: (-1) get_content.Rd:78-82: Lost braces in \itemize; \value handles \item{}{} directly
checkRd: (-1) get_content.Rd:83-85: Lost braces in \itemize; \value handles \item{}{} directly
checkRd: (-1) get_content.Rd:86-89: Lost braces in \itemize; \value handles \item{}{} directly
checkRd: (-1) get_content.Rd:90-94: Lost braces in \itemize; \value handles \item{}{} directly
checkRd: (-1) get_content.Rd:95-99: Lost braces in \itemize; \value handles \item{}{} directly
checkRd: (-1) get_content.Rd:100-102: Lost braces in \itemize; \value handles \item{}{} directly
checkRd: (-1) get_content.Rd:103-105: Lost braces in \itemize; \value handles \item{}{} directly
checkRd: (-1) get_content.Rd:106: Lost braces in \itemize; \value handles \item{}{} directly
checkRd: (-1) get_content.Rd:107-108: Lost braces in \itemize; \value handles \item{}{} directly
checkRd: (-1) get_content.Rd:109-110: Lost braces in \itemize; \value handles \item{}{} directly
checkRd: (-1) get_content.Rd:111-116: Lost braces in \itemize; \value handles \item{}{} directly
checkRd: (-1) get_content.Rd:117: Lost braces in \itemize; \value handles \item{}{} directly
checkRd: (-1) get_content_old.Rd:21: Lost braces in \itemize; \value handles \item{}{} directly
checkRd: (-1) get_content_old.Rd:22: Lost braces in \itemize; \value handles \item{}{} directly
checkRd: (-1) get_content_old.Rd:23-29: Lost braces in \itemize; \value handles \item{}{} directly
checkRd: (-1) get_content_old.Rd:30-34: Lost braces in \itemize; \value handles \item{}{} directly
checkRd: (-1) get_content_old.Rd:35-39: Lost braces in \itemize; \value handles \item{}{} directly
checkRd: (-1) get_content_old.Rd:40-44: Lost braces in \itemize; \value handles \item{}{} directly
checkRd: (-1) get_content_old.Rd:45-48: Lost braces in \itemize; \value handles \item{}{} directly
checkRd: (-1) get_content_old.Rd:49-52: Lost braces in \itemize; \value handles \item{}{} directly
checkRd: (-1) get_content_old.Rd:53-56: Lost braces in \itemize; \value handles \item{}{} directly
checkRd: (-1) get_content_old.Rd:57-61: Lost braces in \itemize; \value handles \item{}{} directly
checkRd: (-1) get_content_old.Rd:62-64: Lost braces in \itemize; \value handles \item{}{} directly
checkRd: (-1) get_content_old.Rd:65-66: Lost braces in \itemize; \value handles \item{}{} directly
checkRd: (-1) get_content_old.Rd:67-68: Lost braces in \itemize; \value handles \item{}{} directly
checkRd: (-1) get_content_old.Rd:69-70: Lost braces in \itemize; \value handles \item{}{} directly
checkRd: (-1) get_content_old.Rd:71: Lost braces in \itemize; \value handles \item{}{} directly
checkRd: (-1) get_content_old.Rd:72-73: Lost braces in \itemize; \value handles \item{}{} directly
checkRd: (-1) get_content_old.Rd:74-76: Lost braces in \itemize; \value handles \item{}{} directly
checkRd: (-1) get_content_old.Rd:77-79: Lost braces in \itemize; \value handles \item{}{} directly
checkRd: (-1) get_content_old.Rd:80-83: Lost braces in \itemize; \value handles \item{}{} directly
checkRd: (-1) get_content_old.Rd:84-85: Lost braces in \itemize; \value handles \item{}{} directly
checkRd: (-1) get_content_old.Rd:86-87: Lost braces in \itemize; \value handles \item{}{} directly
checkRd: (-1) get_content_old.Rd:88-92: Lost braces in \itemize; \value handles \item{}{} directly
checkRd: (-1) get_content_old.Rd:93-97: Lost braces in \itemize; \value handles \item{}{} directly
checkRd: (-1) get_content_old.Rd:99-101: Lost braces in \itemize; \value handles \item{}{} directly
checkRd: (-1) get_content_old.Rd:102-104: Lost braces in \itemize; \value handles \item{}{} directly
checkRd: (-1) get_content_old.Rd:105: Lost braces in \itemize; \value handles \item{}{} directly
checkRd: (-1) get_content_old.Rd:106-111: Lost braces in \itemize; \value handles \item{}{} directly
checkRd: (-1) get_content_old.Rd:112-113: Lost braces in \itemize; \value handles \item{}{} directly
checkRd: (-1) get_content_old.Rd:114-115: Lost braces in \itemize; \value handles \item{}{} directly
checkRd: (-1) get_content_old.Rd:116-117: Lost braces in \itemize; \value handles \item{}{} directly
checkRd: (-1) get_content_old.Rd:118: Lost braces in \itemize; \value handles \item{}{} directly
checkRd: (-1) get_content_old.Rd:119: Lost braces in \itemize; \value handles \item{}{} directly
checkRd: (-1) get_content_old.Rd:120: Lost braces in \itemize; \value handles \item{}{} directly
checkRd: (-1) get_content_old.Rd:121: Lost braces in \itemize; \value handles \item{}{} directly
checkRd: (-1) get_content_old.Rd:122: Lost braces in \itemize; \value handles \item{}{} directly
checkRd: (-1) get_group_members.Rd:17: Lost braces in \itemize; \value handles \item{}{} directly
checkRd: (-1) get_group_members.Rd:18: Lost braces in \itemize; \value handles \item{}{} directly
checkRd: (-1) get_group_members.Rd:19: Lost braces in \itemize; \value handles \item{}{} directly
checkRd: (-1) get_group_members.Rd:20: Lost braces in \itemize; \value handles \item{}{} directly
checkRd: (-1) get_group_members.Rd:21-22: Lost braces in \itemize; \value handles \item{}{} directly
checkRd: (-1) get_group_members.Rd:23-24: Lost braces in \itemize; \value handles \item{}{} directly
checkRd: (-1) get_group_members.Rd:25-26: Lost braces in \itemize; \value handles \item{}{} directly
checkRd: (-1) get_group_members.Rd:27-28: Lost braces in \itemize; \value handles \item{}{} directly
checkRd: (-1) get_group_members.Rd:29-31: Lost braces in \itemize; \value handles \item{}{} directly
checkRd: (-1) get_group_members.Rd:32: Lost braces in \itemize; \value handles \item{}{} directly
checkRd: (-1) get_group_members.Rd:33: Lost braces in \itemize; \value handles \item{}{} directly
checkRd: (-1) get_groups.Rd:22: Lost braces in \itemize; \value handles \item{}{} directly
checkRd: (-1) get_groups.Rd:23: Lost braces in \itemize; \value handles \item{}{} directly
checkRd: (-1) get_groups.Rd:24-26: Lost braces in \itemize; \value handles \item{}{} directly
checkRd: (-1) get_procs.Rd:15: Lost braces in \itemize; \value handles \item{}{} directly
checkRd: (-1) get_procs.Rd:16: Lost braces in \itemize; \value handles \item{}{} directly
checkRd: (-1) get_procs.Rd:17: Lost braces in \itemize; \value handles \item{}{} directly
checkRd: (-1) get_procs.Rd:18: Lost braces in \itemize; \value handles \item{}{} directly
checkRd: (-1) get_procs.Rd:19: Lost braces in \itemize; \value handles \item{}{} directly
checkRd: (-1) get_procs.Rd:20: Lost braces in \itemize; \value handles \item{}{} directly
checkRd: (-1) get_procs.Rd:21: Lost braces in \itemize; \value handles \item{}{} directly
checkRd: (-1) get_procs.Rd:22: Lost braces in \itemize; \value handles \item{}{} directly
checkRd: (-1) get_procs.Rd:23: Lost braces in \itemize; \value handles \item{}{} directly
checkRd: (-1) get_procs.Rd:24: Lost braces in \itemize; \value handles \item{}{} directly
checkRd: (-1) get_usage_shiny.Rd:57-58: Lost braces in \itemize; \value handles \item{}{} directly
checkRd: (-1) get_usage_shiny.Rd:59-60: Lost braces in \itemize; \value handles \item{}{} directly
checkRd: (-1) get_usage_shiny.Rd:61-62: Lost braces in \itemize; \value handles \item{}{} directly
checkRd: (-1) get_usage_shiny.Rd:63-64: Lost braces in \itemize; \value handles \item{}{} directly
checkRd: (-1) get_usage_shiny.Rd:65-67: Lost braces in \itemize; \value handles \item{}{} directly
checkRd: (-1) get_usage_static.Rd:57-58: Lost braces in \itemize; \value handles \item{}{} directly
checkRd: (-1) get_usage_static.Rd:59-60: Lost braces in \itemize; \value handles \item{}{} directly
checkRd: (-1) get_usage_static.Rd:61-62: Lost braces in \itemize; \value handles \item{}{} directly
checkRd: (-1) get_usage_static.Rd:63-64: Lost braces in \itemize; \value handles \item{}{} directly
checkRd: (-1) get_usage_static.Rd:65-66: Lost braces in \itemize; \value handles \item{}{} directly
checkRd: (-1) get_usage_static.Rd:67: Lost braces in \itemize; \value handles \item{}{} directly
checkRd: (-1) get_usage_static.Rd:68-71: Lost braces in \itemize; \value handles \item{}{} directly
checkRd: (-1) get_users.Rd:22: Lost braces in \itemize; \value handles \item{}{} directly
checkRd: (-1) get_users.Rd:23: Lost braces in \itemize; \value handles \item{}{} directly
checkRd: (-1) get_users.Rd:24: Lost braces in \itemize; \value handles \item{}{} directly
checkRd: (-1) get_users.Rd:25: Lost braces in \itemize; \value handles \item{}{} directly
checkRd: (-1) get_users.Rd:26-27: Lost braces in \itemize; \value handles \item{}{} directly
checkRd: (-1) get_users.Rd:28-29: Lost braces in \itemize; \value handles \item{}{} directly
checkRd: (-1) get_users.Rd:30-31: Lost braces in \itemize; \value handles \item{}{} directly
checkRd: (-1) get_users.Rd:32-33: Lost braces in \itemize; \value handles \item{}{} directly
checkRd: (-1) get_users.Rd:34-36: Lost braces in \itemize; \value handles \item{}{} directly
checkRd: (-1) get_users.Rd:37: Lost braces in \itemize; \value handles \item{}{} directly
checkRd: (-1) get_users.Rd:38: Lost braces in \itemize; \value handles \item{}{} directly
Flavors: r-devel-linux-x86_64-debian-clang, r-devel-linux-x86_64-debian-gcc