CRAN Package Check Results for Package connectwidgets

Last updated on 2022-05-18 17:49:52 CEST.

Flavor Version Tinstall Tcheck Ttotal Status Flags
r-devel-linux-x86_64-debian-clang 0.1.1 5.31 55.37 60.68 OK
r-devel-linux-x86_64-debian-gcc 0.1.1 3.34 42.25 45.59 OK
r-devel-linux-x86_64-fedora-clang 0.1.1 71.52 NOTE
r-devel-linux-x86_64-fedora-gcc 0.1.1 70.73 NOTE
r-devel-windows-x86_64 0.1.1 105.00 79.00 184.00 OK
r-patched-linux-x86_64 0.1.1 5.56 53.07 58.63 OK
r-release-linux-x86_64 0.1.1 4.55 51.94 56.49 OK
r-release-macos-arm64 0.1.1 26.00 NOTE
r-release-macos-x86_64 0.1.1 45.00 NOTE
r-release-windows-x86_64 0.1.1 129.00 78.00 207.00 OK
r-oldrel-macos-arm64 0.1.1 28.00 NOTE
r-oldrel-macos-x86_64 0.1.1 74.00 NOTE
r-oldrel-windows-ix86+x86_64 0.1.1 12.00 62.00 74.00 OK

Check Details

Version: 0.1.1
Check: dependencies in R code
Result: NOTE
    Namespaces in Imports field not imported from:
     ‘R6’ ‘httr’ ‘jsonlite’
     All declared Imports should be used.
Flavors: r-devel-linux-x86_64-fedora-clang, r-devel-linux-x86_64-fedora-gcc, r-release-macos-arm64, r-release-macos-x86_64, r-oldrel-macos-arm64, r-oldrel-macos-x86_64