CRAN Package Check Results for Package conquestr

Last updated on 2020-05-29 17:49:01 CEST.

Flavor Version Tinstall Tcheck Ttotal Status Flags
r-devel-linux-x86_64-debian-clang 0.5.1 19.32 35.72 55.04 OK
r-devel-linux-x86_64-debian-gcc 0.5.1 14.80 27.77 42.57 OK
r-devel-linux-x86_64-fedora-clang 0.5.1 72.42 NOTE
r-devel-linux-x86_64-fedora-gcc 0.5.1 67.44 NOTE
r-devel-windows-ix86+x86_64 0.5.1 57.00 94.00 151.00 OK
r-patched-linux-x86_64 0.5.1 15.95 35.65 51.60 OK
r-patched-solaris-x86 0.5.1 84.00 NOTE
r-release-linux-x86_64 0.5.1 15.52 36.02 51.54 OK
r-release-osx-x86_64 0.5.1 NOTE
r-release-windows-ix86+x86_64 0.5.1 42.00 93.00 135.00 OK
r-oldrel-osx-x86_64 0.5.1 NOTE
r-oldrel-windows-ix86+x86_64 0.5.1 51.00 72.00 123.00 OK

Check Details

Version: 0.5.1
Check: dependencies in R code
Result: NOTE
    Namespace in Imports field not imported from: ‘reshape’
     All declared Imports should be used.
Flavors: r-devel-linux-x86_64-fedora-clang, r-devel-linux-x86_64-fedora-gcc, r-patched-solaris-x86, r-release-osx-x86_64, r-oldrel-osx-x86_64