CRAN Package Check Results for Package contentid

Last updated on 2021-05-10 20:48:35 CEST.

Flavor Version Tinstall Tcheck Ttotal Status Flags
r-devel-linux-x86_64-debian-clang 0.0.10 3.38 36.86 40.24 OK
r-devel-linux-x86_64-debian-gcc 0.0.10 2.82 29.11 31.93 OK
r-devel-linux-x86_64-fedora-clang 0.0.10 59.43 OK
r-devel-linux-x86_64-fedora-gcc 0.0.10 47.72 OK
r-devel-windows-ix86+x86_64 0.0.10 7.00 62.00 69.00 OK
r-devel-windows-x86_64-gcc10-UCRT 0.0.10 OK
r-patched-linux-x86_64 0.0.10 3.61 36.54 40.15 OK
r-patched-solaris-x86 0.0.10 70.40 OK
r-release-linux-x86_64 0.0.10 3.14 35.89 39.03 OK
r-release-macos-x86_64 0.0.10 OK
r-release-windows-ix86+x86_64 0.0.10 5.00 44.00 49.00 OK
r-oldrel-macos-x86_64 0.0.10 ERROR
r-oldrel-windows-ix86+x86_64 0.0.8 7.00 44.00 51.00 OK

Check Details

Version: 0.0.10
Check: whether package can be installed
Result: ERROR
    Installation failed.
Flavor: r-oldrel-macos-x86_64